000
CXUS55 KGJT 040926 CCA
CLMGJT
CLIMATE REPORT - COR
NATIONAL WEATHER SERVICE GRAND JUNCTION CO
126 AM MST SAT MAR 02 2024
...................................
CORRECTED TO INCLUDE THE MISSING 2023 GREATEST 24 HOUR SNOWFALL TOTAL
...................................
...THE GRAND JUNCTION CO CLIMATE SUMMARY FOR THE MONTH OF FEBRUARY 2024...
CLIMATE NORMAL PERIOD 1991 TO 2020
CLIMATE RECORD PERIOD 1893 TO 2024
WEATHER OBSERVED NORMAL DEPART LAST YEAR`S
VALUE DATE(S) VALUE FROM VALUE DATE(S)
NORMAL
................................................................
TEMPERATURE (F)
RECORD
HIGH 70 02/24/1904
LOW -21 02/08/1933
HIGHEST 66 02/26 50 16 53 02/12
LOWEST 17 02/29 19 -2 1 02/16
AVG. MAXIMUM 53.2 46.4 6.8 41.7
AVG. MINIMUM 28.9 24.1 4.8 21.3
MEAN 41.0 35.3 5.7 31.5
DAYS MAX >= 90 0 0.0 0.0 0
DAYS MAX <= 32 0 1.6 -1.6 3
DAYS MIN <= 32 20 24.3 -4.3 28
DAYS MIN <= 0 0 0.3 -0.3 0
PRECIPITATION (INCHES)
RECORD
MAXIMUM 1.77 1893
MINIMUM T 1898
TOTALS 0.43 0.53 -0.10 0.63
DAILY AVG. 0.01 0.02 -0.01 0.02
DAYS >= .01 5 6.2 -1.2 6
DAYS >= .10 2 1.9 0.1 2
DAYS >= .50 0 0.0 0.0 0
DAYS >= 1.00 0 0.0 0.0 0
GREATEST
24 HR. TOTAL 0.21 02/02 TO 02/02 0.37
SNOWFALL (INCHES)
RECORDS
TOTAL 18.7 1893
TOTALS 1.4 2.9 -1.5 6.9
SINCE 7/1 10.2 14.9 -4.7 21.9
SNOWDEPTH AVG. 0 0
DAYS >= 1.0 1 1.1 -0.1 2
GREATEST
SNOW DEPTH 1 02/09 4 02/16
24 HR TOTAL 1.4 02/09 TO 02/09 0.5
DEGREE DAYS
HEATING TOTAL 688 833 -145 930
SINCE 7/1 3570 4364 -794 4159
COOLING TOTAL 0 0 0 0
SINCE 1/1 0 0 0 0
................................................................
WIND (MPH)
AVERAGE WIND SPEED 7.2
HIGHEST WIND SPEED/DIRECTION 40/260 DATE 02/27
HIGHEST GUST SPEED/DIRECTION 54/260 DATE 02/27
SKY COVER
POSSIBLE SUNSHINE (PERCENT) MM
AVERAGE SKY COVER 0.37
NUMBER OF DAYS FAIR 15
NUMBER OF DAYS PC 9
NUMBER OF DAYS CLOUDY 5
AVERAGE RH (PERCENT) 51
WEATHER CONDITIONS. NUMBER OF DAYS WITH
THUNDERSTORM 0 MIXED PRECIP 0
HEAVY RAIN 0 RAIN 1
LIGHT RAIN 6 FREEZING RAIN 0
LT FREEZING RAIN 0 HAIL 1
HEAVY SNOW 0 SNOW 1
LIGHT SNOW 3 SLEET 0
FOG 2 FOG W/VIS <= 1/4 MILE 0
HAZE 4
- INDICATES NEGATIVE NUMBERS.
R INDICATES RECORD WAS SET OR TIED.
MM INDICATES DATA IS MISSING.
T INDICATES TRACE AMOUNT.
$$