000
CXUS54 KFWD 072138
CF6GKY
PRELIMINARY LOCAL CLIMATOLOGICAL DATA (WS FORM: F-6)
STATION: ARLINGTON
MONTH: APRIL
YEAR: 2022
LATITUDE: 32 39 N
LONGITUDE: 97 6 W
TEMPERATURE IN F: :PCPN: SNOW: WIND :SUNSHINE: SKY :PK WND
================================================================================
1 2 3 4 5 6A 6B 7 8 9 10 11 12 13 14 15 16 17 18
12Z AVG MX 2MIN
DY MAX MIN AVG DEP HDD CDD WTR SNW DPTH SPD SPD DIR MIN PSBL S-S WX SPD DR
================================================================================
1 76 40 58 -5 7 0 0.05 M M 8.9 29 300 M M 0 38 300
2 78 50 64 1 1 0 0.04 M M 6.4 18 350 M M 0 1 23 340
3 85 49 67 3 0 2 0.00 M M 10.9 23 150 M M 0 33 130
4 81 59 70 6 0 5 1.27 M M 10.9 24 350 M M 7 13 32 360
5 95 55 75 11 0 10 0.01 M M 8.4 18 230 M M 2 12 32 220
6 76 54 65 1 0 0 0.00 M M 18.0 43 340 M M 0 58 340
7 71 47 59 -5 6 0 0.00 M M 14.8 36 310 M M 4 49 310
8 69 42 56 -8 9 0 0.00 M M 12.2 31 310 M M 2 39 330
9 88 35 62 -3 3 0 0.00 M M 10.8 23 160 M M 0 35 160
10 83 62 73 8 0 8 0.00 M M 19.7 36 140 M M 1 49 150
11 88 71 80 15 0 15 T M M 15.3 24 140 M M 4 3 39 160
12 84 64 74 9 0 9 0.17 M M 15.7 26 150 M M 6 13 43 230
13 81 60 71 6 0 6 0.07 M M 16.0 29 160 M M 3 13 41 170
14 77 50 64 -2 1 0 0.00 M M 8.8 18 110 M M 1 26 100
15 84 57 71 5 0 6 0.00 M M 13.3 22 140 M M 3 32 170
16 84 59 72 6 0 7 T M M 11.0 20 320 M M 6 18 31 330
17 80 58 69 3 0 4 0.00 M M 7.9 18 320 M M 6 25 300
18 75 53 64 -2 1 0 0.00 M M 10.2 17 30 M M 2 23 360
19 76 52 64 -2 1 0 T M M 14.3 28 150 M M 3 41 160
20 89 66 78 11 0 13 T M M 18.0 26 160 M M 6 1 42 190
21 85 73 79 12 0 14 0.00 M M 15.0 25 130 M M 8 35 130
22 87 71 79 12 0 14 0.00 M M 18.5 29 150 M M 6 43 120
23 85 70 78 11 0 13 0.00 M M 18.2 28 150 M M 9 41 140
24 84 60 72 4 0 7 0.49 M M 15.0 29 150 M M 9 1 40 160
25 69 56 63 -5 2 0 1.28 M M 12.0 23 340 M M 6 13 30 10
26 75 46 61 -7 4 0 0.00 M M 6.6 15 40 M M 0 22 70
27 79 49 64 -4 1 0 0.00 M M 8.4 17 130 M M 4 25 140
28 83 64 74 6 0 9 0.00 M M 14.0 23 150 M M 5 32 160
29 82 70 76 7 0 11 0.00 M M 16.3 26 160 M M 7 39 150
30 84 56 70 1 0 5 0.00 M M 10.1 22 350 M M 3 33 160
================================================================================
SM 2433 1698 36 158 3.38 M 385.6 M 113
================================================================================
AV 81.1 56.6 12.9 FASTST M M 4 MAX(MPH)
MISC ----> 43 340 58 340
================================================================================
NOTES:
# LAST OF SEVERAL OCCURRENCES
COLUMN 17 PEAK WIND IN M.P.H.
PRELIMINARY LOCAL CLIMATOLOGICAL DATA (WS FORM: F-6) , PAGE 2
STATION: ARLINGTON
MONTH: APRIL
YEAR: 2022
LATITUDE: 32 39 N
LONGITUDE: 97 6 W
[TEMPERATURE DATA] [PRECIPITATION DATA] SYMBOLS USED IN COLUMN 16
AVERAGE MONTHLY: 68.9 TOTAL FOR MONTH: 3.38 1 = FOG OR MIST
DPTR FM NORMAL: 2.9 DPTR FM NORMAL: 0.25 2 = FOG REDUCING VISIBILITY
HIGHEST: 95 ON 5 GRTST 24HR 1.77 ON 24-25 TO 1/4 MILE OR LESS
LOWEST: 35 ON 9 3 = THUNDER
SNOW, ICE PELLETS, HAIL 4 = ICE PELLETS
TOTAL MONTH: M 5 = HAIL
GRTST 24HR M ON M 6 = FREEZING RAIN OR DRIZZLE
GRTST DEPTH: M ON M 7 = DUSTSTORM OR SANDSTORM:
VSBY 1/2 MILE OR LESS
8 = SMOKE OR HAZE
[NO. OF DAYS WITH] [WEATHER - DAYS WITH] 9 = BLOWING SNOW
X = TORNADO
MAX 32 OR BELOW: 0 0.01 INCH OR MORE: 8
MAX 90 OR ABOVE: 1 0.10 INCH OR MORE: 4
MIN 32 OR BELOW: 0 0.50 INCH OR MORE: 2
MIN 0 OR BELOW: 0 1.00 INCH OR MORE: 2
[HDD (BASE 65) ]
TOTAL THIS MO. 36 CLEAR (SCALE 0-3) 12
DPTR FM NORMAL -43 PTCLDY (SCALE 4-7) 15
TOTAL FM JUL 1 1863 CLOUDY (SCALE 8-10) 3
DPTR FM NORMAL -254
[CDD (BASE 65) ]
TOTAL THIS MO. 158
DPTR FM NORMAL 50 [PRESSURE DATA]
TOTAL FM JAN 1 198 HIGHEST SLP 30.39 ON 26
DPTR FM NORMAL 36 LOWEST SLP 29.39 ON 6
[REMARKS]
#FINAL-04-22#