544
CXUS54 KFWD 010141
CF6GKY
PRELIMINARY LOCAL CLIMATOLOGICAL DATA (WS FORM: F-6)
STATION: ARLINGTON
MONTH: DECEMBER
YEAR: 2020
LATITUDE: 32 39 N
LONGITUDE: 97 6 W
TEMPERATURE IN F: :PCPN: SNOW: WIND :SUNSHINE: SKY :PK WND
================================================================================
1 2 3 4 5 6A 6B 7 8 9 10 11 12 13 14 15 16 17 18
12Z AVG MX 2MIN
DY MAX MIN AVG DEP HDD CDD WTR SNW DPTH SPD SPD DIR MIN PSBL S-S WX SPD DR
================================================================================
1 60 26 43 -8 22 0 0.00 M M 11.0 24 150 M M 0 35 170
2 59 43 51 1 14 0 0.00 M M 9.1 17 290 M M 3 25 290
3 49 38 44 -6 21 0 0.00 M M 8.7 17 310 M M 6 25 290
4 60 32 46 -4 19 0 0.00 M M 3.7 14 310 M M 1 18 18 310
5 67 28 48 -2 17 0 0.00 M M 2.8 9 290 M M 3 12 190
6 64 47 56 7 9 0 T M M 9.2 20 350 M M 4 25 330
7 67 38 53 4 12 0 0.00 M M 4.7 13 310 M M 0 18 280
8 75 34 55 6 10 0 0.00 M M 2.6 12 310 M M 0 16 350
9 83 32 58 10 7 0 0.00 M M 3.2 10 190 M M 0 17 200
10 80 38 59 11 6 0 0.00 M M 9.7 23 160 M M 0 8 34 150
11 73 46 60 12 5 0 0.13 M M 8.1 17 320 M M 5 1 27 140
12 58 41 50 2 15 0 0.00 M M 6.5 15 310 M M 0 18 340
13 47 39 43 -5 22 0 0.89 M M 13.1 26 330 M M 10 13 36 330
14 53 32 43 -4 22 0 0.00 M M 6.7 16 310 M M 4 22 300
15 47 32 40 -7 25 0 0.02 M M 6.8 20 300 M M 8 18 28 280
16 48 30 39 -8 26 0 0.02 M M 8.1 18 330 M M 5 18 23 330
17 65 28 47 0 18 0 0.00 M M 4.7 12 160 M M 0 18 17 200
18 64 38 51 4 14 0 0.00 M M 11.0 23 170 M M 5 36 200
19 62 36 49 3 16 0 0.00 M M 5.7 17 280 M M 7 1 23 280
20 68 32 50 4 15 0 0.00 M M 2.7 14 330 M M 0 1 19 330
21 75 32 54 8 11 0 0.00 M M 3.0 13 210 M M 0 18 210
22 73 40 57 11 8 0 0.00 M M 10.2 22 160 M M 1 1 32 180
23 75 39 57 11 8 0 0.00 M M 17.5 38 330 M M 1 55 330
24 57 32 45 -1 20 0 0.00 M M 10.2 26 330 M M 0 36 340
25 64 28 46 0 19 0 0.00 M M 3.8 12 140 M M 0 15 150
26 73 34 54 8 11 0 0.00 M M 9.5 22 170 M M 0 35 170
27 78 43 61 15 4 0 0.00 M M 9.6 21 200 M M 0 8 34 180
28 64 44 54 8 11 0 T M M 9.5 15 100 M M 5 23 130
29 72 59 66 20 0 1 0.03 M M 13.7 24 140 M M 9 1 34 130
30 64 41 53 7 12 0 0.30 M M 14.4 29 350 M M 10 1 37 340
31 42 38 40 -6 25 0 1.33 M M 13.5 32 360 M M 10 13 43 350
================================================================================
SM 1986 1140 444 1 2.72 M 253.0 M 97
================================================================================
AV 64.1 36.8 8.2 FASTST M M 3 MAX(MPH)
MISC ----> 38 330 55 330
================================================================================
NOTES:
# LAST OF SEVERAL OCCURRENCES
COLUMN 17 PEAK WIND IN M.P.H.
PRELIMINARY LOCAL CLIMATOLOGICAL DATA (WS FORM: F-6) , PAGE 2
STATION: ARLINGTON
MONTH: DECEMBER
YEAR: 2020
LATITUDE: 32 39 N
LONGITUDE: 97 6 W
[TEMPERATURE DATA] [PRECIPITATION DATA] SYMBOLS USED IN COLUMN 16
AVERAGE MONTHLY: 50.4 TOTAL FOR MONTH: 2.72 1 = FOG OR MIST
DPTR FM NORMAL: 3.0 DPTR FM NORMAL: -0.04 2 = FOG REDUCING VISIBILITY
HIGHEST: 83 ON 9 GRTST 24HR 1.33 ON 31-31 TO 1/4 MILE OR LESS
LOWEST: 26 ON 1 3 = THUNDER
SNOW, ICE PELLETS, HAIL 4 = ICE PELLETS
TOTAL MONTH: M 5 = HAIL
GRTST 24HR M ON M 6 = FREEZING RAIN OR DRIZZLE
GRTST DEPTH: M ON M 7 = DUSTSTORM OR SANDSTORM:
VSBY 1/2 MILE OR LESS
8 = SMOKE OR HAZE
[NO. OF DAYS WITH] [WEATHER - DAYS WITH] 9 = BLOWING SNOW
X = TORNADO
MAX 32 OR BELOW: 0 0.01 INCH OR MORE: 7
MAX 90 OR ABOVE: 0 0.10 INCH OR MORE: 4
MIN 32 OR BELOW: 12 0.50 INCH OR MORE: 2
MIN 0 OR BELOW: 0 1.00 INCH OR MORE: 1
[HDD (BASE 65) ]
TOTAL THIS MO. 444 CLEAR (SCALE 0-3) 18
DPTR FM NORMAL -106 PTCLDY (SCALE 4-7) 8
TOTAL FM JUL 1 715 CLOUDY (SCALE 8-10) 5
DPTR FM NORMAL -186
[CDD (BASE 65) ]
TOTAL THIS MO. 1
DPTR FM NORMAL -3 [PRESSURE DATA]
TOTAL FM JAN 1 3097 HIGHEST SLP 30.38 ON 24
DPTR FM NORMAL 480 LOWEST SLP 29.53 ON 31
[REMARKS]
#FINAL-12-20#