463
CXUS53 KGLD 010800
CF6GLD
PRELIMINARY LOCAL CLIMATOLOGICAL DATA (WS FORM: F-6)
STATION: GOODLAND KS
MONTH: JUNE
YEAR: 2020
LATITUDE: 39 22 N
LONGITUDE: 101 42 W
TEMPERATURE IN F: :PCPN: SNOW: WIND :SUNSHINE: SKY :PK WND
================================================================================
1 2 3 4 5 6A 6B 7 8 9 10 11 12 13 14 15 16 17 18
12Z AVG MX 2MIN
DY MAX MIN AVG DEP HDD CDD WTR SNW DPTH SPD SPD DIR MIN PSBL S-S WX SPD DR
================================================================================
1 96 63 80 15 0 15 0.00 0.0 0 15.6 30 170 M M 0 3 40 160
2 96 57 77 12 0 12 T 0.0 0 10.4 32 330 M M 2 3 44 20
3 90 54 72 6 0 7 0.02 0.0 0 6.8 28 20 M M 1 39 20
4 99 59 79 13 0 14 T 0.0 0 9.1 39 320 M M 0 8 55 320
5 100 66 83 17 0 18 0.00 0.0 0 13.4 24 170 M M 0 34 170
6 98 69 84 17 0 19 0.00 0.0 0 25.3 43 160 M M 0 8 59 150
7 97 71 84 17 0 19 0.00 0.0 0 32.9 46 160 M M 0 64 160
8 91 58 75 8 0 10 0.00 0.0 0 16.2 39 320 M M 0 52 320
9 57 46 52 -16 13 0 0.90 0.0 0 26.3 48 330 M M 7 18 65 330
10 78 44 61 -7 4 0 0.00 0.0 0 12.6 21 340 M M 0 29 310
11 88 58 73 5 0 8 0.00 0.0 0 9.8 24 180 M M 0 8 33 180
12 89 52 71 2 0 6 0.00 0.0 0 10.5 21 100 M M 0 31 130
13 98 53 76 7 0 11 0.00 0.0 0 12.3 29 200 M M 0 44 190
14 96 64 80 11 0 15 T 0.0 0 23.9 39 190 M M 0 8 62 190
15 99 66 83 13 0 18 0.00 0.0 0 21.1 35 160 M M 0 46 160
16 95 63 79 9 0 14 0.00 0.0 0 26.3 40 170 M M 0 54 170
17 99 67 83 13 0 18 0.00 0.0 0 26.5 37 160 M M 0 47 180
18 81 56 69 -2 0 4 0.00 0.0 0 20.0 39 360 M M 3 54 350
19 72 52 62 -9 3 0 0.41 0.0 0 7.7 26 280 M M 5 13 32 280
20 87 50 69 -2 0 4 0.00 0.0 0 10.2 20 160 M M 1 12 26 160
21 94 61 78 6 0 13 T 0.0 0 13.6 23 360 M M 0 33 300
22 87 58 73 1 0 8 T 0.0 0 10.4 22 50 M M 2 33 330
23 87 58 73 1 0 8 T 0.0 0 5.2 13 160 M M 4 18 180
24 95 58 77 4 0 12 T 0.0 0 9.4 22 110 M M 0 31 120
25 101 60 81 8 0 16 0.00 0.0 0 13.4 24 170 M M 0 8 37 140
26 92 62 77 4 0 12 0.18 0.0 0 10.9 39 300 M M 1 13 59 300
27 92 60 76 3 0 11 0.20 0.0 0 10.1 32 260 M M 1 3 45 260
28 96 61 79 5 0 14 0.00 0.0 0 9.8 17 150 M M 0 26 90
29 104 65 85 11 0 20 0.00 0.0 0 14.9 26 160 M M 0 35 150
30 90 57 74 0 0 9 0.00 0.0 0 14.5 25 360 M M 0 35 360
================================================================================
SM 2744 1768 20 335 1.71 0.0 449.1 M 27
================================================================================
AV 91.5 58.9 15.0 FASTST M M 1 MAX(MPH)
MISC ----> 48 330 65 330
================================================================================
NOTES:
# LAST OF SEVERAL OCCURRENCES
COLUMN 17 PEAK WIND IN M.P.H.
PRELIMINARY LOCAL CLIMATOLOGICAL DATA (WS FORM: F-6) , PAGE 2
STATION: GOODLAND KS
MONTH: JUNE
YEAR: 2020
LATITUDE: 39 22 N
LONGITUDE: 101 42 W
[TEMPERATURE DATA] [PRECIPITATION DATA] SYMBOLS USED IN COLUMN 16
AVERAGE MONTHLY: 75.2 TOTAL FOR MONTH: 1.71 1 = FOG OR MIST
DPTR FM NORMAL: 5.5 DPTR FM NORMAL: -1.54 2 = FOG REDUCING VISIBILITY
HIGHEST: 104 ON 29 GRTST 24HR 0.90 ON 9- 9 TO 1/4 MILE OR LESS
LOWEST: 44 ON 10 3 = THUNDER
SNOW, ICE PELLETS, HAIL 4 = ICE PELLETS
TOTAL MONTH: 0.0 INCH 5 = HAIL
GRTST 24HR 0.0 6 = FREEZING RAIN OR DRIZZLE
GRTST DEPTH: 0 7 = DUSTSTORM OR SANDSTORM:
VSBY 1/2 MILE OR LESS
8 = SMOKE OR HAZE
[NO. OF DAYS WITH] [WEATHER - DAYS WITH] 9 = BLOWING SNOW
X = TORNADO
MAX 32 OR BELOW: 0 0.01 INCH OR MORE: 5
MAX 90 OR ABOVE: 21 0.10 INCH OR MORE: 4
MIN 32 OR BELOW: 0 0.50 INCH OR MORE: 1
MIN 0 OR BELOW: 0 1.00 INCH OR MORE: 0
[HDD (BASE 65) ]
TOTAL THIS MO. 20 CLEAR (SCALE 0-3) 27
DPTR FM NORMAL -17 PTCLDY (SCALE 4-7) 3
TOTAL FM JUL 1 5585 CLOUDY (SCALE 8-10) 0
DPTR FM NORMAL -317
[CDD (BASE 65) ]
TOTAL THIS MO. 335
DPTR FM NORMAL 156 [PRESSURE DATA]
TOTAL FM JAN 1 372 HIGHEST SLP M ON M
DPTR FM NORMAL 152 LOWEST SLP 29.33 ON 8
[REMARKS]
#FINAL-06-20#