000
CXUS53 KGLD 010921
CLMGLD
CLIMATE REPORT
NATIONAL WEATHER SERVICE
321 AM MDT SAT APR 01 2023
...................................
...THE GOODLAND KS CLIMATE SUMMARY FOR THE MONTH OF MARCH 2023...
CLIMATE NORMAL PERIOD: 1991 TO 2020
CLIMATE RECORD PERIOD: 1895 TO 2023
WEATHER OBSERVED NORMAL DEPART LAST YEAR`S
VALUE DATE(S) VALUE FROM VALUE DATE(S)
NORMAL
................................................................
TEMPERATURE (F)
RECORD
HIGH 90 03/20/1907
03/19/1907
LOW -20 03/03/1960
03/11/1948
03/10/1948
HIGHEST 80 03/30 79 1 76 03/02
LOWEST 11 03/18 9 2 3 03/11
AVG. MAXIMUM 50.1 56.3 -6.2 54.5
AVG. MINIMUM 22.3 26.5 -4.2 22.8
MEAN 36.2 41.4 -5.2 38.6
DAYS MAX >= 90 0 0.0 0.0 0
DAYS MAX <= 32 2 1.8 0.2 5
DAYS MIN <= 32 30 23.2 6.8 28
DAYS MIN <= 0 0 0.4 -0.4 0
PRECIPITATION (INCHES)
RECORD
MAXIMUM 4.03 2021
MINIMUM 0.00 1911
TOTALS 1.00 0.88 0.12 0.82
DAILY AVG. 0.03 0.03 0.00 0.03
DAYS >= .01 5 5.6 -0.6 7
DAYS >= .10 3 2.2 0.8 4
DAYS >= .50 0 0.4 -0.4 0
DAYS >= 1.00 0 0.1 -0.1 0
GREATEST
24 HR. TOTAL 0.41 03/25 TO 03/25 0.30
STORM TOTAL 0.41
(MM/DD(HH))
SNOWFALL (INCHES)
RECORDS
TOTAL 32.0 1912
TOTALS 5.3 4.8 0.5 13.6
SINCE 7/1 40.6 26.5 14.1 25.6
SNOWDEPTH AVG. 0 1
DAYS >= 1.0 2 1.4 0.6 5
GREATEST
SNOW DEPTH 2 03/26 6 03/10
DEGREE DAYS
HEATING TOTAL 886 732 154 810
SINCE 7/1 5412 5077 335 4720
COOLING TOTAL 0 0 0 0
SINCE 1/1 0 0 0 0
................................................................
WIND (MPH)
AVERAGE WIND SPEED 12.2
HIGHEST WIND SPEED/DIRECTION 45/310 DATE 03/31
HIGHEST GUST SPEED/DIRECTION 61/320 DATE 03/31
SKY COVER
AVERAGE SKY COVER 0.33
AVERAGE RH (PERCENT) 63
WEATHER CONDITIONS. NUMBER OF DAYS WITH
THUNDERSTORM 0 MIXED PRECIP 0
HEAVY RAIN 0 RAIN 0
LIGHT RAIN 2 FREEZING RAIN 1
LT FREEZING RAIN 2 HAIL 1
HEAVY SNOW 2 SNOW 3
LIGHT SNOW 6 SLEET 0
FOG 13 FOG W/VIS <= 1/4 MILE 5
HAZE 2
- INDICATES NEGATIVE NUMBERS.
R INDICATES RECORD WAS SET OR TIED.
MM INDICATES DATA IS MISSING.
T INDICATES TRACE AMOUNT.
$$