000
CXUS54 KFWD 010731
CF6GLE
PRELIMINARY LOCAL CLIMATOLOGICAL DATA (WS FORM: F-6)
STATION: GAINESVILLE
MONTH: MAY
YEAR: 2023
LATITUDE: 33 39 N
LONGITUDE: 97 12 W
TEMPERATURE IN F: :PCPN: SNOW: WIND :SUNSHINE: SKY :PK WND
================================================================================
1 2 3 4 5 6A 6B 7 8 9 10 11 12 13 14 15 16 17 18
12Z AVG MX 2MIN
DY MAX MIN AVG DEP HDD CDD WTR SNW DPTH SPD SPD DIR MIN PSBL S-S WX SPD DR
================================================================================
1 76 44 60 -6 5 0 0.00 M M 4.5 9 60 M M 0 M M
2 82 45 64 -2 1 0 0.00 M M 4.7 8 90 M M 0 M M
3 74 55 65 -2 0 0 0.00 M M 4.9 10 90 M M 5 23 120
4 81 56 69 2 0 4 0.72 M M 7.2 17 190 M M 2 1 30 120
5 94 62 78 11 0 13 0.00 M M 6.8 14 180 M M 4 1 18 140
6 87 63 75 7 0 10 0.25 M M 10.3 28 130 M M 2 44 130
7 85 62 74 6 0 9 0.00 M M 12.6 37 220 M M 4 48 220
8 88 63 76 8 0 11 0.00 M M 8.4 15 240 M M 0 28 240
9 86 65 76 8 0 11 0.00 M M 8.1 14 160 M M 2 20 160
10 79 64 72 3 0 7 0.05 M M 3.6 9 110 M M 3 16 140
11 86 62 74 5 0 9 0.00 M M 8.2 20 160 M M 7 25 160
12 88 73 81 12 0 16 0.00 M M 11.9 22 200 M M 7 28 200
13 87 65 76 7 0 11 0.00 M M 7.3 15 20 M M 5 23 60
14 75 66 71 1 0 6 0.51 M M 3.2 8 140 M M 9 1 M M
15 89 63 76 6 0 11 0.07 M M 2.8 7 350 M M 7 12 M M
16 76 58 67 -3 0 2 0.00 M M 5.9 13 360 M M 5 18 340
17 85 56 71 1 0 6 0.00 M M 3.5 7 10 M M 0 M M
18 88 61 75 4 0 10 0.00 M M 3.7 10 130 M M 5 M M
19 90 65 78 7 0 13 0.00 M M 6.8 14 360 M M 5 22 0
20 78 55 67 -4 0 2 0.00 M M 9.1 15 360 M M 2 1 22 10
21 78 54 66 -6 0 1 0.00 M M 1.0 6 10 M M 0 M M
22 85 55 70 -2 0 5 0.00 M M 3.4 8 180 M M 2 8 M M
23 86 63 75 3 0 10 0.00 M M 7.1 12 110 M M 1 20 120
24 88 65 77 5 0 12 0.00 M M 4.5 9 70 M M 5 M M
25 83 62 73 0 0 8 0.00 M M 3.9 12 140 M M 4 M M
26 88 60 74 1 0 9 0.00 M M 3.3 10 190 M M 3 M M
27 86 65 76 3 0 11 0.00 M M 5.1 12 140 M M 3 M M
28 88 61 75 1 0 10 0.09 M M 6.3 20 340 M M 3 1 32 360
29 89 62 76 2 0 11 0.00 M M 5.0 13 150 M M 3 1 20 170
30 90 62 76 2 0 11 0.00 M M 4.4 13 150 M M 1 20 140
31 92 61 77 3 0 12 0.00 M M 5.0 13 120 M M 1 1 18 160
================================================================================
SM 2627 1873 6 251 1.69 M 182.3 M 100
================================================================================
AV 84.7 60.4 5.9 FASTST M M 3 MAX(MPH)
MISC ----> 37 220 48 220
================================================================================
NOTES:
# LAST OF SEVERAL OCCURRENCES
COLUMN 17 PEAK WIND IN M.P.H.
PRELIMINARY LOCAL CLIMATOLOGICAL DATA (WS FORM: F-6) , PAGE 2
STATION: GAINESVILLE
MONTH: MAY
YEAR: 2023
LATITUDE: 33 39 N
LONGITUDE: 97 12 W
[TEMPERATURE DATA] [PRECIPITATION DATA] SYMBOLS USED IN COLUMN 16
AVERAGE MONTHLY: 72.6 TOTAL FOR MONTH: 1.69 1 = FOG OR MIST
DPTR FM NORMAL: 2.3 DPTR FM NORMAL: -3.65 2 = FOG REDUCING VISIBILITY
HIGHEST: 94 ON 5 GRTST 24HR 0.72 ON 4- 4 TO 1/4 MILE OR LESS
LOWEST: 44 ON 1 3 = THUNDER
SNOW, ICE PELLETS, HAIL 4 = ICE PELLETS
TOTAL MONTH: M 5 = HAIL
GRTST 24HR M ON M 6 = FREEZING RAIN OR DRIZZLE
GRTST DEPTH: M ON M 7 = DUSTSTORM OR SANDSTORM:
VSBY 1/2 MILE OR LESS
8 = SMOKE OR HAZE
[NO. OF DAYS WITH] [WEATHER - DAYS WITH] 9 = BLOWING SNOW
X = TORNADO
MAX 32 OR BELOW: 0 0.01 INCH OR MORE: 6
MAX 90 OR ABOVE: 4 0.10 INCH OR MORE: 3
MIN 32 OR BELOW: 0 0.50 INCH OR MORE: 2
MIN 0 OR BELOW: 0 1.00 INCH OR MORE: 0
[HDD (BASE 65) ]
TOTAL THIS MO. 6 CLEAR (SCALE 0-3) 16
DPTR FM NORMAL -20 PTCLDY (SCALE 4-7) 14
TOTAL FM JUL 1 2541 CLOUDY (SCALE 8-10) 1
DPTR FM NORMAL -359
[CDD (BASE 65) ]
TOTAL THIS MO. 251
DPTR FM NORMAL 60 [PRESSURE DATA]
TOTAL FM JAN 1 314 HIGHEST SLP M ON M
DPTR FM NORMAL 53 LOWEST SLP M ON M
[REMARKS]
#FINAL-05-23#