000
CXUS54 KFWD 072138
CF6GLE
PRELIMINARY LOCAL CLIMATOLOGICAL DATA (WS FORM: F-6)
STATION: GAINESVILLE
MONTH: APRIL
YEAR: 2022
LATITUDE: 33 39 N
LONGITUDE: 97 12 W
TEMPERATURE IN F: :PCPN: SNOW: WIND :SUNSHINE: SKY :PK WND
================================================================================
1 2 3 4 5 6A 6B 7 8 9 10 11 12 13 14 15 16 17 18
12Z AVG MX 2MIN
DY MAX MIN AVG DEP HDD CDD WTR SNW DPTH SPD SPD DIR MIN PSBL S-S WX SPD DR
================================================================================
1 71 38 55 -3 10 0 0.04 M M 9.3 21 130 M M 1 24 130
2 75 44 60 1 5 0 0.00 M M 6.0 13 30 M M 0 18 30
3 82 49 66 7 0 1 0.00 M M 10.3 20 150 M M 0 26 150
4 75 58 67 8 0 2 0.78 M M 11.8 36 210 M M 6 46 210
5 91 56 74 14 0 9 0.00 M M 8.4 15 220 M M 4 1 24 220
6 74 53 64 4 1 0 0.00 M M 16.2 32 10 M M 1 39 10
7 66 44 55 -5 10 0 0.00 M M 14.6 31 330 M M 2 45 330
8 64 40 52 -8 13 0 0.00 M M 12.8 26 300 M M 0 35 330
9 84 35 60 -1 5 0 0.00 M M 9.4 18 190 M M 0 26 190
10 82 58 70 9 0 5 0.00 M M 18.0 26 180 M M 0 36 180
11 86 67 77 16 0 12 0.00 M M 11.7 24 190 M M 6 31 190
12 79 60 70 8 0 5 0.00 M M 15.5 29 190 M M 6 36 190
13 75 47 61 -1 4 0 0.00 M M 14.3 22 350 M M 4 30 190
14 73 41 57 -5 8 0 0.00 M M 7.2 13 130 M M 0 20 130
15 82 51 67 5 0 2 0.00 M M 11.7 21 170 M M 2 28 190
16 75 53 64 2 1 0 0.00 M M 8.7 17 20 M M 9 1 24 20
17 77 52 65 2 0 0 0.00 M M 7.3 15 290 M M 5 21 330
18 70 46 58 -5 7 0 0.00 M M 9.4 15 50 M M 1 20 70
19 71 45 58 -5 7 0 0.29 M M 10.8 22 140 M M 3 28 130
20 90 58 74 10 0 9 0.00 M M 18.7 26 200 M M 5 36 200
21 83 70 77 13 0 12 0.00 M M 15.4 22 160 M M 8 29 160
22 82 68 75 11 0 10 0.00 M M 17.6 26 150 M M 8 33 160
23 79 67 73 9 0 8 0.00 M M 20.1 31 170 M M 7 39 170
24 74 54 64 0 1 0 2.79 M M 11.9 22 180 M M 9 28 190
25 68 50 59 -6 6 0 0.02 M M 9.0 16 360 M M 1 22 30
26 71 45 58 -7 7 0 0.00 M M 6.3 14 80 M M 2 8 21 80
27 74 48 61 -4 4 0 0.00 M M 7.2 15 170 M M 5 18 20 160
28 78 60 69 3 0 4 0.00 M M 10.5 17 160 M M 7 23 180
29 80 67 74 8 0 9 0.00 M M 15.2 21 180 M M 6 29 180
30 79 55 67 1 0 2 0.00 M M 8.9 17 360 M M 2 24 190
================================================================================
SM 2310 1579 89 90 3.92 M 354.3 M 110
================================================================================
AV 77.0 52.6 11.8 FASTST M M 4 MAX(MPH)
MISC ----> 36 210 46 210
================================================================================
NOTES:
# LAST OF SEVERAL OCCURRENCES
COLUMN 17 PEAK WIND IN M.P.H.
PRELIMINARY LOCAL CLIMATOLOGICAL DATA (WS FORM: F-6) , PAGE 2
STATION: GAINESVILLE
MONTH: APRIL
YEAR: 2022
LATITUDE: 33 39 N
LONGITUDE: 97 12 W
[TEMPERATURE DATA] [PRECIPITATION DATA] SYMBOLS USED IN COLUMN 16
AVERAGE MONTHLY: 64.8 TOTAL FOR MONTH: 3.92 1 = FOG OR MIST
DPTR FM NORMAL: 2.5 DPTR FM NORMAL: 0.05 2 = FOG REDUCING VISIBILITY
HIGHEST: 91 ON 5 GRTST 24HR 2.79 ON 24-24 TO 1/4 MILE OR LESS
LOWEST: 35 ON 9 3 = THUNDER
SNOW, ICE PELLETS, HAIL 4 = ICE PELLETS
TOTAL MONTH: M 5 = HAIL
GRTST 24HR M ON M 6 = FREEZING RAIN OR DRIZZLE
GRTST DEPTH: M ON M 7 = DUSTSTORM OR SANDSTORM:
VSBY 1/2 MILE OR LESS
8 = SMOKE OR HAZE
[NO. OF DAYS WITH] [WEATHER - DAYS WITH] 9 = BLOWING SNOW
X = TORNADO
MAX 32 OR BELOW: 0 0.01 INCH OR MORE: 5
MAX 90 OR ABOVE: 2 0.10 INCH OR MORE: 3
MIN 32 OR BELOW: 0 0.50 INCH OR MORE: 2
MIN 0 OR BELOW: 0 1.00 INCH OR MORE: 1
[HDD (BASE 65) ]
TOTAL THIS MO. 89 CLEAR (SCALE 0-3) 15
DPTR FM NORMAL -48 PTCLDY (SCALE 4-7) 12
TOTAL FM JUL 1 2444 CLOUDY (SCALE 8-10) 3
DPTR FM NORMAL -432
[CDD (BASE 65) ]
TOTAL THIS MO. 90
DPTR FM NORMAL 34 [PRESSURE DATA]
TOTAL FM JAN 1 105 HIGHEST SLP M ON M
DPTR FM NORMAL 35 LOWEST SLP M ON M
[REMARKS]
#FINAL-04-22#