000
CXUS54 KFWD 010830
CF6GLE
PRELIMINARY LOCAL CLIMATOLOGICAL DATA (WS FORM: F-6)
STATION: GAINESVILLE
MONTH: JANUARY
YEAR: 2022
LATITUDE: 33 39 N
LONGITUDE: 97 12 W
TEMPERATURE IN F: :PCPN: SNOW: WIND :SUNSHINE: SKY :PK WND
================================================================================
1 2 3 4 5 6A 6B 7 8 9 10 11 12 13 14 15 16 17 18
12Z AVG MX 2MIN
DY MAX MIN AVG DEP HDD CDD WTR SNW DPTH SPD SPD DIR MIN PSBL S-S WX SPD DR
================================================================================
1 62 18 40 -1 25 0 0.06 M M 10.5 22 340 M M 9 1 35 350
2 37 15 26 -15 39 0 0.00 M M 12.3 22 330 M M 2 31 330
3 55 19 37 -4 28 0 0.00 M M 4.6 12 180 M M 0 16 180
4 61 30 46 5 19 0 0.00 M M 10.1 22 200 M M 0 30 200
5 56 32 44 3 21 0 0.00 M M 9.1 17 40 M M 0 25 30
6 35 20 28 -13 37 0 0.00 M M 11.8 21 360 M M 0 28 10
7 45 16 31 -10 34 0 0.00 M M 8.5 18 170 M M 4 24 170
8 60 44 52 10 13 0 0.01 M M 11.1 17 170 M M 10 12 23 170
9 60 35 48 6 17 0 0.00 M M 12.9 22 360 M M 6 1 29 360
10 54 24 39 -3 26 0 0.00 M M 4.7 12 360 M M 0 M M
11 59 23 41 -1 24 0 0.00 M M 4.8 16 190 M M 0 20 190
12 64 29 47 5 18 0 0.00 M M 5.2 12 210 M M 0 M M
13 74 35 55 13 10 0 0.00 M M 4.8 14 300 M M 0 17 300
14 69 36 53 11 12 0 0.00 M M 6.8 29 350 M M 0 36 350
15 45 28 37 -5 28 0 0.00 M M 22.9 30 330 M M 8 45 350
16 53 23 38 -4 27 0 0.00 M M 6.0 14 330 M M 0 22 330
17 61 27 44 2 21 0 0.00 M M 5.0 10 150 M M 0 16 150
18 73 37 55 13 10 0 0.00 M M 11.9 21 190 M M 0 29 170
19 59 29 44 2 21 0 0.00 M M 13.1 22 10 M M 6 32 360
20 32 19 26 -16 39 0 0.00 M M 14.3 23 10 M M 7 30 10
21 42 13 28 -14 37 0 0.00 M M 3.5 6 160 M M 1 M M
22 51 18 35 -8 30 0 0.00 M M 1.2 7 180 M M 0 M M
23 64 23 44 1 21 0 0.00 M M 5.2 16 270 M M 0 21 280
24 60 33 47 4 18 0 0.00 M M 5.3 12 200 M M 0 1 16 200
25 55 32 44 1 21 0 0.00 M M 10.3 16 50 M M 0 12 20 50
26 47 22 35 -8 30 0 T M M 4.8 12 30 M M 3 16 40
27 48 32 40 -3 25 0 0.00 M M 4.8 10 350 M M 6 M M
28 55 28 42 -1 23 0 0.00 M M 9.0 20 330 M M 0 26 330
29 68 23 46 2 19 0 0.00 M M 4.1 13 280 M M 0 20 270
30 69 32 51 7 14 0 0.00 M M 3.2 6 150 M M 0 M M
31 68 41 55 11 10 0 0.00 M M 6.9 15 160 M M 2 23 140
================================================================================
SM 1741 836 717 0 0.07 M 248.8 M 64
================================================================================
AV 56.2 27.0 8.0 FASTST M M 2 MAX(MPH)
MISC ----> 30 330 45 350
================================================================================
NOTES:
# LAST OF SEVERAL OCCURRENCES
COLUMN 17 PEAK WIND IN M.P.H.
PRELIMINARY LOCAL CLIMATOLOGICAL DATA (WS FORM: F-6) , PAGE 2
STATION: GAINESVILLE
MONTH: JANUARY
YEAR: 2022
LATITUDE: 33 39 N
LONGITUDE: 97 12 W
[TEMPERATURE DATA] [PRECIPITATION DATA] SYMBOLS USED IN COLUMN 16
AVERAGE MONTHLY: 41.6 TOTAL FOR MONTH: 0.07 1 = FOG OR MIST
DPTR FM NORMAL: -0.6 DPTR FM NORMAL: -1.89 2 = FOG REDUCING VISIBILITY
HIGHEST: 74 ON 13 GRTST 24HR 0.06 ON 1- 1 TO 1/4 MILE OR LESS
LOWEST: 13 ON 21 3 = THUNDER
SNOW, ICE PELLETS, HAIL 4 = ICE PELLETS
TOTAL MONTH: M 5 = HAIL
GRTST 24HR M ON M 6 = FREEZING RAIN OR DRIZZLE
GRTST DEPTH: M ON M 7 = DUSTSTORM OR SANDSTORM:
VSBY 1/2 MILE OR LESS
8 = SMOKE OR HAZE
[NO. OF DAYS WITH] [WEATHER - DAYS WITH] 9 = BLOWING SNOW
X = TORNADO
MAX 32 OR BELOW: 1 0.01 INCH OR MORE: 2
MAX 90 OR ABOVE: 0 0.10 INCH OR MORE: 0
MIN 32 OR BELOW: 24 0.50 INCH OR MORE: 0
MIN 0 OR BELOW: 0 1.00 INCH OR MORE: 0
[HDD (BASE 65) ]
TOTAL THIS MO. 717 CLEAR (SCALE 0-3) 23
DPTR FM NORMAL 10 PTCLDY (SCALE 4-7) 6
TOTAL FM JUL 1 1387 CLOUDY (SCALE 8-10) 2
DPTR FM NORMAL -463
[CDD (BASE 65) ]
TOTAL THIS MO. 0
DPTR FM NORMAL 0 [PRESSURE DATA]
TOTAL FM JAN 1 0 HIGHEST SLP M ON M
DPTR FM NORMAL 0 LOWEST SLP M ON M
[REMARKS]
#FINAL-01-22#