000
CXUS54 KFWD 010731
CF6GLE
PRELIMINARY LOCAL CLIMATOLOGICAL DATA (WS FORM: F-6)
STATION: GAINESVILLE
MONTH: APRIL
YEAR: 2021
LATITUDE: 33 39 N
LONGITUDE: 97 12 W
TEMPERATURE IN F: :PCPN: SNOW: WIND :SUNSHINE: SKY :PK WND
================================================================================
1 2 3 4 5 6A 6B 7 8 9 10 11 12 13 14 15 16 17 18
12Z AVG MX 2MIN
DY MAX MIN AVG DEP HDD CDD WTR SNW DPTH SPD SPD DIR MIN PSBL S-S WX SPD DR
================================================================================
1 66 33 50 -8 15 0 0.00 M M 3.9 9 90 M M 0 M M
2 65 39 52 -7 13 0 0.00 M M 8.5 20 160 M M 3 23 170
3 70 55 63 4 2 0 0.00 M M 10.6 20 190 M M 5 25 190
4 69 57 63 4 2 0 0.00 M M 8.3 14 180 M M 10 20 180
5 76 52 64 4 1 0 0.00 M M 9.9 20 160 M M 2 28 150
6 80 62 71 11 0 6 0.00 M M 17.6 26 180 M M 5 32 170
7 74 51 63 3 2 0 0.00 M M 15.6 23 310 M M 3 35 310
8 80 42 61 1 4 0 0.00 M M 5.2 13 190 M M 0 20 190
9 81 58 70 9 0 5 0.05 M M 12.4 28 340 M M 3 1 41 340
10 70 45 58 -3 7 0 0.00 M M 11.3 21 350 M M 0 26 350
11 82 42 62 1 3 0 0.00 M M 6.9 16 200 M M 0 24 200
12 77 55 66 4 0 1 0.00 0.0 M 6.9 13 360 M M 1 17 10
13 75 53 64 2 1 0 0.00 M M 8.8 13 20 M M 3 20 20
14 63 51 57 -5 8 0 0.17 M M 9.7 17 360 M M 10 24 360
15 60 52 56 -6 9 0 0.52 M M 7.3 14 90 M M 10 16 110
16 56 48 52 -10 13 0 0.31 M M 8.2 17 340 M M 10 1 23 350
17 60 40 50 -13 15 0 0.00 M M 10.5 16 330 M M 4 24 350
18 65 41 53 -10 12 0 0.00 M M 7.4 15 320 M M 1 25 320
19 74 38 56 -7 9 0 0.00 M M 4.6 12 220 M M 0 18 230
20 53 33 43 -21 22 0 0.00 M M 9.6 20 360 M M 2 29 360
21 62 31 47 -17 18 0 0.00 M M 1.9 12 50 M M 4 M M
22 61 50 56 -8 9 0 M M M 6.6 15 140 M M 10 18 140
23 69 55 62 -2 3 0 0.42 M M 7.4 14 130 M M 10 32 150
24 65 49 57 -7 8 0 M M M 6.7 17 330 M M 5 25 330
25 78 44 61 -4 4 0 0.00 M M 8.5 20 170 M M 2 1 27 160
26 79 61 70 5 0 5 0.00 M M 14.0 21 180 M M 0 28 160
27 75 66 71 6 0 6 0.06 M M 13.4 21 150 M M 8 29 160
28 71 63 67 1 0 2 1.09 M M 7.9 15 130 M M 9 1 23 130
29 65 60 63 -3 2 0 0.83 M M 7.1 16 10 M M 9 1 22 10
30 74 59 67 1 0 2 0.00 M M 8.3 13 110 M M 8 22 90
================================================================================
SM 2095 1485 182 27 3.45 0.0 265.2 M 137
================================================================================
AV 69.8 49.5 8.8 FASTST M M 5 MAX(MPH)
MISC ----> 28 340 41 340
================================================================================
NOTES:
# LAST OF SEVERAL OCCURRENCES
COLUMN 17 PEAK WIND IN M.P.H.
PRELIMINARY LOCAL CLIMATOLOGICAL DATA (WS FORM: F-6) , PAGE 2
STATION: GAINESVILLE
MONTH: APRIL
YEAR: 2021
LATITUDE: 33 39 N
LONGITUDE: 97 12 W
[TEMPERATURE DATA] [PRECIPITATION DATA] SYMBOLS USED IN COLUMN 16
AVERAGE MONTHLY: 59.7 TOTAL FOR MONTH: 3.45 1 = FOG OR MIST
DPTR FM NORMAL: -2.6 DPTR FM NORMAL: -0.42 2 = FOG REDUCING VISIBILITY
HIGHEST: 82 ON 11 GRTST 24HR 1.09 ON 28-28 TO 1/4 MILE OR LESS
LOWEST: 31 ON 21 3 = THUNDER
SNOW, ICE PELLETS, HAIL 4 = ICE PELLETS
TOTAL MONTH: 0.0 INCH 5 = HAIL
GRTST 24HR 0.0 6 = FREEZING RAIN OR DRIZZLE
GRTST DEPTH: M ON M 7 = DUSTSTORM OR SANDSTORM:
VSBY 1/2 MILE OR LESS
8 = SMOKE OR HAZE
[NO. OF DAYS WITH] [WEATHER - DAYS WITH] 9 = BLOWING SNOW
X = TORNADO
MAX 32 OR BELOW: 0 0.01 INCH OR MORE: 8
MAX 90 OR ABOVE: 0 0.10 INCH OR MORE: 6
MIN 32 OR BELOW: 1 0.50 INCH OR MORE: 3
MIN 0 OR BELOW: 0 1.00 INCH OR MORE: 1
[HDD (BASE 65) ]
TOTAL THIS MO. 182 CLEAR (SCALE 0-3) 12
DPTR FM NORMAL 45 PTCLDY (SCALE 4-7) 9
TOTAL FM JUL 1 2847 CLOUDY (SCALE 8-10) 9
DPTR FM NORMAL -29
[CDD (BASE 65) ]
TOTAL THIS MO. 27
DPTR FM NORMAL -29 [PRESSURE DATA]
TOTAL FM JAN 1 46 HIGHEST SLP M ON M
DPTR FM NORMAL -24 LOWEST SLP M ON M
[REMARKS]
#FINAL-04-21#