915
CXUS54 KFWD 110128
CF6GLE
PRELIMINARY LOCAL CLIMATOLOGICAL DATA (WS FORM: F-6)
STATION: GAINESVILLE
MONTH: JUNE
YEAR: 2020
LATITUDE: 33 39 N
LONGITUDE: 97 12 W
TEMPERATURE IN F: :PCPN: SNOW: WIND :SUNSHINE: SKY :PK WND
================================================================================
1 2 3 4 5 6A 6B 7 8 9 10 11 12 13 14 15 16 17 18
12Z AVG MX 2MIN
DY MAX MIN AVG DEP HDD CDD WTR SNW DPTH SPD SPD DIR MIN PSBL S-S WX SPD DR
================================================================================
1 84 65 75 0 0 10 0.00 0.0 0 4.6 9 160 M M 0 M M
2 87 65 76 1 0 11 0.00 0.0 0 5.5 13 140 M M 2 18 160
3 90 69 80 5 0 15 0.00 0.0 0 5.7 13 200 M M 1 21 200
4 93 68 81 5 0 16 0.17 0.0 0 8.6 32 310 M M 1 40 310
5 93 69 81 5 0 16 0.01 0.0 0 7.6 15 210 M M 1 20 210
6 93 71 82 6 0 17 0.00 0.0 0 4.2 10 70 M M 0 M M
7 91 72 82 6 0 17 0.00 0.0 0 6.9 13 100 M M 2 M M
8 92 71 82 6 0 17 0.00 0.0 0 2.2 6 130 M M 1 M M
9 90 65 78 1 0 13 0.00 0.0 0 13.7 27 320 M M 1 32 320
10 85 60 73 -4 0 8 0.00 0.0 0 11.3 21 330 M M 0 29 300
11 89 56 73 -4 0 8 0.00 0.0 0 1.8 8 60 M M 0 M M
12 89 59 74 -4 0 9 0.00 0.0 0 3.3 9 140 M M 0 M M
13 90 62 76 -2 0 11 0.00 0.0 0 3.9 13 160 M M 0 M M
14 90 65 78 0 0 13 0.00 0.0 0 5.2 15 150 M M 0 20 150
15 92 67 80 2 0 15 0.00 0.0 0 4.6 10 120 M M 5 M M
16 91 71 81 3 0 16 0.00 0.0 0 6.3 14 180 M M 4 21 180
17 92 70 81 3 0 16 0.00 0.0 0 9.2 17 170 M M 1 27 180
18 91 70 81 2 0 16 0.00 0.0 0 11.3 20 160 M M 1 29 160
19 92 66 79 0 0 14 0.23 0.0 0 12.5 20 90 M M 4 29 90
20 88 66 77 -2 0 12 0.10 0.0 0 6.2 12 310 M M 2 20 230
21 83 63 73 -6 0 8 1.63 0.0 0 8.4 24 350 M M 4 3 32 350
22 88 65 77 -3 0 12 0.60 0.0 0 7.0 31 350 M M 2 38 350
23 81 69 75 -5 0 10 1.55 0.0 0 7.3 29 250 M M 5 44 250
24 87 64 76 -4 0 11 0.00 0.0 0 5.2 10 70 M M 0 M M
25 87 69 78 -2 0 13 0.00 0.0 0 4.7 10 120 M M 3 1 M M
26 90 73 82 2 0 17 0.00 0.0 0 10.1 16 170 M M 5 21 180
27 89 73 81 1 0 16 0.00 0.0 0 13.3 21 190 M M 5 8 28 190
28 87 75 81 1 0 16 0.05 0.0 0 15.0 22 180 M M 5 33 180
29 91 78 85 4 0 20 0.00 0.0 0 17.4 23 190 M M 6 30 190
30 91 77 84 3 0 19 0.00 0.0 0 14.0 21 170 M M 4 25 170
================================================================================
SM 2676 2033 0 412 4.34 0.0 237.0 M 65
================================================================================
AV 89.2 67.8 7.9 FASTST M M 2 MAX(MPH)
MISC ----> # 32 310 # 44 250
================================================================================
NOTES:
# LAST OF SEVERAL OCCURRENCES
COLUMN 17 PEAK WIND IN M.P.H.
PRELIMINARY LOCAL CLIMATOLOGICAL DATA (WS FORM: F-6) , PAGE 2
STATION: GAINESVILLE
MONTH: JUNE
YEAR: 2020
LATITUDE: 33 39 N
LONGITUDE: 97 12 W
[TEMPERATURE DATA] [PRECIPITATION DATA] SYMBOLS USED IN COLUMN 16
AVERAGE MONTHLY: 78.5 TOTAL FOR MONTH: 4.34 1 = FOG OR MIST
DPTR FM NORMAL: 0.5 DPTR FM NORMAL: -1.35 2 = FOG REDUCING VISIBILITY
HIGHEST: 93 ON 6, 5 GRTST 24HR 1.63 ON 21-21 TO 1/4 MILE OR LESS
LOWEST: 56 ON 11 3 = THUNDER
SNOW, ICE PELLETS, HAIL 4 = ICE PELLETS
TOTAL MONTH: 0.0 INCH 5 = HAIL
GRTST 24HR 0.0 6 = FREEZING RAIN OR DRIZZLE
GRTST DEPTH: 0 7 = DUSTSTORM OR SANDSTORM:
VSBY 1/2 MILE OR LESS
8 = SMOKE OR HAZE
[NO. OF DAYS WITH] [WEATHER - DAYS WITH] 9 = BLOWING SNOW
X = TORNADO
MAX 32 OR BELOW: 0 0.01 INCH OR MORE: 8
MAX 90 OR ABOVE: 17 0.10 INCH OR MORE: 6
MIN 32 OR BELOW: 0 0.50 INCH OR MORE: 3
MIN 0 OR BELOW: 0 1.00 INCH OR MORE: 2
[HDD (BASE 65) ]
TOTAL THIS MO. 0 CLEAR (SCALE 0-3) 20
DPTR FM NORMAL -1 PTCLDY (SCALE 4-7) 10
TOTAL FM JUL 1 2623 CLOUDY (SCALE 8-10) 0
DPTR FM NORMAL -279
[CDD (BASE 65) ]
TOTAL THIS MO. 412
DPTR FM NORMAL 20 [PRESSURE DATA]
TOTAL FM JAN 1 688 HIGHEST SLP M ON M
DPTR FM NORMAL 35 LOWEST SLP M ON M
[REMARKS]
#FINAL-06-20#