000
CXUS54 KFWD 010730
CF6GLE
PRELIMINARY LOCAL CLIMATOLOGICAL DATA (WS FORM: F-6)
STATION: GAINESVILLE
MONTH: MARCH
YEAR: 2020
LATITUDE: 33 39 N
LONGITUDE: 97 12 W
TEMPERATURE IN F: :PCPN: SNOW: WIND :SUNSHINE: SKY :PK WND
================================================================================
1 2 3 4 5 6A 6B 7 8 9 10 11 12 13 14 15 16 17 18
12Z AVG MX 2MIN
DY MAX MIN AVG DEP HDD CDD WTR SNW DPTH SPD SPD DIR MIN PSBL S-S WX SPD DR
================================================================================
1 76 53 65 16 0 0 0.00 0.0 0 15.5 23 190 M M 2 30 180
2 67 48 58 8 7 0 0.00 0.0 0 5.9 12 300 M M 0 M M
3 61 48 55 5 10 0 M 0.0 0 5.3 9 100 M M 5 M M
4 55 48 52 2 13 0 0.88 0.0 0 7.9 15 20 M M 9 17 110
5 71 36 54 4 11 0 0.00 0.0 0 6.5 14 10 M M 0 20 10
6 65 35 50 -1 15 0 0.00 0.0 0 5.4 9 70 M M 0 M M
7 64 40 52 1 13 0 0.00 0.0 0 7.7 22 160 M M 0 8 23 160
8 64 44 54 3 11 0 0.00 0.0 0 12.2 21 180 M M 7 28 180
9 80 51 66 14 0 1 0.03 0.0 0 15.2 22 210 M M 6 29 210
10 74 41 58 6 7 0 0.00 0.0 0 6.4 12 170 M M 0 M M
11 84 57 71 19 0 6 0.00 0.0 0 5.9 14 250 M M 0 18 250
12 83 63 73 21 0 8 0.00 0.0 0 8.8 17 230 M M 3 24 220
13 68 50 59 6 6 0 1.27 0.0 0 12.2 17 90 M M 10 1 23 10
14 55 50 53 0 12 0 0.10 0.0 0 7.9 15 350 M M 10 1 20 350
15 54 46 50 -3 15 0 0.09 0.0 0 8.8 14 20 M M 10 18 20
16 61 49 55 1 10 0 0.20 0.0 0 5.8 16 150 M M 10 12 22 150
17 61 53 57 3 8 0 1.14 0.0 0 7.9 14 320 M M 10 M M
18 78 59 69 15 0 4 0.61 0.0 0 10.7 17 180 M M 8 22 180
19 78 59 69 15 0 4 0.07 0.0 0 13.5 28 200 M M 4 36 200
20 60 39 50 -5 15 0 0.00 0.0 0 10.1 18 340 M M 7 27 340
21 56 36 46 -9 19 0 0.13 0.0 0 7.2 14 140 M M 4 21 140
22 57 49 53 -2 12 0 0.13 0.0 0 4.3 7 160 M M 10 1 M M
23 68 57 63 7 2 0 0.00 0.0 0 6.4 12 130 M M 10 12 M M
24 80 59 70 14 0 5 0.00 0.0 0 9.0 15 260 M M 3 21 290
25 88 50 69 13 0 4 0.00 0.0 0 7.3 18 210 M M 0 20 160
26 86 63 75 18 0 10 0.00 0.0 0 10.4 18 160 M M 0 25 160
27 76 66 71 14 0 6 0.00 0.0 0 9.7 20 170 M M 3 27 190
28 72 51 62 5 3 0 0.04 0.0 0 9.6 21 290 M M 2 29 290
29 71 44 58 0 7 0 0.00 0.0 0 4.0 9 130 M M 2 M M
30 64 51 58 0 7 0 0.58 0.0 0 10.0 27 140 M M 10 35 140
31 66 51 59 1 6 0 0.00 0.0 0 6.9 14 360 M M 6 1 21 10
================================================================================
SM 2143 1546 209 48 5.27 0.0 264.4 M 151
================================================================================
AV 69.1 49.9 8.5 FASTST M M 5 MAX(MPH)
MISC ----> # 28 200 # 36 200
================================================================================
NOTES:
# LAST OF SEVERAL OCCURRENCES
COLUMN 17 PEAK WIND IN M.P.H.
PRELIMINARY LOCAL CLIMATOLOGICAL DATA (WS FORM: F-6) , PAGE 2
STATION: GAINESVILLE
MONTH: MARCH
YEAR: 2020
LATITUDE: 33 39 N
LONGITUDE: 97 12 W
[TEMPERATURE DATA] [PRECIPITATION DATA] SYMBOLS USED IN COLUMN 16
AVERAGE MONTHLY: 59.5 TOTAL FOR MONTH: 5.27 1 = FOG OR MIST
DPTR FM NORMAL: 5.9 DPTR FM NORMAL: 1.64 2 = FOG REDUCING VISIBILITY
HIGHEST: 88 ON 25 GRTST 24HR 1.27 ON 13-13 TO 1/4 MILE OR LESS
LOWEST: 35 ON 6 3 = THUNDER
SNOW, ICE PELLETS, HAIL 4 = ICE PELLETS
TOTAL MONTH: 0.0 INCH 5 = HAIL
GRTST 24HR 0.0 6 = FREEZING RAIN OR DRIZZLE
GRTST DEPTH: 0 7 = DUSTSTORM OR SANDSTORM:
VSBY 1/2 MILE OR LESS
8 = SMOKE OR HAZE
[NO. OF DAYS WITH] [WEATHER - DAYS WITH] 9 = BLOWING SNOW
X = TORNADO
MAX 32 OR BELOW: 0 0.01 INCH OR MORE: 13
MAX 90 OR ABOVE: 0 0.10 INCH OR MORE: 9
MIN 32 OR BELOW: 0 0.50 INCH OR MORE: 5
MIN 0 OR BELOW: 0 1.00 INCH OR MORE: 2
[HDD (BASE 65) ]
TOTAL THIS MO. 209 CLEAR (SCALE 0-3) 14
DPTR FM NORMAL -156 PTCLDY (SCALE 4-7) 7
TOTAL FM JUL 1 2422 CLOUDY (SCALE 8-10) 10
DPTR FM NORMAL -316
[CDD (BASE 65) ]
TOTAL THIS MO. 48
DPTR FM NORMAL 36 [PRESSURE DATA]
TOTAL FM JAN 1 48 HIGHEST SLP M ON M
DPTR FM NORMAL 34 LOWEST SLP M ON M
[REMARKS]
#FINAL-03-20#