000
CXUS54 KFWD 010730
CF6GLE
PRELIMINARY LOCAL CLIMATOLOGICAL DATA (WS FORM: F-6)
STATION: GAINESVILLE
MONTH: JULY
YEAR: 2023
LATITUDE: 33 39 N
LONGITUDE: 97 12 W
TEMPERATURE IN F: :PCPN: SNOW: WIND :SUNSHINE: SKY :PK WND
================================================================================
1 2 3 4 5 6A 6B 7 8 9 10 11 12 13 14 15 16 17 18
12Z AVG MX 2MIN
DY MAX MIN AVG DEP HDD CDD WTR SNW DPTH SPD SPD DIR MIN PSBL S-S WX SPD DR
================================================================================
1 84 69 77 -4 0 12 0.00 M M 4.1 15 360 M M 2 26 360
2 101 66 84 3 0 19 0.00 M M 2.3 7 140 M M 3 M M
3 99 72 86 5 0 21 0.17 M M 6.3 23 170 M M 3 1 29 140
4 M M M M M M 0.00 M M 7.3 14 130 M M 0 20 130
5 M M M M M M 0.00 M M 5.6 13 80 M M 1 22 70
6 M M M M M M 0.00 M M 4.4 10 80 M M 2 23 180
7 M M M M M M 0.00 M M 9.3 20 210 M M 0 26 210
8 M M M M M M 0.00 M M 6.4 13 70 M M 2 17 70
9 M M M M M M 0.11 M M 7.1 13 20 M M 5 37 270
10 M M M M M M 0.09 M M 5.2 10 110 M M 6 M M
11 M M M M M M 0.05 M M 10.3 22 10 M M 3 29 10
12 M M M M M M 0.00 M M 9.7 16 140 M M 0 22 190
13 M M M M M M 0.00 M M 11.7 17 140 M M 0 24 160
14 100 84 92 9 0 27 0.05 M M 7.4 17 150 M M 1 23 150
15 95 75 85 2 0 20 0.00 M M 6.5 14 350 M M 1 20 290
16 90 72 81 -2 0 16 0.04 M M 5.0 18 250 M M 2 26 250
17 105 70 88 5 0 23 0.00 M M 6.7 14 100 M M 0 20 280
18 109 74 92 9 0 27 0.00 M M 10.5 18 190 M M 0 28 210
19 106 79 93 10 0 28 0.00 M M 11.7 17 160 M M 0 25 210
20 104 76 90 6 0 25 0.00 M M 5.8 14 160 M M 0 18 210
21 94 75 85 1 0 20 0.00 M M 6.1 13 40 M M 1 18 40
22 90 70 80 -4 0 15 0.00 M M 4.4 10 50 M M 1 17 20
23 97 64 81 -3 0 16 0.00 M M 3.6 10 110 M M 0 M M
24 102 69 86 2 0 21 0.00 M M 8.0 14 140 M M 0 18 140
25 104 73 89 5 0 24 0.00 M M 7.1 17 170 M M 0 23 170
26 102 73 88 4 0 23 0.00 M M 8.6 18 160 M M 0 24 220
27 101 74 88 4 0 23 0.00 M M 7.8 16 150 M M 0 21 190
28 100 74 87 3 0 22 0.00 M M 7.4 14 180 M M 0 22 230
29 102 74 88 4 0 23 0.00 M M 6.2 12 150 M M 0 20 220
30 103 72 88 4 0 23 0.00 M M 4.7 12 160 M M 0 16 160
31 105 75 90 6 0 25 0.00 M M 6.6 13 160 M M 0 21 170
================================================================================
SM 2093 1530 0 453 0.51 M 213.8 M 33
================================================================================
AV 99.7 72.9 6.9 FASTST M M 1 MAX(MPH)
MISC ----> 23 170 37 270
================================================================================
NOTES:
# LAST OF SEVERAL OCCURRENCES
COLUMN 17 PEAK WIND IN M.P.H.
PRELIMINARY LOCAL CLIMATOLOGICAL DATA (WS FORM: F-6) , PAGE 2
STATION: GAINESVILLE
MONTH: JULY
YEAR: 2023
LATITUDE: 33 39 N
LONGITUDE: 97 12 W
[TEMPERATURE DATA] [PRECIPITATION DATA] SYMBOLS USED IN COLUMN 16
AVERAGE MONTHLY: 86.3 TOTAL FOR MONTH: 0.51 1 = FOG OR MIST
DPTR FM NORMAL: 3.4 DPTR FM NORMAL: -2.07 2 = FOG REDUCING VISIBILITY
HIGHEST: 109 ON 18 GRTST 24HR 0.17 ON 3- 3 TO 1/4 MILE OR LESS
LOWEST: 64 ON 23 3 = THUNDER
SNOW, ICE PELLETS, HAIL 4 = ICE PELLETS
TOTAL MONTH: M 5 = HAIL
GRTST 24HR M ON M 6 = FREEZING RAIN OR DRIZZLE
GRTST DEPTH: M ON M 7 = DUSTSTORM OR SANDSTORM:
VSBY 1/2 MILE OR LESS
8 = SMOKE OR HAZE
[NO. OF DAYS WITH] [WEATHER - DAYS WITH] 9 = BLOWING SNOW
X = TORNADO
MAX 32 OR BELOW: 0 0.01 INCH OR MORE: 6
MAX 90 OR ABOVE: 20 0.10 INCH OR MORE: 2
MIN 32 OR BELOW: 0 0.50 INCH OR MORE: 0
MIN 0 OR BELOW: 0 1.00 INCH OR MORE: 0
[HDD (BASE 65) ]
TOTAL THIS MO. 0 CLEAR (SCALE 0-3) 29
DPTR FM NORMAL 0 PTCLDY (SCALE 4-7) 2
TOTAL FM JUL 1 0 CLOUDY (SCALE 8-10) 0
DPTR FM NORMAL 0
[CDD (BASE 65) ]
TOTAL THIS MO. 453
DPTR FM NORMAL -102 [PRESSURE DATA]
TOTAL FM JAN 1 1261 HIGHEST SLP M ON M
DPTR FM NORMAL 53 LOWEST SLP M ON M
[REMARKS]
#FINAL-07-23#