000
CXUS54 KJAN 020352
CF6GLH
PRELIMINARY LOCAL CLIMATOLOGICAL DATA (WS FORM: F-6)
STATION: GREENVILLE
MONTH: JULY
YEAR: 2022
LATITUDE: 33 29 N
LONGITUDE: 90 59 W
TEMPERATURE IN F: :PCPN: SNOW: WIND :SUNSHINE: SKY :PK WND
================================================================================
1 2 3 4 5 6A 6B 7 8 9 10 11 12 13 14 15 16 17 18
12Z AVG MX 2MIN
DY MAX MIN AVG DEP HDD CDD WTR SNW DPTH SPD SPD DIR MIN PSBL S-S WX SPD DR
================================================================================
1 91 72 82 0 0 17 0.00 0.0 0 6.0 23 190 M M 2 30 180
2 88 72 80 -2 0 15 0.07 0.0 0 5.8 17 280 M M 3 1 23 290
3 83 73 78 -4 0 13 0.15 0.0 0 M 12 210 M M 4 1 15 260
4 95 76 86 4 0 21 0.00 0.0 0 5.8 12 150 M M 0 1 17 240
5 97 76 87 5 0 22 0.00 0.0 0 6.2 15 170 M M 0 19 170
6 96 76 86 4 0 21 0.14 0.0 0 5.2 14 220 M M 2 18 230
7 96 76 86 4 0 21 0.00 0.0 0 6.0 12 250 M M 0 16 230
8 99 78 89 7 0 24 0.00 0.0 0 5.9 13 210 M M 0 17 200
9 98 76 87 5 0 22 1.04 0.0 0 8.4 39 300 M M 1 13 63 300
10 89 73 81 -1 0 16 0.00 0.0 0 5.6 14 360 M M 4 1 19 10
11 94 70 82 0 0 17 0.00 0.0 0 2.6 9 30 M M 2 12 14 60
12 95 69 82 0 0 17 0.00 0.0 0 1.1 9 60 M M 0 1 12 60
13 97 74 86 4 0 21 0.00 0.0 0 4.2 21 100 M M 2 13 30 90
14 94 72 83 1 0 18 0.00 0.0 0 2.6 9 50 M M 1 1 12 40
15 96 69 83 0 0 18 0.00 0.0 0 2.7 7 180 M M 0 9 90
16 96 73 85 2 0 20 0.00 0.0 0 4.3 10 200 M M 0 17 280
17 97 76 87 4 0 22 T 0.0 0 7.1 13 180 M M 1 20 240
18 95 72 84 1 0 19 0.32 0.0 0 10.3 18 30 M M 2 13 28 20
19 95 81 88 5 0 23 0.00 0.0 0 12.3 20 220 M M 1 26 230
20 97 80 89 6 0 24 0.00 0.0 0 12.8 20 200 M M 0 28 210
21 97 75 86 3 0 21 T 0.0 0 9.1 23 280 M M 1 3 36 260
22 95 73 84 1 0 19 0.00 0.0 0 4.9 10 230 M M 1 14 170
23 94 72 83 0 0 18 0.64 0.0 0 4.9 16 130 M M 2 13 24 120
24 95 75 85 2 0 20 0.00 0.0 0 7.2 13 230 M M 1 17 260
25 95 77 86 3 0 21 0.00 0.0 0 6.5 13 250 M M 0 18 240
26 95 77 86 3 0 21 0.00 0.0 0 9.5 16 190 M M 1 8 22 170
27 95 76 86 3 0 21 0.00 0.0 0 8.0 15 220 M M 1 20 210
28 95 77 86 3 0 21 0.00 0.0 0 7.3 13 250 M M 0 8 18 220
29 95 76 86 3 0 21 0.08 0.0 0 5.4 17 350 M M 3 13 26 360
30 90 73 82 -1 0 17 1.69 0.0 0 4.6 25 260 M M 4 123 32 260
31 91 76 84 1 0 19 0.07 0.0 0 6.4 18 280 M M 3 3 25 290
================================================================================
SM 2925 2311 0 610 4.20 0.0 188.7 M 42
================================================================================
AV 94.4 74.5 6.3 FASTST M M 1 MAX(MPH)
MISC ----> 39 300 63 300
================================================================================
NOTES:
# LAST OF SEVERAL OCCURRENCES
COLUMN 17 PEAK WIND IN M.P.H.
PRELIMINARY LOCAL CLIMATOLOGICAL DATA (WS FORM: F-6) , PAGE 2
STATION: GREENVILLE
MONTH: JULY
YEAR: 2022
LATITUDE: 33 29 N
LONGITUDE: 90 59 W
[TEMPERATURE DATA] [PRECIPITATION DATA] SYMBOLS USED IN COLUMN 16
AVERAGE MONTHLY: 84.5 TOTAL FOR MONTH: 4.20 1 = FOG OR MIST
DPTR FM NORMAL: 2.1 DPTR FM NORMAL: 1.02 2 = FOG REDUCING VISIBILITY
HIGHEST: 99 ON 8 GRTST 24HR 1.74 ON 29-30 TO 1/4 MILE OR LESS
LOWEST: 69 ON 15,12 3 = THUNDER
SNOW, ICE PELLETS, HAIL 4 = ICE PELLETS
TOTAL MONTH: 0.0 INCH 5 = HAIL
GRTST 24HR 0.0 6 = FREEZING RAIN OR DRIZZLE
GRTST DEPTH: 0 7 = DUSTSTORM OR SANDSTORM:
VSBY 1/2 MILE OR LESS
8 = SMOKE OR HAZE
[NO. OF DAYS WITH] [WEATHER - DAYS WITH] 9 = BLOWING SNOW
X = TORNADO
MAX 32 OR BELOW: 0 0.01 INCH OR MORE: 9
MAX 90 OR ABOVE: 28 0.10 INCH OR MORE: 6
MIN 32 OR BELOW: 0 0.50 INCH OR MORE: 3
MIN 0 OR BELOW: 0 1.00 INCH OR MORE: 2
[HDD (BASE 65) ]
TOTAL THIS MO. 0 CLEAR (SCALE 0-3) 28
DPTR FM NORMAL 0 PTCLDY (SCALE 4-7) 3
TOTAL FM JUL 1 0 CLOUDY (SCALE 8-10) 0
DPTR FM NORMAL 0
[CDD (BASE 65) ]
TOTAL THIS MO. 610
DPTR FM NORMAL 69 [PRESSURE DATA]
TOTAL FM JAN 1 1615 HIGHEST SLP 30.17 ON 31
DPTR FM NORMAL 292 LOWEST SLP 29.81 ON 20
[REMARKS]
#FINAL-07-22#