000
CXUS54 KHGX 020713
CF6GLS
PRELIMINARY LOCAL CLIMATOLOGICAL DATA (WS FORM: F-6)
STATION: GALVESTON
MONTH: MAY
YEAR: 2022
LATITUDE: 29 16 N
LONGITUDE: 94 52 W
TEMPERATURE IN F: :PCPN: SNOW: WIND :SUNSHINE: SKY :PK WND
================================================================================
1 2 3 4 5 6A 6B 7 8 9 10 11 12 13 14 15 16 17 18
12Z AVG MX 2MIN
DY MAX MIN AVG DEP HDD CDD WTR SNW DPTH SPD SPD DIR MIN PSBL S-S WX SPD DR
================================================================================
1 86 78 82 7 0 17 T 0.0 0 13.4 22 140 M M 7 28 130
2 86 78 82 7 0 17 0.00 0.0 0 18.2 28 150 M M 8 37 160
3 86 79 83 8 0 18 T 0.0 0 14.7 22 160 M M 8 28 150
4 86 79 83 8 0 18 0.00 0.0 0 16.2 21 150 M M 10 27 140
5 86 74 80 4 0 15 1.03 0.0 0 14.9 32 150 M M 7 138 49 150
6 86 75 81 5 0 16 T 0.0 0 9.3 18 190 M M 7 38 23 180
7 87 80 84 8 0 19 0.00 0.0 0 12.0 17 170 M M 9 8 22 160
8 88 80 84 8 0 19 0.00 0.0 0 15.8 22 150 M M 7 8 27 150
9 88 81 85 9 0 20 0.00 0.0 0 18.0 24 150 M M 8 31 150
10 88 80 84 7 0 19 0.00 0.0 0 15.8 24 140 M M 6 32 160
11 87 78 83 6 0 18 0.00 0.0 0 10.3 17 130 M M 5 23 150
12 86 75 81 4 0 16 0.00 0.0 0 7.7 14 180 M M 1 19 140
13 88 78 83 6 0 18 0.00 0.0 0 11.4 17 200 M M 2 22 200
14 88 79 84 6 0 19 0.00 0.0 0 13.1 16 160 M M 3 24 190
15 89 77 83 5 0 18 0.00 0.0 0 11.5 22 190 M M 1 27 190
16 90 78 84 6 0 19 0.00 0.0 0 11.7 23 190 M M 0 32 200
17 89 77 83 5 0 18 0.00 0.0 0 10.8 20 170 M M 2 24 180
18 90 81 86 7 0 21 0.00 0.0 0 16.3 22 180 M M 3 30 180
19 90 81 86 7 0 21 0.00 0.0 0 17.1 22 170 M M 2 29 190
20 91 81 86 7 0 21 0.00 0.0 0 19.2 33 140 M M 8 8 44 140
21 92 82 87 7 0 22 0.00 0.0 0 14.0 28 140 M M 10 8 37 150
22 84 72 78 -2 0 13 1.28 0.0 0 14.1 35 320 M M 4 13 56 310
23 83 74 79 -1 0 14 0.00 0.0 0 11.5 17 10 M M 5 22 80
24 85 74 80 0 0 15 0.37 0.0 0 13.4 30 210 M M 5 13 39 210
25 88 68 78 -2 0 13 0.31 0.0 0 10.0 45 300 M M 2 13 65 310
26 88 72 80 -1 0 15 0.00 0.0 0 10.4 20 200 M M 0 24 190
27 93 78 86 5 0 21 0.00 0.0 0 9.4 17 200 M M 0 23 200
28 89 79 84 3 0 19 0.00 0.0 0 9.5 17 170 M M 2 21 160
29 90 81 86 5 0 21 0.00 0.0 0 16.2 24 160 M M 3 31 160
30 90 83 87 5 0 22 T 0.0 0 19.2 26 160 M M 6 33 160
31 91 83 87 5 0 22 T 0.0 0 15.5 21 150 M M 4 27 140
================================================================================
SM 2728 2415 0 564 2.99 0.0 420.6 M 145
================================================================================
AV 88.0 77.9 13.6 FASTST M M 5 MAX(MPH)
MISC ----> 45 300 65 310
================================================================================
NOTES:
# LAST OF SEVERAL OCCURRENCES
COLUMN 17 PEAK WIND IN M.P.H.
PRELIMINARY LOCAL CLIMATOLOGICAL DATA (WS FORM: F-6) , PAGE 2
STATION: GALVESTON
MONTH: MAY
YEAR: 2022
LATITUDE: 29 16 N
LONGITUDE: 94 52 W
[TEMPERATURE DATA] [PRECIPITATION DATA] SYMBOLS USED IN COLUMN 16
AVERAGE MONTHLY: 83.0 TOTAL FOR MONTH: 2.99 1 = FOG OR MIST
DPTR FM NORMAL: 4.8 DPTR FM NORMAL: -0.05 2 = FOG REDUCING VISIBILITY
HIGHEST: 93 ON 27 GRTST 24HR 1.28 ON 22-22 TO 1/4 MILE OR LESS
LOWEST: 68 ON 25 3 = THUNDER
SNOW, ICE PELLETS, HAIL 4 = ICE PELLETS
TOTAL MONTH: 0.0 INCH 5 = HAIL
GRTST 24HR 0.0 6 = FREEZING RAIN OR DRIZZLE
GRTST DEPTH: 0 7 = DUSTSTORM OR SANDSTORM:
VSBY 1/2 MILE OR LESS
8 = SMOKE OR HAZE
[NO. OF DAYS WITH] [WEATHER - DAYS WITH] 9 = BLOWING SNOW
X = TORNADO
MAX 32 OR BELOW: 0 0.01 INCH OR MORE: 4
MAX 90 OR ABOVE: 9 0.10 INCH OR MORE: 4
MIN 32 OR BELOW: 0 0.50 INCH OR MORE: 2
MIN 0 OR BELOW: 0 1.00 INCH OR MORE: 2
[HDD (BASE 65) ]
TOTAL THIS MO. 0 CLEAR (SCALE 0-3) 12
DPTR FM NORMAL 0 PTCLDY (SCALE 4-7) 16
TOTAL FM JUL 1 684 CLOUDY (SCALE 8-10) 3
DPTR FM NORMAL -204
[CDD (BASE 65) ]
TOTAL THIS MO. 564
DPTR FM NORMAL 155 [PRESSURE DATA]
TOTAL FM JAN 1 1025 HIGHEST SLP 30.17 ON 22
DPTR FM NORMAL 288 LOWEST SLP 29.69 ON 24
[REMARKS]
#FINAL-05-22#