000
CXUS54 KMAF 011210
CF6GNC
PRELIMINARY LOCAL CLIMATOLOGICAL DATA (WS FORM: F-6)
STATION: GAINES COUNTY AIRPORT
MONTH: JANUARY
YEAR: 2024
LATITUDE: 32 40 N
LONGITUDE: 102 39 W
TEMPERATURE IN F: :PCPN: SNOW: WIND :SUNSHINE: SKY :PK WND
================================================================================
1 2 3 4 5 6A 6B 7 8 9 10 11 12 13 14 15 16 17 18
12Z AVG MX 2MIN
DY MAX MIN AVG DEP HDD CDD WTR SNW DPTH SPD SPD DIR MIN PSBL S-S WX SPD DR
================================================================================
1 51 26 39 M 26 0 M M M 2.9 8 30 M M 0 M M
2 45 32 39 M 26 0 M M M 3.1 8 340 M M 4 1 M M
3 56 28 42 M 23 0 M M M 2.8 8 330 M M 1 12 M M
4 42 34 38 M 27 0 0.03 M M 10.8 18 140 M M 8 12 25 140
5 53 32 43 M 22 0 M M M 8.5 20 300 M M 2 25 300
6 47 31 39 M 26 0 M M M 5.1 15 300 M M 3 22 300
7 58 25 42 M 23 0 M M M 13.1 29 170 M M 0 35 170
8 51 36 44 M 21 0 M M M 22.2 32 290 M M 3 8 43 270
9 49 23 36 M 29 0 M M M 10.5 21 270 M M 0 29 280
10 65 32 49 M 16 0 M M M 12.5 17 260 M M 0 23 260
11 64 33 49 M 16 0 M M M 16.4 31 250 M M 1 8 37 250
12 51 26 39 M 26 0 M M M 12.3 29 300 M M 0 38 300
13 65 18 42 M 23 0 M M M 10.3 22 80 M M 0 31 80
14 27 11 19 M 46 0 M M M 10.2 15 70 M M 0 18 70
15 34 9 22 M 43 0 M M M 7.7 22 50 M M 0 30 50
16 31 10 21 M 44 0 M M M 3.7 12 50 M M 0 16 50
17 61 17 39 M 26 0 M M M 8.1 18 220 M M 0 22 220
18 71 38 55 M 10 0 M M M 8.0 22 280 M M 0 30 280
19 44 19 32 M 33 0 M M M 5.6 24 10 M M 0 30 10
20 36 19 28 M 37 0 M M M 2.1 10 130 M M 0 M M
21 46 27 37 M 28 0 M M M 4.0 13 160 M M 5 1 17 160
22 61 36 49 M 16 0 M M M 1.4 12 160 M M 5 12 18 160
23 58 36 47 M 18 0 0.02 M M 3.6 12 60 M M 7 12 17 70
24 54 42 48 M 17 0 0.13 M M 2.8 12 80 M M 8 12 M M
25 59 34 47 M 18 0 M M M 2.0 9 210 M M 4 12 M M
26 58 40 49 M 16 0 M M M 6.8 18 350 M M 7 24 350
27 59 35 47 M 18 0 M M M 2.1 13 330 M M 1 17 0
28 64 32 48 M 17 0 M M M 1.1 8 220 M M 0 M M
29 66 31 49 M 16 0 M M M 1.5 6 200 M M 0 M M
30 66 33 50 M 15 0 M M M 0.0 M M M M 0 M M
31 67 36 52 M 13 0 M M M 1.7 9 160 M M 2 18 0
================================================================================
SM 1659 881 735 0 0.18 M 202.8 M 61
================================================================================
AV 53.5 28.4 6.5 FASTST M M 2 MAX(MPH)
MISC ----> 32 290 43 270
================================================================================
NOTES:
# LAST OF SEVERAL OCCURRENCES
COLUMN 17 PEAK WIND IN M.P.H.
PRELIMINARY LOCAL CLIMATOLOGICAL DATA (WS FORM: F-6) , PAGE 2
STATION: GAINES COUNTY AIRPORT
MONTH: JANUARY
YEAR: 2024
LATITUDE: 32 40 N
LONGITUDE: 102 39 W
[TEMPERATURE DATA] [PRECIPITATION DATA] SYMBOLS USED IN COLUMN 16
AVERAGE MONTHLY: 41.0 TOTAL FOR MONTH: 0.18 1 = FOG OR MIST
DPTR FM NORMAL: 0.0 DPTR FM NORMAL: M 2 = FOG REDUCING VISIBILITY
HIGHEST: 71 ON 18 GRTST 24HR 0.13 ON 24-24 TO 1/4 MILE OR LESS
LOWEST: 9 ON 15 3 = THUNDER
SNOW, ICE PELLETS, HAIL 4 = ICE PELLETS
TOTAL MONTH: M 5 = HAIL
GRTST 24HR M ON M 6 = FREEZING RAIN OR DRIZZLE
GRTST DEPTH: M ON M 7 = DUSTSTORM OR SANDSTORM:
VSBY 1/2 MILE OR LESS
8 = SMOKE OR HAZE
[NO. OF DAYS WITH] [WEATHER - DAYS WITH] 9 = BLOWING SNOW
X = TORNADO
MAX 32 OR BELOW: 2 0.01 INCH OR MORE: 3
MAX 90 OR ABOVE: 0 0.10 INCH OR MORE: 1
MIN 32 OR BELOW: 19 0.50 INCH OR MORE: 0
MIN 0 OR BELOW: 0 1.00 INCH OR MORE: 0
[HDD (BASE 65) ]
TOTAL THIS MO. 735 CLEAR (SCALE 0-3) 22
DPTR FM NORMAL M PTCLDY (SCALE 4-7) 9
TOTAL FM JUL 1 1761 CLOUDY (SCALE 8-10) 0
DPTR FM NORMAL M
[CDD (BASE 65) ]
TOTAL THIS MO. 0
DPTR FM NORMAL M [PRESSURE DATA]
TOTAL FM JAN 1 0 HIGHEST SLP M ON M
DPTR FM NORMAL M LOWEST SLP M ON M
[REMARKS]
#FINAL-01-24#