000
CXUS54 KFWD 010830
CF6GOP
PRELIMINARY LOCAL CLIMATOLOGICAL DATA (WS FORM: F-6)
STATION: GATESVILLE
MONTH: FEBRUARY
YEAR: 2022
LATITUDE: 31 25 N
LONGITUDE: 97 48 W
TEMPERATURE IN F: :PCPN: SNOW: WIND :SUNSHINE: SKY :PK WND
================================================================================
1 2 3 4 5 6A 6B 7 8 9 10 11 12 13 14 15 16 17 18
12Z AVG MX 2MIN
DY MAX MIN AVG DEP HDD CDD WTR SNW DPTH SPD SPD DIR MIN PSBL S-S WX SPD DR
================================================================================
1 64 45 55 8 10 0 0.00 M M 3.6 10 160 M M 6 12 16 160
2 50 34 42 -5 23 0 0.17 M M 8.6 16 330 M M 2 1 22 330
3 32 19 26 -21 39 0 0.07 M M 2.7 18 320 M M 0 18 31 0
4 36 18 27 -20 38 0 0.00 M M 11.3 20 320 M M 0 24 320
5 50 18 34 -13 31 0 0.00 M M 3.1 7 160 M M 0 12 0
6 57 25 41 -6 24 0 0.00 M M 3.6 10 190 M M 0 15 190
7 57 30 44 -4 21 0 0.00 M M 6.4 14 340 M M 0 21 340
8 66 27 47 -1 18 0 0.00 M M 4.8 12 210 M M 0 16 230
9 70 34 52 4 13 0 0.00 M M 2.7 12 60 M M 0 17 60
10 73 30 52 4 13 0 0.00 M M 4.2 12 190 M M 0 13 280
11 77 46 62 14 3 0 0.00 M M 9.0 20 200 M M 0 25 210
12 55 30 43 -5 22 0 0.00 M M 9.7 18 360 M M 1 26 360
13 64 23 44 -4 21 0 0.00 M M 4.7 12 270 M M 0 18 260
14 70 30 50 1 15 0 0.00 M M 5.7 17 190 M M 0 21 170
15 72 37 55 6 10 0 0.00 M M 10.1 18 160 M M 0 30 170
16 72 61 67 18 0 2 0.00 M M 13.8 21 180 M M 6 30 160
17 68 32 50 1 15 0 0.04 M M 13.2 23 320 M M 3 31 320
18 55 27 41 -8 24 0 0.00 M M 5.1 12 350 M M 0 18 350
19 64 23 44 -6 21 0 0.00 M M 3.2 9 150 M M 0 15 100
20 68 39 54 4 11 0 0.00 M M 8.8 18 190 M M 0 23 190
21 86 59 73 23 0 8 0.00 M M 11.4 21 190 M M 3 1 30 190
22 72 39 56 6 9 0 0.01 M M 11.9 25 190 M M 1 35 190
23 39 23 31 -19 34 0 M M M 11.8 15 350 M M 0 1 23 10
24 32 23 28 -23 37 0 0.00 M M 0.0 M M M M 0 1 M M
25 36 25 31 -20 34 0 0.00 M M 3.5 10 360 M M 0 17 360
26 37 32 35 -16 30 0 0.01 M M 5.9 10 340 M M 0 18 13 340
27 57 30 44 -7 21 0 0.00 M M 7.5 15 350 M M 0 1 21 350
28 66 21 44 -8 21 0 0.00 M M 1.8 8 150 M M 0 M M
================================================================================
SM 1645 880 558 10 0.30 M 188.0 M 22
================================================================================
AV 58.8 31.4 6.7 FASTST M M 1 MAX(MPH)
MISC ----> 25 190 35 190
================================================================================
NOTES:
# LAST OF SEVERAL OCCURRENCES
COLUMN 17 PEAK WIND IN M.P.H.
PRELIMINARY LOCAL CLIMATOLOGICAL DATA (WS FORM: F-6) , PAGE 2
STATION: GATESVILLE
MONTH: FEBRUARY
YEAR: 2022
LATITUDE: 31 25 N
LONGITUDE: 97 48 W
[TEMPERATURE DATA] [PRECIPITATION DATA] SYMBOLS USED IN COLUMN 16
AVERAGE MONTHLY: 45.1 TOTAL FOR MONTH: 0.30 1 = FOG OR MIST
DPTR FM NORMAL: -3.7 DPTR FM NORMAL: 0.30 2 = FOG REDUCING VISIBILITY
HIGHEST: 86 ON 21 GRTST 24HR 0.17 ON 2- 2 TO 1/4 MILE OR LESS
LOWEST: 18 ON 5, 4 3 = THUNDER
SNOW, ICE PELLETS, HAIL 4 = ICE PELLETS
TOTAL MONTH: M 5 = HAIL
GRTST 24HR M ON M 6 = FREEZING RAIN OR DRIZZLE
GRTST DEPTH: M ON M 7 = DUSTSTORM OR SANDSTORM:
VSBY 1/2 MILE OR LESS
8 = SMOKE OR HAZE
[NO. OF DAYS WITH] [WEATHER - DAYS WITH] 9 = BLOWING SNOW
X = TORNADO
MAX 32 OR BELOW: 2 0.01 INCH OR MORE: 5
MAX 90 OR ABOVE: 0 0.10 INCH OR MORE: 1
MIN 32 OR BELOW: 19 0.50 INCH OR MORE: 0
MIN 0 OR BELOW: 0 1.00 INCH OR MORE: 0
[HDD (BASE 65) ]
TOTAL THIS MO. 558 CLEAR (SCALE 0-3) 26
DPTR FM NORMAL 103 PTCLDY (SCALE 4-7) 2
TOTAL FM JUL 1 1587 CLOUDY (SCALE 8-10) 0
DPTR FM NORMAL -448
[CDD (BASE 65) ]
TOTAL THIS MO. 10
DPTR FM NORMAL 7 [PRESSURE DATA]
TOTAL FM JAN 1 10 HIGHEST SLP M ON M
DPTR FM NORMAL 9 LOWEST SLP M ON M
[REMARKS]
#FINAL-02-22#