000
CXUS55 KMSO 041823
CF6GPI
PRELIMINARY LOCAL CLIMATOLOGICAL DATA (WS FORM: F-6)
STATION: KALISPELL MT
MONTH: DECEMBER
YEAR: 2021
LATITUDE: 48 17 N
LONGITUDE: 114 16 W
TEMPERATURE IN F: :PCPN: SNOW: WIND :SUNSHINE: SKY :PK WND
================================================================================
1 2 3 4 5 6A 6B 7 8 9 10 11 12 13 14 15 16 17 18
12Z AVG MX 2MIN
DY MAX MIN AVG DEP HDD CDD WTR SNW DPTH SPD SPD DIR MIN PSBL S-S WX SPD DR
================================================================================
1 62 49 56 29 9 0 0.00 0.0 0 13.5 25 150 M M 10 33 150
2 59 38 49 22 16 0 0.02 0.0 0 8.6 21 190 M M 6 25 190
3 41 24 33 6 32 0 0.00 0.0 0 0.6 7 20 M M 4 12 240
4 36 16 26 0 39 0 0.43 4.5 1 2.5 13 220 M M 9 12 16 210
5 31 3 17 -9 48 0 0.00 0.0 5 1.8 14 270 M M 4 128 17 280
6 24 5 15 -11 50 0 0.07 3.0 3 0.6 5 210 M M 8 12 6 280
7 28 10 19 -7 46 0 T T 4 0.0 3 280 M M 10 1 5 230
8 41 22 32 7 33 0 0.09 0.5 3 8.7 20 220 M M 9 1268 29 280
9 33 17 25 0 40 0 T T 2 6.4 16 210 M M 9 20 210
10 32 8 20 -5 45 0 T 0.0 1 5.7 15 220 M M 7 1 22 220
11 40 31 36 11 29 0 T 0.0 1 15.6 29 160 M M 10 38 160
12 38 27 33 9 32 0 0.05 0.0 0 7.4 16 200 M M 9 1 21 210
13 36 25 31 7 34 0 0.09 0.8 1 1.6 8 360 M M 9 1 10 10
14 35 29 32 8 33 0 0.16 0.3 1 5.9 13 200 M M 10 1 17 340
15 31 16 24 0 41 0 0.00 0.0 1 3.2 9 140 M M 8 17 190
16 25 12 19 -5 46 0 0.08 2.0 1 2.0 8 210 M M 9 1 9 230
17 21 3 12 -12 53 0 T T 3 9.0 33 30 M M 8 42 20
18 30 3 17 -6 48 0 0.16 2.2 1 1.3 9 190 M M 9 18 12 190
19 37 21 29 6 36 0 0.04 0.3 2 7.3 17 10 M M 8 16 23 10
20 23 4 14 -9 51 0 0.14 1.3 3 3.5 18 360 M M 8 12 26 360
21 24 9 17 -6 48 0 0.01 T 4 0.9 6 170 M M 10 12 7 140
22 44 24 34 11 31 0 0.03 0.7 5 5.1 13 220 M M 10 1 16 220
23 41 28 35 12 30 0 0.08 T 3 11.2 31 200 M M 8 1 42 230
24 35 23 29 6 36 0 0.00 0.0 3 7.2 14 170 M M 9 23 140
25 28 15 22 0 43 0 T T 2 9.1 14 40 M M 7 17 40
26 16 3 10 -12 55 0 0.07 1.5 2 18.2 31 20 M M 10 289 41 20
27 8 2 5 -17 60 0 0.02 0.6 4 6.3 23 20 M M 10 8 30 20
28 14 -7 4 -18 61 0 0.04 0.7 4 0.9 7 340 M M 9 18 8 340
29 13 -9 2 -20 63 0 T T 5 2.0 12 340 M M 6 18 15 340
30 20 5 13 -9 52 0 0.09 1.4 5 2.7 20 360 M M 9 18 26 350
31 12 -12 0 -22 65 0 T T 6 12.7 25 10 M M 7 18 35 360
================================================================================
SM 958 444 1305 0 1.67 19.8 181.5 M 259
================================================================================
AV 30.9 14.3 5.9 FASTST M M 8 MAX(MPH)
MISC ----> 33 30 # 42 20
================================================================================
NOTES:
# LAST OF SEVERAL OCCURRENCES
COLUMN 17 PEAK WIND IN M.P.H.
PRELIMINARY LOCAL CLIMATOLOGICAL DATA (WS FORM: F-6) , PAGE 2
STATION: KALISPELL MT
MONTH: DECEMBER
YEAR: 2021
LATITUDE: 48 17 N
LONGITUDE: 114 16 W
[TEMPERATURE DATA] [PRECIPITATION DATA] SYMBOLS USED IN COLUMN 16
AVERAGE MONTHLY: 22.6 TOTAL FOR MONTH: 1.67 1 = FOG OR MIST
DPTR FM NORMAL: -1.5 DPTR FM NORMAL: 0.17 2 = FOG REDUCING VISIBILITY
HIGHEST: 62 ON 1 GRTST 24HR 0.43 ON 4- 4 TO 1/4 MILE OR LESS
LOWEST: -12 ON 31 3 = THUNDER
SNOW, ICE PELLETS, HAIL 4 = ICE PELLETS
TOTAL MONTH: 19.8 INCHES 5 = HAIL
GRTST 24HR 4.5 ON 4- 4 6 = FREEZING RAIN OR DRIZZLE
GRTST DEPTH: 6 ON 31 7 = DUSTSTORM OR SANDSTORM:
VSBY 1/2 MILE OR LESS
8 = SMOKE OR HAZE
[NO. OF DAYS WITH] [WEATHER - DAYS WITH] 9 = BLOWING SNOW
X = TORNADO
MAX 32 OR BELOW: 17 0.01 INCH OR MORE: 18
MAX 90 OR ABOVE: 0 0.10 INCH OR MORE: 4
MIN 32 OR BELOW: 29 0.50 INCH OR MORE: 0
MIN 0 OR BELOW: 3 1.00 INCH OR MORE: 0
[HDD (BASE 65) ]
TOTAL THIS MO. 1305 CLEAR (SCALE 0-3) 0
DPTR FM NORMAL 37 PTCLDY (SCALE 4-7) 12
TOTAL FM JUL 1 3165 CLOUDY (SCALE 8-10) 19
DPTR FM NORMAL -328
[CDD (BASE 65) ]
TOTAL THIS MO. 0
DPTR FM NORMAL 0 [PRESSURE DATA]
TOTAL FM JAN 1 410 HIGHEST SLP 30.52 ON 17
DPTR FM NORMAL 267 LOWEST SLP 29.07 ON 23
[REMARKS]
#FINAL-12-21#