000
CXUS53 KGRB 011506
CF6GRB
PRELIMINARY LOCAL CLIMATOLOGICAL DATA (WS FORM: F-6)
STATION: GREEN BAY WI
MONTH: MARCH
YEAR: 2020
LATITUDE: 44 28 N
LONGITUDE: 88 8 W
TEMPERATURE IN F: :PCPN: SNOW: WIND :SUNSHINE: SKY :PK WND
================================================================================
1 2 3 4 5 6A 6B 7 8 9 10 11 12 13 14 15 16 17 18
12Z AVG MX 2MIN
DY MAX MIN AVG DEP HDD CDD WTR SNW DPTH SPD SPD DIR MIN PSBL S-S WX SPD DR
================================================================================
1 44 20 32 7 33 0 0.00 0.0 7 8.6 16 200 M M 0 23 210
2 39 21 30 5 35 0 0.00 0.0 6 7.2 16 270 M M 2 22 290
3 40 20 30 4 35 0 0.04 0.1 5 8.1 21 270 M M 7 1 29 280
4 38 22 30 4 35 0 0.00 0.0 5 8.2 21 310 M M 1 28 310
5 40 23 32 6 33 0 0.08 T 4 11.7 29 350 M M 10 8 45 330
6 36 20 28 1 37 0 T T 3 11.0 32 340 M M 4 45 340
7 43 20 32 5 33 0 0.00 0.0 2 9.8 21 200 M M 0 33 190
8 53 37 45 18 20 0 0.00 0.0 T 10.5 20 200 M M 0 27 200
9 48 32 40 12 25 0 0.55 0.0 0 10.5 28 40 M M 7 1 33 40
10 40 26 33 5 32 0 0.01 0.1 T 6.6 18 350 M M 3 16 27 350
11 39 32 36 7 29 0 0.21 2.0 0 3.2 8 160 M M 10 126 11 150
12 47 35 41 12 24 0 0.51 0.0 0 12.6 26 280 M M 10 12 37 280
13 39 32 36 6 29 0 0.00 0.0 0 18.5 30 290 M M 2 41 280
14 32 27 30 0 35 0 0.00 0.0 0 9.5 17 40 M M 5 22 30
15 36 22 29 -1 36 0 0.00 0.0 0 8.9 17 40 M M 3 21 40
16 37 25 31 0 34 0 0.00 0.0 0 5.3 10 230 M M 8 16 230
17 44 29 37 6 28 0 0.00 0.0 0 10.3 22 280 M M 2 28 280
18 38 33 36 4 29 0 T T 0 7.4 18 180 M M 10 1 24 190
19 43 34 39 7 26 0 1.22 0.0 0 8.0 16 120 M M 10 18 22 110
20 37 21 29 -3 36 0 0.09 0.3 0 15.3 25 340 M M 7 1 38 330
21 31 19 25 -8 40 0 T T 0 6.4 13 90 M M 3 20 50
22 35 22 29 -4 36 0 T T 0 7.4 18 140 M M 7 8 23 140
23 41 27 34 0 31 0 T T 0 3.3 9 210 M M 6 18 13 220
24 49 31 40 6 25 0 0.00 0.0 0 5.9 18 130 M M 9 1 22 130
25 50 36 43 8 22 0 0.61 0.0 0 8.4 17 30 M M 10 18 23 210
26 43 32 38 3 27 0 T 0.0 0 7.0 15 40 M M 6 1 21 40
27 41 30 36 1 29 0 0.06 0.0 0 6.2 12 40 M M 9 12 14 50
28 43 35 39 3 26 0 0.78 0.0 0 12.6 21 40 M M 10 13 28 50
29 46 38 42 6 23 0 0.20 0.0 0 10.3 20 290 M M 9 12 28 300
30 48 37 43 6 22 0 0.00 0.0 0 13.7 23 350 M M 10 30 350
31 39 34 37 0 28 0 T T 0 11.4 20 40 M M 10 18 26 30
================================================================================
SM 1279 872 933 0 4.36 2.5 283.8 M 190
================================================================================
AV 41.3 28.1 9.2 FASTST M M 6 MAX(MPH)
MISC ----> # 32 340 # 45 330
================================================================================
NOTES:
# LAST OF SEVERAL OCCURRENCES
COLUMN 17 PEAK WIND IN M.P.H.
PRELIMINARY LOCAL CLIMATOLOGICAL DATA (WS FORM: F-6) , PAGE 2
STATION: GREEN BAY WI
MONTH: MARCH
YEAR: 2020
LATITUDE: 44 28 N
LONGITUDE: 88 8 W
[TEMPERATURE DATA] [PRECIPITATION DATA] SYMBOLS USED IN COLUMN 16
AVERAGE MONTHLY: 34.7 TOTAL FOR MONTH: 4.36 1 = FOG OR MIST
DPTR FM NORMAL: 3.9 DPTR FM NORMAL: 2.51 2 = FOG REDUCING VISIBILITY
HIGHEST: 53 ON 8 GRTST 24HR 1.22 ON 19-19 TO 1/4 MILE OR LESS
LOWEST: 19 ON 21 3 = THUNDER
SNOW, ICE PELLETS, HAIL 4 = ICE PELLETS
TOTAL MONTH: 2.5 INCHES 5 = HAIL
GRTST 24HR 2.0 ON 11-11 6 = FREEZING RAIN OR DRIZZLE
GRTST DEPTH: 7 ON 1 7 = DUSTSTORM OR SANDSTORM:
VSBY 1/2 MILE OR LESS
8 = SMOKE OR HAZE
[NO. OF DAYS WITH] [WEATHER - DAYS WITH] 9 = BLOWING SNOW
X = TORNADO
MAX 32 OR BELOW: 2 0.01 INCH OR MORE: 12
MAX 90 OR ABOVE: 0 0.10 INCH OR MORE: 7
MIN 32 OR BELOW: 22 0.50 INCH OR MORE: 5
MIN 0 OR BELOW: 0 1.00 INCH OR MORE: 1
[HDD (BASE 65) ]
TOTAL THIS MO. 933 CLEAR (SCALE 0-3) 9
DPTR FM NORMAL -127 PTCLDY (SCALE 4-7) 10
TOTAL FM JUL 1 6260 CLOUDY (SCALE 8-10) 12
DPTR FM NORMAL -640
[CDD (BASE 65) ]
TOTAL THIS MO. 0
DPTR FM NORMAL 0 [PRESSURE DATA]
TOTAL FM JAN 1 0 HIGHEST SLP 30.76 ON 15
DPTR FM NORMAL 0 LOWEST SLP 29.33 ON 29
[REMARKS]
#FINAL-03-20#