000
CXUS53 KGID 010930
CF6GRI
PRELIMINARY LOCAL CLIMATOLOGICAL DATA (WS FORM: F-6)
STATION: GRAND ISLAND NE
MONTH: JANUARY
YEAR: 2023
LATITUDE: 40 58 N
LONGITUDE: 98 19 W
TEMPERATURE IN F: :PCPN: SNOW: WIND :SUNSHINE: SKY :PK WND
================================================================================
1 2 3 4 5 6A 6B 7 8 9 10 11 12 13 14 15 16 17 18
12Z AVG MX 2MIN
DY MAX MIN AVG DEP HDD CDD WTR SNW DPTH SPD SPD DIR MIN PSBL S-S WX SPD DR
================================================================================
1 45 27 36 10 29 0 0.00 0.0 0 5.8 14 40 M M 3 12 20 40
2 34 31 33 7 32 0 0.16 0.0 0 15.0 29 40 M M 6 16 37 50
3 32 26 29 3 36 0 0.33 1.4 1 16.6 36 50 M M 10 18 47 60
4 33 23 28 2 37 0 0.00 0.0 1 13.8 22 300 M M 5 29 300
5 36 19 28 2 37 0 0.00 0.0 1 10.3 18 310 M M 0 24 300
6 39 14 27 1 38 0 0.00 0.0 1 6.1 13 40 M M 2 18 17 40
7 34 24 29 3 36 0 0.00 0.0 1 5.3 10 20 M M 7 18 13 30
8 47 19 33 7 32 0 0.00 0.0 T 5.8 12 270 M M 0 18 13 270
9 49 28 39 13 26 0 0.00 0.0 T 9.8 16 260 M M 0 8 20 260
10 53 24 39 13 26 0 0.00 0.0 0 5.5 14 160 M M 0 20 170
11 40 27 34 8 31 0 0.00 0.0 0 12.1 28 350 M M 4 37 360
12 30 25 28 2 37 0 0.00 0.0 0 15.4 29 350 M M 10 37 340
13 35 23 29 3 36 0 0.01 T 0 6.1 13 200 M M 6 128 20 210
14 42 29 36 10 29 0 0.00 0.0 0 9.2 17 170 M M 0 23 200
15 41 23 32 6 33 0 0.00 0.0 0 5.3 10 160 M M 1 15 160
16 42 32 37 11 28 0 T 0.0 0 12.1 20 320 M M 8 26 330
17 40 30 35 9 30 0 0.00 0.0 0 7.8 16 330 M M 10 20 330
18 32 24 28 2 37 0 0.97 10.0 0 17.0 24 60 M M 10 16 33 60
19 34 15 25 -1 40 0 T T 10 15.0 25 330 M M 8 16 33 330
20 32 7 20 -6 45 0 0.00 0.0 9 6.1 12 270 M M 0 18 13 280
21 31 16 24 -2 41 0 0.01 0.1 8 5.8 10 280 M M 6 128 13 280
22 30 8 19 -7 46 0 0.00 0.0 7 6.1 10 300 M M 3 128 14 290
23 37 6 22 -4 43 0 0.00 0.0 6 6.3 14 280 M M 5 1 17 270
24 35 23 29 3 36 0 0.00 0.0 5 7.3 14 220 M M 6 12 17 230
25 29 18 24 -2 41 0 0.00 0.0 4 14.4 32 340 M M 6 42 330
26 35 23 29 3 36 0 T T 4 10.3 25 220 M M 7 34 220
27 40 33 37 11 28 0 0.00 0.0 4 12.5 24 320 M M 4 33 290
28 34 4 19 -7 46 0 0.01 0.5 4 20.0 29 360 M M 10 1 38 360
29 8 0 4 -22 61 0 T 0.3 4 13.3 23 360 M M 8 31 350
30 14 2 8 -18 57 0 T T 4 7.2 14 350 M M 7 19 230
31 23 7 15 -12 50 0 0.00 0.0 4 11.2 20 240 M M 2 24 240
================================================================================
SM 1086 610 1160 0 1.49 12.3 314.5 M 154
================================================================================
AV 35.0 19.7 10.1 FASTST M M 5 MAX(MPH)
MISC ----> 36 50 47 60
================================================================================
NOTES:
# LAST OF SEVERAL OCCURRENCES
COLUMN 17 PEAK WIND IN M.P.H.
PRELIMINARY LOCAL CLIMATOLOGICAL DATA (WS FORM: F-6) , PAGE 2
STATION: GRAND ISLAND NE
MONTH: JANUARY
YEAR: 2023
LATITUDE: 40 58 N
LONGITUDE: 98 19 W
[TEMPERATURE DATA] [PRECIPITATION DATA] SYMBOLS USED IN COLUMN 16
AVERAGE MONTHLY: 27.4 TOTAL FOR MONTH: 1.49 1 = FOG OR MIST
DPTR FM NORMAL: 1.5 DPTR FM NORMAL: 0.88 2 = FOG REDUCING VISIBILITY
HIGHEST: 53 ON 10 GRTST 24HR 0.97 ON 18-18 TO 1/4 MILE OR LESS
LOWEST: 0 ON 29 3 = THUNDER
SNOW, ICE PELLETS, HAIL 4 = ICE PELLETS
TOTAL MONTH: 12.3 INCHES 5 = HAIL
GRTST 24HR 10.0 ON 18-18 6 = FREEZING RAIN OR DRIZZLE
GRTST DEPTH: 10 ON 19 7 = DUSTSTORM OR SANDSTORM:
VSBY 1/2 MILE OR LESS
8 = SMOKE OR HAZE
[NO. OF DAYS WITH] [WEATHER - DAYS WITH] 9 = BLOWING SNOW
X = TORNADO
MAX 32 OR BELOW: 10 0.01 INCH OR MORE: 6
MAX 90 OR ABOVE: 0 0.10 INCH OR MORE: 3
MIN 32 OR BELOW: 30 0.50 INCH OR MORE: 1
MIN 0 OR BELOW: 1 1.00 INCH OR MORE: 0
[HDD (BASE 65) ]
TOTAL THIS MO. 1160 CLEAR (SCALE 0-3) 11
DPTR FM NORMAL -54 PTCLDY (SCALE 4-7) 15
TOTAL FM JUL 1 3536 CLOUDY (SCALE 8-10) 5
DPTR FM NORMAL -24
[CDD (BASE 65) ]
TOTAL THIS MO. 0
DPTR FM NORMAL 0 [PRESSURE DATA]
TOTAL FM JAN 1 0 HIGHEST SLP 30.63 ON 30
DPTR FM NORMAL 0 LOWEST SLP 29.40 ON 16
[REMARKS]
#FINAL-01-23#