000
CXUS53 KGRR 010910
CF6GRR
PRELIMINARY LOCAL CLIMATOLOGICAL DATA (WS FORM: F-6)
STATION: GRAND RAPIDS
MONTH: AUGUST
YEAR: 2023
LATITUDE: 42 52 N
LONGITUDE: 85 31 W
TEMPERATURE IN F: :PCPN: SNOW: WIND :SUNSHINE: SKY :PK WND
================================================================================
1 2 3 4 5 6A 6B 7 8 9 10 11 12 13 14 15 16 17 18
12Z AVG MX 2MIN
DY MAX MIN AVG DEP HDD CDD WTR SNW DPTH SPD SPD DIR MIN PSBL S-S WX SPD DR
================================================================================
1 79 56 68 -4 0 3 0.00 0.0 0 2.8 9 210 M M 3 15 200
2 83 65 74 2 0 9 0.00 0.0 0 8.4 16 240 M M 6 22 240
3 85 63 74 2 0 9 0.00 0.0 0 8.8 18 240 M M 4 1 26 250
4 85 64 75 3 0 10 0.00 0.0 0 4.4 14 80 M M 3 1 17 350
5 79 63 71 -1 0 6 0.00 0.0 0 10.4 17 70 M M 6 22 70
6 65 61 63 -9 2 0 0.60 0.0 0 10.5 17 50 M M 9 1 24 70
7 79 62 71 -1 0 6 T 0.0 0 8.6 17 320 M M 8 1 23 310
8 82 60 71 -1 0 6 0.00 0.0 0 7.7 17 240 M M 5 18 21 260
9 80 61 71 -1 0 6 0.00 0.0 0 7.1 16 250 M M 6 1 22 250
10 80 63 72 0 0 7 0.00 0.0 0 10.0 24 250 M M 5 1 31 300
11 83 57 70 -2 0 5 T 0.0 0 8.4 21 250 M M 6 3 28 240
12 80 65 73 1 0 8 0.16 0.0 0 9.5 20 280 M M 4 13 27 270
13 78 61 70 -2 0 5 T 0.0 0 5.1 14 340 M M 5 1 20 350
14 76 62 69 -3 0 4 1.22 0.0 0 11.6 22 60 M M 9 13 31 50
15 76 61 69 -2 0 4 0.28 0.0 0 10.1 20 60 M M 8 18 30 60
16 79 52 66 -5 0 1 0.00 0.0 0 7.6 16 220 M M 2 22 260
17 75 58 67 -4 0 2 0.50 0.0 0 13.3 26 310 M M 6 13 39 310
18 74 54 64 -7 1 0 0.00 0.0 0 9.5 20 310 M M 2 1 28 320
19 77 51 64 -7 1 0 0.00 0.0 0 7.3 15 190 M M 1 18 22 210
20 88 63 76 5 0 11 0.00 0.0 0 6.1 13 10 M M 3 1 17 360
21 79 63 71 0 0 6 0.00 0.0 0 6.9 13 80 M M 6 16 80
22 75 62 69 -1 0 4 0.00 0.0 0 8.7 15 100 M M 6 20 110
23 91 66 79 9 0 14 T 0.0 0 11.8 21 240 M M 6 30 250
24 91 71 81 11 0 16 0.12 0.0 0 8.5 39 330 M M 7 138 49 330
25 78 68 73 3 0 8 T 0.0 0 4.4 10 80 M M 9 1 13 310
26 76 61 69 -1 0 4 0.00 0.0 0 6.9 15 80 M M 6 1 21 70
27 73 52 63 -7 2 0 0.00 0.0 0 5.8 15 90 M M 1 21 40
28 77 50 64 -5 1 0 0.00 0.0 0 2.3 13 260 M M 1 1 16 260
29 76 55 66 -3 0 1 0.05 0.0 0 10.1 23 330 M M 5 31 330
30 72 53 63 -6 2 0 0.00 0.0 0 8.0 17 350 M M 3 22 350
31 73 47 60 -9 5 0 0.00 0.0 0 3.8 10 90 M M 1 14 120
================================================================================
SM 2444 1850 14 155 2.93 0.0 244.4 M 152
================================================================================
AV 78.8 59.7 7.9 FASTST M M 5 MAX(MPH)
MISC ----> 39 330 49 330
================================================================================
NOTES:
# LAST OF SEVERAL OCCURRENCES
COLUMN 17 PEAK WIND IN M.P.H.
PRELIMINARY LOCAL CLIMATOLOGICAL DATA (WS FORM: F-6) , PAGE 2
STATION: GRAND RAPIDS
MONTH: AUGUST
YEAR: 2023
LATITUDE: 42 52 N
LONGITUDE: 85 31 W
[TEMPERATURE DATA] [PRECIPITATION DATA] SYMBOLS USED IN COLUMN 16
AVERAGE MONTHLY: 69.3 TOTAL FOR MONTH: 2.93 1 = FOG OR MIST
DPTR FM NORMAL: -1.8 DPTR FM NORMAL: -0.62 2 = FOG REDUCING VISIBILITY
HIGHEST: 91 ON 24,23 GRTST 24HR 1.50 ON 14-15 TO 1/4 MILE OR LESS
LOWEST: 47 ON 31 3 = THUNDER
SNOW, ICE PELLETS, HAIL 4 = ICE PELLETS
TOTAL MONTH: 0.0 INCH 5 = HAIL
GRTST 24HR 0.0 6 = FREEZING RAIN OR DRIZZLE
GRTST DEPTH: 0 7 = DUSTSTORM OR SANDSTORM:
VSBY 1/2 MILE OR LESS
8 = SMOKE OR HAZE
[NO. OF DAYS WITH] [WEATHER - DAYS WITH] 9 = BLOWING SNOW
X = TORNADO
MAX 32 OR BELOW: 0 0.01 INCH OR MORE: 7
MAX 90 OR ABOVE: 2 0.10 INCH OR MORE: 6
MIN 32 OR BELOW: 0 0.50 INCH OR MORE: 3
MIN 0 OR BELOW: 0 1.00 INCH OR MORE: 1
[HDD (BASE 65) ]
TOTAL THIS MO. 14 CLEAR (SCALE 0-3) 8
DPTR FM NORMAL 2 PTCLDY (SCALE 4-7) 19
TOTAL FM JUL 1 14 CLOUDY (SCALE 8-10) 4
DPTR FM NORMAL 3
[CDD (BASE 65) ]
TOTAL THIS MO. 155
DPTR FM NORMAL -45 [PRESSURE DATA]
TOTAL FM JAN 1 568 HIGHEST SLP 30.30 ON 22
DPTR FM NORMAL -84 LOWEST SLP 29.62 ON 17
[REMARKS]
#FINAL-08-23#