000
CXUS53 KIWX 010810
CF6GSH
PRELIMINARY LOCAL CLIMATOLOGICAL DATA (WS FORM: F-6)
STATION: GOSHEN
MONTH: JULY
YEAR: 2021
LATITUDE: 41 31 N
LONGITUDE: 85 47 W
TEMPERATURE IN F: :PCPN: SNOW: WIND :SUNSHINE: SKY :PK WND
================================================================================
1 2 3 4 5 6A 6B 7 8 9 10 11 12 13 14 15 16 17 18
12Z AVG MX 2MIN
DY MAX MIN AVG DEP HDD CDD WTR SNW DPTH SPD SPD DIR MIN PSBL S-S WX SPD DR
================================================================================
1 81 59 70 -3 0 5 0.00 M M 9.5 22 340 M M 2 1 28 330
2 75 56 66 -7 0 1 0.00 M M 8.4 18 330 M M 1 25 340
3 82 53 68 -5 0 3 0.00 M M 8.3 21 280 M M 2 26 270
4 87 65 76 3 0 11 0.00 M M 6.5 13 270 M M 0 1 16 270
5 88 68 78 5 0 13 0.00 M M 9.2 20 250 M M 0 18 26 220
6 88 69 79 6 0 14 0.00 M M 8.9 17 250 M M 0 18 22 270
7 85 68 77 4 0 12 0.40 M M 7.0 23 250 M M 2 138 33 250
8 75 61 68 -5 0 3 0.02 0.0 0 7.7 16 320 M M 9 18 22 320
9 75 60 68 -5 0 3 0.00 0.0 0 5.4 13 10 M M 8 17 320
10 77 58 68 -5 0 3 T 0.0 0 7.1 16 110 M M 5 1 20 120
11 68 63 66 -7 0 1 0.04 0.0 0 9.2 15 30 M M 10 1 22 40
12 79 65 72 -1 0 7 0.28 M M 6.4 13 80 M M 9 1 17 70
13 79 68 74 1 0 9 0.17 M M 8.0 32 280 M M 7 138 40 280
14 82 67 75 2 0 10 0.00 M M 7.6 15 220 M M 3 1 26 190
15 82 72 77 4 0 12 0.01 M M 10.2 20 230 M M 3 27 210
16 74 69 72 -1 0 7 0.21 M M 4.9 13 100 M M 10 1 17 120
17 82 68 75 2 0 10 0.00 0.0 0 5.5 12 30 M M 8 1 15 50
18 83 63 73 0 0 8 0.00 0.0 0 3.1 10 100 M M 4 1 14 120
19 82 59 71 -2 0 6 0.00 0.0 0 3.3 14 350 M M 1 128 18 340
20 82 59 71 -2 0 6 0.00 0.0 0 5.9 17 300 M M 1 18 22 320
21 79 61 70 -3 0 5 0.00 0.0 0 6.3 9 40 M M 4 18 M M
22 80 56 68 -5 0 3 0.00 M M 4.6 10 210 M M 2 18 14 200
23 83 68 76 3 0 11 T M M 6.8 13 160 M M 4 138 19 180
24 87 71 79 6 0 14 0.07 M M 10.0 25 240 M M 4 138 33 250
25 86 66 76 4 0 11 0.00 M M 4.3 14 280 M M 2 12 19 320
26 88 59 74 2 0 9 0.00 M M 3.0 13 40 M M 0 18 20 360
27 85 61 73 1 0 8 0.00 0.0 0 4.0 13 250 M M 0 1 16 250
28 86 66 76 4 0 11 0.00 0.0 0 4.6 12 240 M M 1 18 16 260
29 83 68 76 4 0 11 0.48 0.0 0 9.3 39 250 M M 3 13 64 240
30 75 61 68 -4 0 3 0.00 0.0 0 7.4 15 10 M M 0 1 20 20
31 76 53 65 -7 0 0 0.00 0.0 0 3.6 13 280 M M 1 12 18 250
================================================================================
SM 2514 1960 0 230 1.68 0.0 206.0 M 106
================================================================================
AV 81.1 63.2 6.6 FASTST M M 3 MAX(MPH)
MISC ----> 39 250 64 240
================================================================================
NOTES:
# LAST OF SEVERAL OCCURRENCES
COLUMN 17 PEAK WIND IN M.P.H.
PRELIMINARY LOCAL CLIMATOLOGICAL DATA (WS FORM: F-6) , PAGE 2
STATION: GOSHEN
MONTH: JULY
YEAR: 2021
LATITUDE: 41 31 N
LONGITUDE: 85 47 W
[TEMPERATURE DATA] [PRECIPITATION DATA] SYMBOLS USED IN COLUMN 16
AVERAGE MONTHLY: 72.2 TOTAL FOR MONTH: 1.68 1 = FOG OR MIST
DPTR FM NORMAL: -0.5 DPTR FM NORMAL: -1.99 2 = FOG REDUCING VISIBILITY
HIGHEST: 88 ON 26, 6 GRTST 24HR 0.48 ON 29-29 TO 1/4 MILE OR LESS
LOWEST: 53 ON 31, 3 3 = THUNDER
SNOW, ICE PELLETS, HAIL 4 = ICE PELLETS
TOTAL MONTH: 0.0 INCH 5 = HAIL
GRTST 24HR 0.0 6 = FREEZING RAIN OR DRIZZLE
GRTST DEPTH: 0 7 = DUSTSTORM OR SANDSTORM:
VSBY 1/2 MILE OR LESS
8 = SMOKE OR HAZE
[NO. OF DAYS WITH] [WEATHER - DAYS WITH] 9 = BLOWING SNOW
X = TORNADO
MAX 32 OR BELOW: 0 0.01 INCH OR MORE: 9
MAX 90 OR ABOVE: 0 0.10 INCH OR MORE: 5
MIN 32 OR BELOW: 0 0.50 INCH OR MORE: 0
MIN 0 OR BELOW: 0 1.00 INCH OR MORE: 0
[HDD (BASE 65) ]
TOTAL THIS MO. 0 CLEAR (SCALE 0-3) 17
DPTR FM NORMAL -5 PTCLDY (SCALE 4-7) 9
TOTAL FM JUL 1 0 CLOUDY (SCALE 8-10) 5
DPTR FM NORMAL 0
[CDD (BASE 65) ]
TOTAL THIS MO. 230
DPTR FM NORMAL -15 [PRESSURE DATA]
TOTAL FM JAN 1 547 HIGHEST SLP 30.23 ON 22
DPTR FM NORMAL 63 LOWEST SLP 29.79 ON 24
[REMARKS]
#FINAL-07-21#