000
CXUS52 KRAH 011319
CLMGSO
CLIMATE REPORT
NATIONAL WEATHER SERVICE RALEIGH NC
919 AM EDT MON MAY 01 2023
...................................
...THE GREENSBORO NC CLIMATE SUMMARY FOR THE MONTH OF APRIL 2023...
CLIMATE NORMAL PERIOD 1991 TO 2020
CLIMATE RECORD PERIOD 1903 TO 2023
WEATHER OBSERVED NORMAL DEPART LAST YEAR`S
VALUE DATE(S) VALUE FROM VALUE
NORMAL
..............................................................
TEMPERATURE (F)
RECORD
HIGH 95 04/28/1915
LOW 20 04/01/1910
HIGHEST 84 04/05 84
04/06
04/20
LOWEST 36 04/09 33
04/10
AVG. MAXIMUM 71.5 71.0 0.5 70.8
AVG. MINIMUM 48.3 47.9 0.4 47.1
MEAN 59.9 59.4 0.5 58.9
DAYS MAX >= 90 0 0
DAYS MAX <= 32 0 0
DAYS MIN <= 32 0 0
DAYS MIN <= 0 0 0
PRECIPITATION (INCHES)
RECORD
MAXIMUM 8.05 1918
TOTALS 7.33 3.78 3.55 2.19
DAYS >= .01 9
DAYS >= .10 9
DAYS >= .50 7
DAYS >= 1.00 3
GREATEST
24 HR. TOTAL 2.54 04/06 TO 04/07
SNOWFALL (INCHES)
RECORDS
TOTAL T 2019
SNOW DEPTH MM MM
TOTALS 0.0 0.0 0.0 0.0
SINCE 7/1 T
SNOWDEPTH AVG. 0
DAYS >= TRACE 0
DAYS >= 1.0 0 0.0 0.0 0
DEGREE DAYS
HEATING TOTAL 177 204 -27 205
SINCE 7/1 3038 3435 -397 2828
COOLING TOTAL 31 38 -7 30
SINCE 1/1 44 45 -1 16
..............................................................
WIND (MPH)
AVERAGE WIND SPEED 7.7
HIGHEST WIND SPEED/DIRECTION 32/060 DATE 04/07
HIGHEST GUST SPEED/DIRECTION 42/290 DATE 04/28
SKY COVER
POSSIBLE SUNSHINE (PERCENT) MM
AVERAGE SKY COVER 0.57
NUMBER OF DAYS FAIR 9
NUMBER OF DAYS PC 11
NUMBER OF DAYS CLOUDY 10
AVERAGE RH (PERCENT) 64
WEATHER CONDITIONS. NUMBER OF DAYS WITH
THUNDERSTORM 5 MIXED PRECIP 0
HEAVY RAIN 8 RAIN 9
LIGHT RAIN 14 FREEZING RAIN 0
LT FREEZING RAIN 0 HAIL 0
HEAVY SNOW 0 SNOW 0
LIGHT SNOW 0 SLEET 0
FOG 12 FOG W/VIS <= 1/4 MILE 1
HAZE 0
- INDICATES NEGATIVE NUMBERS.
R INDICATES RECORD WAS SET OR TIED.
MM INDICATES DATA IS MISSING.
T INDICATES TRACE AMOUNT.
&&
APRIL 2023 WAS THE 3RD WETTEST APRIL ON RECORD AT GREENSBORO NC WITH
TOTAL PRECIPITATION FOR THE MONTH MEASURING 7.33 INCHES
A RECORD DAILY HIGH MINIMUM TEMPERATURE OF 60 DEGREES WAS SET AT
GREENSBORO NC ON APRIL 5TH. THIS TIES THE OLD RECORD OF 60 DEGREES
LAST SET IN 2003.
A RECORD DAILY HIGH MINIMUM TEMPERATURE OF 65 DEGREES WAS SET AT
GREESNSBORO NC ON APRIL 6TH. THIS TIES THE OLD RECORD OF 65
DEGREES LAST SET IN 1967.
$$