000
CXUS54 KFWD 010832
CF6GVT
PRELIMINARY LOCAL CLIMATOLOGICAL DATA (WS FORM: F-6)
STATION: GREENVILLE
MONTH: DECEMBER
YEAR: 2023
LATITUDE: 33 4 N
LONGITUDE: 96 4 W
TEMPERATURE IN F: :PCPN: SNOW: WIND :SUNSHINE: SKY :PK WND
================================================================================
1 2 3 4 5 6A 6B 7 8 9 10 11 12 13 14 15 16 17 18
12Z AVG MX 2MIN
DY MAX MIN AVG DEP HDD CDD WTR SNW DPTH SPD SPD DIR MIN PSBL S-S WX SPD DR
================================================================================
1 63 40 52 2 13 0 0.01 M M 6.9 12 290 M M 0 M M
2 62 36 49 -1 16 0 0.00 M M 3.5 8 150 M M 1 1 M M
3 71 33 52 2 13 0 0.00 M M 6.5 14 200 M M 0 1 21 210
4 62 37 50 1 15 0 0.00 M M 5.4 14 350 M M 0 M M
5 69 32 51 2 14 0 0.00 M M 3.9 12 260 M M 0 1 M M
6 62 33 48 0 17 0 0.00 M M 4.7 10 150 M M 0 M M
7 69 41 55 7 10 0 0.00 M M 13.0 22 180 M M 1 29 180
8 77 58 68 20 0 3 0.00 M M 14.2 29 190 M M 6 33 190
9 67 45 56 8 9 0 0.00 M M 13.5 20 350 M M 3 25 350
10 53 31 42 -5 23 0 0.00 M M 7.4 14 330 M M 0 22 330
11 63 28 46 -1 19 0 0.00 M M 5.2 14 190 M M 0 16 190
12 65 30 48 1 17 0 0.00 M M 3.9 9 160 M M 0 17 150
13 60 37 49 2 16 0 0.00 M M 5.9 16 110 M M 3 17 110
14 65 41 53 7 12 0 0.00 M M 7.9 12 100 M M 4 M M
15 56 47 52 6 13 0 0.00 M M 6.8 15 130 M M 9 1 21 130
16 58 37 48 2 17 0 0.00 M M 7.1 15 330 M M 0 21 340
17 67 29 48 2 17 0 0.58 M M 2.9 10 200 M M 1 1 M M
18 62 38 50 4 15 0 0.00 M M 8.5 15 10 M M 0 22 10
19 56 28 42 -4 23 0 0.00 M M 7.5 15 150 M M 0 20 130
20 67 39 53 7 12 0 0.00 M M 9.1 14 150 M M 5 M M
21 59 54 57 12 8 0 0.25 M M 6.5 10 150 M M 10 1 M M
22 63 53 58 13 7 0 0.16 M M 6.3 8 150 M M 10 1 M M
23 64 57 61 16 4 0 0.02 M M 7.0 16 140 M M 10 12 22 120
24 63 47 55 10 10 0 0.13 M M 10.0 21 300 M M 8 1 29 300
25 50 35 43 -2 22 0 0.00 M M 12.0 23 300 M M 5 32 300
26 55 24 40 -5 25 0 0.49 M M 6.4 15 180 M M 2 23 180
27 51 35 43 -2 22 0 0.00 M M 8.8 16 320 M M 0 22 310
28 48 33 41 -4 24 0 0.01 M M 9.5 18 320 M M 5 22 320
29 54 31 43 -2 22 0 0.00 M M 8.8 18 270 M M 0 24 270
30 62 25 44 -1 21 0 0.00 M M 5.4 12 250 M M 0 M M
31 64 32 48 3 17 0 0.00 M M 5.4 13 360 M M 0 M M
================================================================================
SM 1907 1166 473 3 1.65 M 229.8 M 83
================================================================================
AV 61.5 37.6 7.4 FASTST M M 3 MAX(MPH)
MISC ----> 29 190 33 190
================================================================================
NOTES:
# LAST OF SEVERAL OCCURRENCES
COLUMN 17 PEAK WIND IN M.P.H.
PRELIMINARY LOCAL CLIMATOLOGICAL DATA (WS FORM: F-6) , PAGE 2
STATION: GREENVILLE
MONTH: DECEMBER
YEAR: 2023
LATITUDE: 33 4 N
LONGITUDE: 96 4 W
[TEMPERATURE DATA] [PRECIPITATION DATA] SYMBOLS USED IN COLUMN 16
AVERAGE MONTHLY: 49.6 TOTAL FOR MONTH: 1.65 1 = FOG OR MIST
DPTR FM NORMAL: 3.0 DPTR FM NORMAL: -1.93 2 = FOG REDUCING VISIBILITY
HIGHEST: 77 ON 8 GRTST 24HR 0.58 ON 17-17 TO 1/4 MILE OR LESS
LOWEST: 24 ON 26 3 = THUNDER
SNOW, ICE PELLETS, HAIL 4 = ICE PELLETS
TOTAL MONTH: M 5 = HAIL
GRTST 24HR M ON M 6 = FREEZING RAIN OR DRIZZLE
GRTST DEPTH: M ON M 7 = DUSTSTORM OR SANDSTORM:
VSBY 1/2 MILE OR LESS
8 = SMOKE OR HAZE
[NO. OF DAYS WITH] [WEATHER - DAYS WITH] 9 = BLOWING SNOW
X = TORNADO
MAX 32 OR BELOW: 0 0.01 INCH OR MORE: 8
MAX 90 OR ABOVE: 0 0.10 INCH OR MORE: 5
MIN 32 OR BELOW: 10 0.50 INCH OR MORE: 1
MIN 0 OR BELOW: 0 1.00 INCH OR MORE: 0
[HDD (BASE 65) ]
TOTAL THIS MO. 473 CLEAR (SCALE 0-3) 20
DPTR FM NORMAL -102 PTCLDY (SCALE 4-7) 6
TOTAL FM JUL 1 872 CLOUDY (SCALE 8-10) 5
DPTR FM NORMAL -70
[CDD (BASE 65) ]
TOTAL THIS MO. 3
DPTR FM NORMAL -2 [PRESSURE DATA]
TOTAL FM JAN 1 2787 HIGHEST SLP M ON M
DPTR FM NORMAL 140 LOWEST SLP M ON M
[REMARKS]
#FINAL-12-23#