000
CXUS54 KJAN 011925
CF6GWO
PRELIMINARY LOCAL CLIMATOLOGICAL DATA (WS FORM: F-6)
STATION: GREENWOOD
MONTH: NOVEMBER
YEAR: 2022
LATITUDE: 33 30 N
LONGITUDE: 90 5 W
TEMPERATURE IN F: :PCPN: SNOW: WIND :SUNSHINE: SKY :PK WND
================================================================================
1 2 3 4 5 6A 6B 7 8 9 10 11 12 13 14 15 16 17 18
12Z AVG MX 2MIN
DY MAX MIN AVG DEP HDD CDD WTR SNW DPTH SPD SPD DIR MIN PSBL S-S WX SPD DR
================================================================================
1 79 50 65 7 0 0 0.01 0.0 0 2.1 8 160 M M 1 1 12 130
2 81 56 69 11 0 4 0.00 0.0 0 4.0 14 70 M M 1 1 19 80
3 84 52 68 10 0 3 0.00 0.0 0 4.8 14 150 M M 0 19 150
4 80 59 70 13 0 5 T 0.0 0 12.4 30 160 M M 4 41 150
5 75 49 62 5 3 0 1.59 0.0 0 6.3 30 150 M M 4 13 41 160
6 76 49 63 6 2 0 0.23 0.0 0 3.1 8 90 M M 9 1 11 130
7 86 66 76 20 0 11 0.02 0.0 0 5.2 12 50 M M 4 1 15 60
8 88 64 76 20 0 11 T 0.0 0 3.0 10 30 M M 2 12 16 20
9 82 54 68 12 0 3 0.00 0.0 0 5.5 15 150 M M 0 21 140
10 77 47 62 7 3 0 0.00 0.0 0 2.8 12 60 M M 0 14 50
11 75 51 63 8 2 0 0.03 0.0 0 4.2 13 360 M M 3 1 20 340
12 56 31 44 -11 21 0 T 0.0 0 8.1 18 340 M M 7 1 29 360
13 50 27 39 -15 26 0 0.00 0.0 0 5.8 16 50 M M 0 22 30
14 58 28 43 -11 22 0 0.16 0.0 0 5.2 14 20 M M 3 1 22 360
15 49 38 44 -10 21 0 0.01 0.0 0 5.9 14 340 M M 9 1 24 320
16 53 32 43 -10 22 0 0.00 0.0 0 2.8 13 10 M M 0 1 19 20
17 47 26 37 -16 28 0 0.00 0.0 0 2.4 12 350 M M 0 18 300
18 55 25 40 -13 25 0 0.00 0.0 0 2.5 9 340 M M 0 14 350
19 45 27 36 -17 29 0 0.00 0.0 0 1.6 8 60 M M 2 13 340
20 50 23 37 -15 28 0 0.00 0.0 0 3.3 14 60 M M 0 19 70
21 53 26 40 -12 25 0 0.00 0.0 0 1.2 8 10 M M 7 12 20
22 64 39 52 0 13 0 0.01 0.0 0 2.0 8 80 M M 3 11 70
23 72 35 54 2 11 0 0.00 0.0 0 3.6 8 120 M M 2 13 120
24 75 53 64 13 1 0 0.41 0.0 0 6.7 16 100 M M 5 1 24 110
25 70 54 62 11 3 0 0.18 0.0 0 6.3 16 30 M M 7 1 20 20
26 67 54 61 10 4 0 0.21 0.0 0 9.5 29 190 M M 6 1 38 210
27 64 45 55 5 10 0 0.00 0.0 0 8.8 22 220 M M 5 1 39 210
28 67 39 53 3 12 0 0.00 0.0 0 3.0 13 170 M M 1 1 17 170
29 78 52 65 15 0 0 1.62 0.0 0 12.5 29 190 M M 6 13 45 290
30 68 35 52 2 13 0 0.01 0.0 0 8.7 25 340 M M 2 13 40 350
================================================================================
SM 2024 1286 324 37 4.49 0.0 153.3 M 93
================================================================================
AV 67.5 42.9 5.1 FASTST M M 3 MAX(MPH)
MISC ----> # 30 160 45 290
================================================================================
NOTES:
# LAST OF SEVERAL OCCURRENCES
COLUMN 17 PEAK WIND IN M.P.H.
PRELIMINARY LOCAL CLIMATOLOGICAL DATA (WS FORM: F-6) , PAGE 2
STATION: GREENWOOD
MONTH: NOVEMBER
YEAR: 2022
LATITUDE: 33 30 N
LONGITUDE: 90 5 W
[TEMPERATURE DATA] [PRECIPITATION DATA] SYMBOLS USED IN COLUMN 16
AVERAGE MONTHLY: 55.2 TOTAL FOR MONTH: 4.49 1 = FOG OR MIST
DPTR FM NORMAL: 1.4 DPTR FM NORMAL: 0.63 2 = FOG REDUCING VISIBILITY
HIGHEST: 88 ON 8 GRTST 24HR 1.63 ON 29-30 TO 1/4 MILE OR LESS
LOWEST: 23 ON 20 3 = THUNDER
SNOW, ICE PELLETS, HAIL 4 = ICE PELLETS
TOTAL MONTH: 0.0 INCH 5 = HAIL
GRTST 24HR 0.0 6 = FREEZING RAIN OR DRIZZLE
GRTST DEPTH: 0 7 = DUSTSTORM OR SANDSTORM:
VSBY 1/2 MILE OR LESS
8 = SMOKE OR HAZE
[NO. OF DAYS WITH] [WEATHER - DAYS WITH] 9 = BLOWING SNOW
X = TORNADO
MAX 32 OR BELOW: 0 0.01 INCH OR MORE: 13
MAX 90 OR ABOVE: 0 0.10 INCH OR MORE: 7
MIN 32 OR BELOW: 9 0.50 INCH OR MORE: 2
MIN 0 OR BELOW: 0 1.00 INCH OR MORE: 2
[HDD (BASE 65) ]
TOTAL THIS MO. 324 CLEAR (SCALE 0-3) 17
DPTR FM NORMAL -29 PTCLDY (SCALE 4-7) 11
TOTAL FM JUL 1 425 CLOUDY (SCALE 8-10) 2
DPTR FM NORMAL -48
[CDD (BASE 65) ]
TOTAL THIS MO. 37
DPTR FM NORMAL 20 [PRESSURE DATA]
TOTAL FM JAN 1 2702 HIGHEST SLP 30.52 ON 20
DPTR FM NORMAL 465 LOWEST SLP 29.64 ON 26
[REMARKS]
#FINAL-11-22#