000
CXUS54 KJAN 020307
CF6GWO
PRELIMINARY LOCAL CLIMATOLOGICAL DATA (WS FORM: F-6)
STATION: GREENWOOD
MONTH: APRIL
YEAR: 2021
LATITUDE: 33 30 N
LONGITUDE: 90 5 W
TEMPERATURE IN F: :PCPN: SNOW: WIND :SUNSHINE: SKY :PK WND
================================================================================
1 2 3 4 5 6A 6B 7 8 9 10 11 12 13 14 15 16 17 18
12Z AVG MX 2MIN
DY MAX MIN AVG DEP HDD CDD WTR SNW DPTH SPD SPD DIR MIN PSBL S-S WX SPD DR
================================================================================
1 58 38 48 -12 17 0 0.00 0.0 0 8.2 21 340 M M 0 1 30 360
2 64 32 48 -12 17 0 0.00 0.0 0 5.4 15 60 M M 0 23 50
3 69 38 54 -6 11 0 0.00 0.0 0 3.8 12 190 M M 0 15 190
4 76 43 60 0 5 0 0.00 0.0 0 2.8 12 210 M M 2 17 220
5 80 47 64 3 1 0 0.00 0.0 0 3.5 14 200 M M 2 19 210
6 83 56 70 9 0 5 0.00 0.0 0 8.5 16 160 M M 2 23 170
7 82 63 73 12 0 8 0.86 0.0 0 11.1 24 170 M M 4 13 33 180
8 79 57 68 7 0 3 0.27 0.0 0 8.3 24 220 M M 2 123 33 220
9 85 56 71 9 0 6 1.10 0.0 0 7.0 20 180 M M 5 13 35 350
10 73 54 64 2 1 0 0.37 0.0 0 7.3 22 160 M M 4 13 28 180
11 76 47 62 0 3 0 0.00 0.0 0 3.0 12 330 M M 0 20 340
12 87 50 69 7 0 4 0.00 0.0 0 2.1 7 230 M M 0 11 60
13 86 54 70 7 0 5 0.00 0.0 0 4.9 20 160 M M 0 24 170
14 62 55 59 -4 6 0 0.36 0.0 0 4.2 14 40 M M 7 1 19 360
15 73 56 65 2 0 0 T 0.0 0 6.7 15 40 M M 2 21 50
16 65 54 60 -4 5 0 T 0.0 0 5.4 13 80 M M 5 19 100
17 69 52 61 -3 4 0 0.01 0.0 0 5.2 14 360 M M 7 19 360
18 69 47 58 -6 7 0 0.00 0.0 0 2.9 13 320 M M 3 1 21 310
19 72 43 58 -6 7 0 0.00 0.0 0 2.1 10 40 M M 0 14 340
20 77 44 61 -4 4 0 0.00 0.0 0 6.2 21 350 M M 1 35 330
21 61 40 51 -14 14 0 0.00 0.0 0 8.2 20 360 M M 2 30 20
22 69 45 57 -8 8 0 0.00 0.0 0 3.7 14 110 M M 4 18 100
23 72 53 63 -2 2 0 0.44 0.0 0 8.6 18 160 M M 9 1 23 190
24 76 54 65 -1 0 0 0.57 0.0 0 7.8 26 100 M M 7 13 39 90
25 78 48 63 -3 2 0 0.00 0.0 0 2.9 12 30 M M 1 12 16 50
26 84 53 69 3 0 4 0.00 0.0 0 6.6 14 190 M M 0 19 180
27 86 58 72 5 0 7 0.00 0.0 0 8.9 20 210 M M 2 29 210
28 88 73 81 14 0 16 0.00 0.0 0 10.0 18 170 M M 4 24 170
29 82 69 76 9 0 11 0.04 0.0 0 7.3 20 180 M M 4 1 27 170
30 75 59 67 0 0 2 0.00 0.0 0 4.2 15 70 M M 3 1 20 70
================================================================================
SM 2256 1538 114 71 4.02 0.0 176.8 M 82
================================================================================
AV 75.2 51.3 5.9 FASTST M M 3 MAX(MPH)
MISC ----> 26 100 39 90
================================================================================
NOTES:
# LAST OF SEVERAL OCCURRENCES
COLUMN 17 PEAK WIND IN M.P.H.
PRELIMINARY LOCAL CLIMATOLOGICAL DATA (WS FORM: F-6) , PAGE 2
STATION: GREENWOOD
MONTH: APRIL
YEAR: 2021
LATITUDE: 33 30 N
LONGITUDE: 90 5 W
[TEMPERATURE DATA] [PRECIPITATION DATA] SYMBOLS USED IN COLUMN 16
AVERAGE MONTHLY: 63.2 TOTAL FOR MONTH: 4.02 1 = FOG OR MIST
DPTR FM NORMAL: -0.2 DPTR FM NORMAL: -1.11 2 = FOG REDUCING VISIBILITY
HIGHEST: 88 ON 28 GRTST 24HR 1.47 ON 9-10 TO 1/4 MILE OR LESS
LOWEST: 32 ON 2 3 = THUNDER
SNOW, ICE PELLETS, HAIL 4 = ICE PELLETS
TOTAL MONTH: 0.0 INCH 5 = HAIL
GRTST 24HR 0.0 6 = FREEZING RAIN OR DRIZZLE
GRTST DEPTH: 0 7 = DUSTSTORM OR SANDSTORM:
VSBY 1/2 MILE OR LESS
8 = SMOKE OR HAZE
[NO. OF DAYS WITH] [WEATHER - DAYS WITH] 9 = BLOWING SNOW
X = TORNADO
MAX 32 OR BELOW: 0 0.01 INCH OR MORE: 9
MAX 90 OR ABOVE: 0 0.10 INCH OR MORE: 7
MIN 32 OR BELOW: 1 0.50 INCH OR MORE: 3
MIN 0 OR BELOW: 0 1.00 INCH OR MORE: 1
[HDD (BASE 65) ]
TOTAL THIS MO. 114 CLEAR (SCALE 0-3) 18
DPTR FM NORMAL -10 PTCLDY (SCALE 4-7) 11
TOTAL FM JUL 1 2371 CLOUDY (SCALE 8-10) 1
DPTR FM NORMAL -300
[CDD (BASE 65) ]
TOTAL THIS MO. 71
DPTR FM NORMAL -5 [PRESSURE DATA]
TOTAL FM JAN 1 171 HIGHEST SLP 30.55 ON 2
DPTR FM NORMAL 69 LOWEST SLP 29.54 ON 10
[REMARKS]
#FINAL-04-21#