000
CXUS55 KBOU 010900
CF6GXY
PRELIMINARY LOCAL CLIMATOLOGICAL DATA (WS FORM: F-6)
STATION: GREELEY CO
MONTH: AUGUST
YEAR: 2022
LATITUDE: 40 25 N
LONGITUDE: 104 38 W
TEMPERATURE IN F: :PCPN: SNOW: WIND :SUNSHINE: SKY :PK WND
================================================================================
1 2 3 4 5 6A 6B 7 8 9 10 11 12 13 14 15 16 17 18
12Z AVG MX 2MIN
DY MAX MIN AVG DEP HDD CDD WTR SNW DPTH SPD SPD DIR MIN PSBL S-S WX SPD DR
================================================================================
1 97 57 77 M 0 12 M M M 5.4 21 360 M M 0 26 360
2 94 62 78 M 0 13 M M M 4.8 13 350 M M 1 M M
3 91 63 77 M 0 12 M M M 6.7 12 210 M M 1 16 210
4 100 58 79 M 0 14 M M M 4.3 21 180 M M 0 28 180
5 102 61 82 M 0 17 M M M 6.1 18 350 M M 1 22 10
6 91 65 78 M 0 13 M M M 8.2 17 140 M M 1 22 130
7 89 64 77 M 0 12 M M M 7.5 14 90 M M 2 3 18 90
8 94 59 77 M 0 12 M M M 5.1 13 110 M M 1 1 21 110
9 96 62 79 M 0 14 0.00 M M 5.8 10 80 M M 0 8 M M
10 98 60 79 M 0 14 0.00 M M 6.5 12 90 M M 0 18 110
11 100 63 82 M 0 17 0.00 M M 6.5 14 150 M M 0 M M
12 97 60 79 M 0 14 0.00 M M 7.2 12 20 M M 0 8 16 60
13 94 63 79 M 0 14 0.24 M M 8.9 26 290 M M 2 3 30 360
14 96 62 79 M 0 14 T M M 6.4 25 20 M M 2 31 20
15 86 63 75 M 0 10 0.08 M M 5.3 14 300 M M 4 3 23 270
16 80 62 71 M 0 6 0.00 M M 5.2 12 220 M M 1 M M
17 87 58 73 M 0 8 0.00 M M 4.5 8 350 M M 3 18 M M
18 91 52 72 M 0 7 0.00 M M 5.7 13 30 M M 0 17 30
19 85 53 69 M 0 4 0.00 M M 6.6 12 50 M M 1 18 50
20 84 56 70 M 0 5 0.01 M M 8.6 20 170 M M 3 25 170
21 87 57 72 M 0 7 T M M 5.5 12 210 M M 1 3 M M
22 91 53 72 M 0 7 0.00 M M 5.8 15 170 M M 0 8 23 170
23 91 54 73 M 0 8 0.00 M M 3.6 9 120 M M 0 M M
24 92 51 72 M 0 7 0.00 M M 4.3 9 170 M M 0 M M
25 89 51 70 M 0 5 T M M 6.9 16 200 M M 2 M M
26 88 58 73 M 0 8 T M M 5.4 27 350 M M 2 33 350
27 92 50 71 M 0 6 0.00 M M 5.5 20 300 M M 1 38 300
28 97 49 73 M 0 8 0.00 M M 6.4 17 220 M M 0 22 220
29 89 51 70 M 0 5 0.00 M M 5.0 8 70 M M 0 8 M M
30 95 52 74 M 0 9 0.00 M M 4.1 9 100 M M 0 M M
31 94 56 75 M 0 10 T M M 6.2 16 360 M M 1 3 36 50
================================================================================
SM 2857 1785 0 312 0.33 M 183.8 M 30
================================================================================
AV 92.2 57.6 5.9 FASTST M M 1 MAX(MPH)
MISC ----> 27 350 38 300
================================================================================
NOTES:
# LAST OF SEVERAL OCCURRENCES
COLUMN 17 PEAK WIND IN M.P.H.
PRELIMINARY LOCAL CLIMATOLOGICAL DATA (WS FORM: F-6) , PAGE 2
STATION: GREELEY CO
MONTH: AUGUST
YEAR: 2022
LATITUDE: 40 25 N
LONGITUDE: 104 38 W
[TEMPERATURE DATA] [PRECIPITATION DATA] SYMBOLS USED IN COLUMN 16
AVERAGE MONTHLY: 74.9 TOTAL FOR MONTH: 0.33 1 = FOG OR MIST
DPTR FM NORMAL: 0.0 DPTR FM NORMAL: M 2 = FOG REDUCING VISIBILITY
HIGHEST: 102 ON 5 GRTST 24HR 0.24 ON 13-13 TO 1/4 MILE OR LESS
LOWEST: 49 ON 28 3 = THUNDER
SNOW, ICE PELLETS, HAIL 4 = ICE PELLETS
TOTAL MONTH: M 5 = HAIL
GRTST 24HR M ON M 6 = FREEZING RAIN OR DRIZZLE
GRTST DEPTH: M ON M 7 = DUSTSTORM OR SANDSTORM:
VSBY 1/2 MILE OR LESS
8 = SMOKE OR HAZE
[NO. OF DAYS WITH] [WEATHER - DAYS WITH] 9 = BLOWING SNOW
X = TORNADO
MAX 32 OR BELOW: 0 0.01 INCH OR MORE: 3
MAX 90 OR ABOVE: 21 0.10 INCH OR MORE: 1
MIN 32 OR BELOW: 0 0.50 INCH OR MORE: 0
MIN 0 OR BELOW: 0 1.00 INCH OR MORE: 0
[HDD (BASE 65) ]
TOTAL THIS MO. 0 CLEAR (SCALE 0-3) 30
DPTR FM NORMAL M PTCLDY (SCALE 4-7) 1
TOTAL FM JUL 1 0 CLOUDY (SCALE 8-10) 0
DPTR FM NORMAL M
[CDD (BASE 65) ]
TOTAL THIS MO. 312
DPTR FM NORMAL M [PRESSURE DATA]
TOTAL FM JAN 1 898 HIGHEST SLP 30.23 ON 30
DPTR FM NORMAL M LOWEST SLP 29.71 ON 28
[REMARKS]
#FINAL-08-22#