000
CXUS55 KBOU 010900
CF6GXY
PRELIMINARY LOCAL CLIMATOLOGICAL DATA (WS FORM: F-6)
STATION: GREELEY CO
MONTH: OCTOBER
YEAR: 2021
LATITUDE: 40 25 N
LONGITUDE: 104 38 W
TEMPERATURE IN F: :PCPN: SNOW: WIND :SUNSHINE: SKY :PK WND
================================================================================
1 2 3 4 5 6A 6B 7 8 9 10 11 12 13 14 15 16 17 18
12Z AVG MX 2MIN
DY MAX MIN AVG DEP HDD CDD WTR SNW DPTH SPD SPD DIR MIN PSBL S-S WX SPD DR
================================================================================
1 71 37 54 M 11 0 M M M 3.9 9 110 M M 0 M M
2 75 39 57 M 8 0 M M M 4.9 10 360 M M 0 8 M M
3 81 34 58 M 7 0 M M M 5.1 13 240 M M 0 16 240
4 83 37 60 M 5 0 M M M 3.9 7 120 M M 0 8 M M
5 86 38 62 M 3 0 M M M 8.1 17 140 M M 0 24 140
6 83 40 62 M 3 0 M M M 6.7 14 10 M M 2 M M
7 80 46 63 M 2 0 M M M 3.7 12 20 M M 3 8 M M
8 76 44 60 M 5 0 M M M 5.4 15 330 M M 2 M M
9 75 42 59 M 6 0 M M M 13.2 24 260 M M 0 37 300
10 69 43 56 M 9 0 M M M 7.7 18 350 M M 3 M M
11 71 34 53 M 12 0 M M M 9.5 21 130 M M 1 36 130
12 59 36 48 M 17 0 M M M 13.5 26 320 M M 4 38 330
13 60 34 47 M 18 0 M M M 9.0 25 330 M M 2 33 330
14 54 29 42 M 23 0 M M M 7.6 20 330 M M 6 30 340
15 56 28 42 M 23 0 M M M 9.8 18 340 M M 2 25 340
16 70 23 47 M 18 0 M M M 3.4 7 350 M M 0 M M
17 74 25 50 M 15 0 M M M 4.2 8 300 M M 0 M M
18 76 33 55 M 10 0 M M M 6.6 14 100 M M 1 18 110
19 61 35 48 M 17 0 M M M 13.0 27 360 M M 3 36 350
20 64 30 47 M 18 0 M M M 4.6 12 220 M M 2 M M
21 68 27 48 M 17 0 M M M 4.4 8 200 M M 0 M M
22 76 27 52 M 13 0 M M M 4.6 12 130 M M 0 8 M M
23 66 33 50 M 15 0 M M M 4.7 14 70 M M 1 17 70
24 68 38 53 M 12 0 M M M 4.1 10 90 M M 3 12 M M
25 70 36 53 M 12 0 M M M 4.6 12 130 M M 0 M M
26 73 32 53 M 12 0 M M M 13.5 35 320 M M 4 41 360
27 58 39 49 M 16 0 M M M 22.8 37 320 M M 2 47 330
28 63 30 47 M 18 0 M M M 10.6 22 10 M M 2 32 20
29 76 24 50 M 15 0 M M M 3.8 9 150 M M 0 M M
30 68 27 48 M 17 0 M M M 7.5 20 60 M M 1 24 60
31 43 37 40 M 25 0 M M M 9.4 15 100 M M 10 M M
================================================================================
SM 2153 1057 402 0 M M 233.7 M 54
================================================================================
AV 69.5 34.1 7.5 FASTST M M 2 MAX(MPH)
MISC ----> 37 320 47 330
================================================================================
NOTES:
# LAST OF SEVERAL OCCURRENCES
COLUMN 17 PEAK WIND IN M.P.H.
PRELIMINARY LOCAL CLIMATOLOGICAL DATA (WS FORM: F-6) , PAGE 2
STATION: GREELEY CO
MONTH: OCTOBER
YEAR: 2021
LATITUDE: 40 25 N
LONGITUDE: 104 38 W
[TEMPERATURE DATA] [PRECIPITATION DATA] SYMBOLS USED IN COLUMN 16
AVERAGE MONTHLY: 51.8 TOTAL FOR MONTH: M 1 = FOG OR MIST
DPTR FM NORMAL: 0.0 DPTR FM NORMAL: M 2 = FOG REDUCING VISIBILITY
HIGHEST: 86 ON 5 GRTST 24HR 0.06 ON 12-12 TO 1/4 MILE OR LESS
LOWEST: 23 ON 16 3 = THUNDER
SNOW, ICE PELLETS, HAIL 4 = ICE PELLETS
TOTAL MONTH: M 5 = HAIL
GRTST 24HR M ON M 6 = FREEZING RAIN OR DRIZZLE
GRTST DEPTH: M ON M 7 = DUSTSTORM OR SANDSTORM:
VSBY 1/2 MILE OR LESS
8 = SMOKE OR HAZE
[NO. OF DAYS WITH] [WEATHER - DAYS WITH] 9 = BLOWING SNOW
X = TORNADO
MAX 32 OR BELOW: 0 0.01 INCH OR MORE: 0
MAX 90 OR ABOVE: 0 0.10 INCH OR MORE: 0
MIN 32 OR BELOW: 11 0.50 INCH OR MORE: 0
MIN 0 OR BELOW: 0 1.00 INCH OR MORE: 0
[HDD (BASE 65) ]
TOTAL THIS MO. 402 CLEAR (SCALE 0-3) 26
DPTR FM NORMAL M PTCLDY (SCALE 4-7) 4
TOTAL FM JUL 1 468 CLOUDY (SCALE 8-10) 1
DPTR FM NORMAL M
[CDD (BASE 65) ]
TOTAL THIS MO. 0
DPTR FM NORMAL M [PRESSURE DATA]
TOTAL FM JAN 1 933 HIGHEST SLP 30.47 ON 16
DPTR FM NORMAL M LOWEST SLP 29.35 ON 26
[REMARKS]
#FINAL-10-21#