000
CXUS55 KBOU 010735
CF6GXY
PRELIMINARY LOCAL CLIMATOLOGICAL DATA (WS FORM: F-6)
STATION: GREELEY CO
MONTH: JUNE
YEAR: 2020
LATITUDE: 40 25 N
LONGITUDE: 104 38 W
TEMPERATURE IN F: :PCPN: SNOW: WIND :SUNSHINE: SKY :PK WND
================================================================================
1 2 3 4 5 6A 6B 7 8 9 10 11 12 13 14 15 16 17 18
12Z AVG MX 2MIN
DY MAX MIN AVG DEP HDD CDD WTR SNW DPTH SPD SPD DIR MIN PSBL S-S WX SPD DR
================================================================================
1 96 55 76 M 0 11 M M M 5.4 15 280 M M 0 M M
2 92 59 76 M 0 11 M M M 9.7 17 80 M M 1 30 70
3 93 54 74 M 0 9 M M M 6.9 25 340 M M 1 38 40 340
4 92 53 73 M 0 8 M M M 8.2 22 250 M M 0 3 36 230
5 101 55 78 M 0 13 M M M 7.1 14 160 M M 0 33 290
6 93 55 74 M 0 9 M M M 10.2 32 170 M M 1 3 48 170
7 96 49 73 M 0 8 M M M 10.3 20 10 M M 0 36 170
8 82 46 64 M 1 0 M M M 12.2 39 330 M M 2 3 56 330
9 69 44 57 M 8 0 M M M 22.5 32 330 M M 7 47 320
10 80 43 62 M 3 0 M M M 5.8 12 190 M M 2 M M
11 87 46 67 M 0 2 M M M 4.6 9 90 M M 0 M M
12 94 52 73 M 0 8 M M M 8.0 17 120 M M 0 23 120
13 93 57 75 M 0 10 M M M 6.4 12 110 M M 0 3 30 120
14 95 64 80 M 0 15 M M M 8.5 20 200 M M 0 8 28 190
15 93 55 74 M 0 9 M M M 7.1 16 100 M M 0 21 110
16 99 53 76 M 0 11 M M M 6.9 21 160 M M 0 30 170
17 93 55 74 M 0 9 M M M 8.4 21 340 M M 0 33 20
18 75 55 65 M 0 0 M M M 13.1 23 10 M M 6 38 350
19 72 50 61 M 4 0 M M M 5.8 18 140 M M 5 13 22 140
20 86 46 66 M 0 1 M M M 3.6 7 110 M M 0 M M
21 85 55 70 M 0 5 M M M 6.8 21 330 M M 1 35 310
22 85 52 69 M 0 4 M M M 5.3 12 80 M M 1 M M
23 90 54 72 M 0 7 M M M 4.8 15 80 M M 1 M M
24 94 54 74 M 0 9 M M M 4.2 8 290 M M 0 3 M M
25 92 55 74 M 0 9 M M M 7.7 24 350 M M 1 39 20
26 84 56 70 M 0 5 M M M 5.0 9 80 M M 2 3 M M
27 93 52 73 M 0 8 M M M 5.0 13 290 M M 0 M M
28 97 54 76 M 0 11 M M M 3.4 15 180 M M 0 3 21 180
29 92 56 74 M 0 9 M M M 5.1 21 340 M M 0 30 350
30 84 59 72 M 0 7 T 0.0 0 12.3 21 260 M M 2 33 260
================================================================================
SM 2677 1593 16 208 T 0.0 230.3 M 33
================================================================================
AV 89.2 53.1 7.7 FASTST M M 1 MAX(MPH)
MISC ----> # 39 330 # 56 330
================================================================================
NOTES:
# LAST OF SEVERAL OCCURRENCES
COLUMN 17 PEAK WIND IN M.P.H.
PRELIMINARY LOCAL CLIMATOLOGICAL DATA (WS FORM: F-6) , PAGE 2
STATION: GREELEY CO
MONTH: JUNE
YEAR: 2020
LATITUDE: 40 25 N
LONGITUDE: 104 38 W
[TEMPERATURE DATA] [PRECIPITATION DATA] SYMBOLS USED IN COLUMN 16
AVERAGE MONTHLY: 71.2 TOTAL FOR MONTH: T 1 = FOG OR MIST
DPTR FM NORMAL: M DPTR FM NORMAL: M 2 = FOG REDUCING VISIBILITY
HIGHEST: 101 ON 5 GRTST 24HR T ON 30-30 TO 1/4 MILE OR LESS
LOWEST: 43 ON 10 3 = THUNDER
SNOW, ICE PELLETS, HAIL 4 = ICE PELLETS
TOTAL MONTH: 0.0 INCH 5 = HAIL
GRTST 24HR 0.0 6 = FREEZING RAIN OR DRIZZLE
GRTST DEPTH: 0 7 = DUSTSTORM OR SANDSTORM:
VSBY 1/2 MILE OR LESS
8 = SMOKE OR HAZE
[NO. OF DAYS WITH] [WEATHER - DAYS WITH] 9 = BLOWING SNOW
X = TORNADO
MAX 32 OR BELOW: 0 0.01 INCH OR MORE: 0
MAX 90 OR ABOVE: 19 0.10 INCH OR MORE: 0
MIN 32 OR BELOW: 0 0.50 INCH OR MORE: 0
MIN 0 OR BELOW: 0 1.00 INCH OR MORE: 0
[HDD (BASE 65) ]
TOTAL THIS MO. 16 CLEAR (SCALE 0-3) 27
DPTR FM NORMAL M PTCLDY (SCALE 4-7) 3
TOTAL FM JUL 1 6365 CLOUDY (SCALE 8-10) 0
DPTR FM NORMAL M
[CDD (BASE 65) ]
TOTAL THIS MO. 208
DPTR FM NORMAL M [PRESSURE DATA]
TOTAL FM JAN 1 259 HIGHEST SLP 30.29 ON 12
DPTR FM NORMAL M LOWEST SLP 29.30 ON 7
[REMARKS]
#FINAL-06-20#