000
CXUS55 KBOU 010900
CF6GXY
PRELIMINARY LOCAL CLIMATOLOGICAL DATA (WS FORM: F-6)
STATION: GREELEY CO
MONTH: OCTOBER
YEAR: 2023
LATITUDE: 40 25 N
LONGITUDE: 104 38 W
TEMPERATURE IN F: :PCPN: SNOW: WIND :SUNSHINE: SKY :PK WND
================================================================================
1 2 3 4 5 6A 6B 7 8 9 10 11 12 13 14 15 16 17 18
12Z AVG MX 2MIN
DY MAX MIN AVG DEP HDD CDD WTR SNW DPTH SPD SPD DIR MIN PSBL S-S WX SPD DR
================================================================================
1 88 55 72 M 0 7 M M M 13.7 28 170 M M 0 36 170
2 87 47 67 M 0 2 M M M 9.1 26 340 M M 1 3 37 330
3 71 44 58 M 7 0 M M M 7.1 21 330 M M 1 1 25 290
4 72 44 58 M 7 0 M M M 7.1 17 340 M M 4 26 340
5 71 43 57 M 8 0 M M M 6.9 18 30 M M 4 23 30
6 58 37 48 M 17 0 M M M 5.6 17 30 M M 5 8 23 20
7 74 28 51 M 14 0 M M M 3.5 7 300 M M 0 8 M M
8 80 33 57 M 8 0 M M M 4.3 9 90 M M 0 8 M M
9 81 35 58 M 7 0 M M M 4.2 8 100 M M 0 8 M M
10 82 37 60 M 5 0 M M M 5.2 8 60 M M 0 M M
11 76 40 58 M 7 0 M M M 6.0 32 250 M M 4 8 46 250
12 60 38 49 M 16 0 M M M 16.4 37 340 M M 6 47 320
13 55 31 43 M 22 0 M M M 14.9 26 340 M M 2 37 340
14 57 23 40 M 25 0 M M M 2.3 6 60 M M 0 M M
15 70 27 49 M 16 0 M M M 4.9 13 360 M M 0 8 M M
16 75 32 54 M 11 0 M M M 3.0 7 100 M M 0 8 M M
17 85 33 59 M 6 0 M M M 5.2 20 340 M M 0 40 10
18 75 40 58 M 7 0 M M M 9.2 29 10 M M 0 37 10
19 83 36 60 M 5 0 M M M 5.3 12 10 M M 0 8 16 330
20 85 32 59 M 6 0 M M M 4.6 15 50 M M 0 8 M M
21 80 33 57 M 8 0 M M M 6.5 14 100 M M 0 8 M M
22 77 37 57 M 8 0 M M M 4.8 12 40 M M 0 8 M M
23 79 35 57 M 8 0 M M M 4.4 10 360 M M 0 M M
24 69 35 52 M 13 0 M M M 5.0 14 130 M M 2 M M
25 59 38 49 M 16 0 M M M 5.7 10 330 M M 5 12 M M
26 45 28 37 M 28 0 M M M 7.4 22 10 M M 8 1 28 10
27 46 22 34 M 31 0 M M M 7.1 13 90 M M 5 8 M M
28 30 23 27 M 38 0 M M M 6.8 16 90 M M 9 1 M M
29 35 16 26 M 39 0 M M M 3.2 9 10 M M 6 1 M M
30 47 9 28 M 37 0 M M M 2.8 6 10 M M 0 M M
31 50 17 34 M 31 0 M M M 2.7 9 180 M M 0 M M
================================================================================
SM 2102 1028 451 9 M M 194.6 M 62
================================================================================
AV 67.8 33.2 6.3 FASTST M M 2 MAX(MPH)
MISC ----> 37 340 47 320
================================================================================
NOTES:
# LAST OF SEVERAL OCCURRENCES
COLUMN 17 PEAK WIND IN M.P.H.
PRELIMINARY LOCAL CLIMATOLOGICAL DATA (WS FORM: F-6) , PAGE 2
STATION: GREELEY CO
MONTH: OCTOBER
YEAR: 2023
LATITUDE: 40 25 N
LONGITUDE: 104 38 W
[TEMPERATURE DATA] [PRECIPITATION DATA] SYMBOLS USED IN COLUMN 16
AVERAGE MONTHLY: 50.5 TOTAL FOR MONTH: M 1 = FOG OR MIST
DPTR FM NORMAL: 0.0 DPTR FM NORMAL: M 2 = FOG REDUCING VISIBILITY
HIGHEST: 88 ON 1 GRTST 24HR 0.08 ON 2- 2 TO 1/4 MILE OR LESS
LOWEST: 9 ON 30 3 = THUNDER
SNOW, ICE PELLETS, HAIL 4 = ICE PELLETS
TOTAL MONTH: M 5 = HAIL
GRTST 24HR M ON M 6 = FREEZING RAIN OR DRIZZLE
GRTST DEPTH: M ON M 7 = DUSTSTORM OR SANDSTORM:
VSBY 1/2 MILE OR LESS
8 = SMOKE OR HAZE
[NO. OF DAYS WITH] [WEATHER - DAYS WITH] 9 = BLOWING SNOW
X = TORNADO
MAX 32 OR BELOW: 1 0.01 INCH OR MORE: 0
MAX 90 OR ABOVE: 0 0.10 INCH OR MORE: 0
MIN 32 OR BELOW: 12 0.50 INCH OR MORE: 0
MIN 0 OR BELOW: 0 1.00 INCH OR MORE: 0
[HDD (BASE 65) ]
TOTAL THIS MO. 451 CLEAR (SCALE 0-3) 21
DPTR FM NORMAL M PTCLDY (SCALE 4-7) 9
TOTAL FM JUL 1 519 CLOUDY (SCALE 8-10) 1
DPTR FM NORMAL M
[CDD (BASE 65) ]
TOTAL THIS MO. 9
DPTR FM NORMAL M [PRESSURE DATA]
TOTAL FM JAN 1 661 HIGHEST SLP 30.62 ON 29
DPTR FM NORMAL M LOWEST SLP 29.35 ON 11
[REMARKS]
#FINAL-10-23#