000
CXUS51 KGYX 121013
CF6GYX
PRELIMINARY LOCAL CLIMATOLOGICAL DATA (WS FORM: F-6)
STATION: GRAY ME
MONTH: JUNE
YEAR: 2023
LATITUDE: 43 53 N
LONGITUDE: 70 15 W
TEMPERATURE IN F: :PCPN: SNOW: WIND :SUNSHINE: SKY :PK WND
================================================================================
1 2 3 4 5 6A 6B 7 8 9 10 11 12 13 14 15 16 17 18
12Z AVG MX 2MIN
DY MAX MIN AVG DEP HDD CDD WTR SNW DPTH SPD SPD DIR MIN PSBL S-S WX SPD DR
================================================================================
1 89 57 73 14 0 8 0.01 0.0 0 M M M M M M M M
2 89 55 72 13 0 7 0.36 0.0 0 M M M M M M 3 M M
3 55 43 49 -11 16 0 0.48 0.0 0 M M M M M M M M
4 49 41 45 -15 20 0 0.77 0.0 0 M M M M M M 1 M M
5 59 47 53 -7 12 0 0.33 0.0 0 M M M M M M M M
6 66 52 59 -2 6 0 0.01 0.0 0 M M M M M M M M
7 60 48 54 -7 11 0 0.01 0.0 0 M M M M M M M M
8 60 47 54 -7 11 0 T 0.0 0 M M M M M M M M
9 61 48 55 -7 10 0 0.01 0.0 0 M M M M M M 1 M M
10 68 47 58 -4 7 0 0.07 0.0 0 M M M M M M M M
11 80 52 66 4 0 1 0.00 0.0 0 M M M M M M M M
12 75 56 66 3 0 1 0.00 0.0 0 M M M M M M M M
13 60 54 57 -6 8 0 0.66 0.0 0 M M M M M M 1 M M
14 70 54 62 -1 3 0 0.06 0.0 0 M M M M M M 1 M M
15 74 55 65 1 0 0 0.36 0.0 0 M M M M M M 1 M M
16 77 60 69 5 0 4 0.13 0.0 0 M M M M M M M M
17 60 54 57 -7 8 0 1.36 0.0 0 M M M M M M M M
18 64 53 59 -5 6 0 0.12 0.0 0 M M M M M M M M
19 68 54 61 -4 4 0 0.00 0.0 0 M M M M M M M M
20 66 52 59 -6 6 0 0.10 0.0 0 M M M M M M 1 M M
21 71 51 61 -4 4 0 T 0.0 0 M M M M M M 1 M M
22 72 51 62 -4 3 0 0.00 0.0 0 M M M M M M M M
23 77 50 64 -2 1 0 0.00 0.0 0 M M M M M M M M
24 76 60 68 2 0 3 0.10 0.0 0 M M M M M M 12 M M
25 81 63 72 5 0 7 T 0.0 0 M M M M M M 1 M M
26 66 59 63 -4 2 0 0.02 0.0 0 M M M M M M 12 M M
27 70 59 65 -2 0 0 0.33 0.0 0 M M M M M M 1 M M
28 68 63 66 -1 0 1 0.36 0.0 0 M M M M M M 1 M M
29 76 62 69 1 0 4 0.02 0.0 0 M M M M M M 12 M M
30 72 60 66 -2 0 1 T 0.0 0 M M M M M M 1 M M
================================================================================
SM 2079 1607 138 37 5.67 0.0 M M M
================================================================================
AV 69.3 53.6 M FASTST M M M MAX(MPH)
MISC ----> M M M M
================================================================================
NOTES:
# LAST OF SEVERAL OCCURRENCES
COLUMN 17 PEAK WIND IN M.P.H.
PRELIMINARY LOCAL CLIMATOLOGICAL DATA (WS FORM: F-6) , PAGE 2
STATION: GRAY ME
MONTH: JUNE
YEAR: 2023
LATITUDE: 43 53 N
LONGITUDE: 70 15 W
[TEMPERATURE DATA] [PRECIPITATION DATA] SYMBOLS USED IN COLUMN 16
AVERAGE MONTHLY: 61.4 TOTAL FOR MONTH: 5.67 1 = FOG OR MIST
DPTR FM NORMAL: -2.2 DPTR FM NORMAL: 0.94 2 = FOG REDUCING VISIBILITY
HIGHEST: 89 ON 2, 1 GRTST 24HR 1.36 ON 17-17 TO 1/4 MILE OR LESS
LOWEST: 41 ON 4 3 = THUNDER
SNOW, ICE PELLETS, HAIL 4 = ICE PELLETS
TOTAL MONTH: 0.0 INCH 5 = HAIL
GRTST 24HR 0.0 6 = FREEZING RAIN OR DRIZZLE
GRTST DEPTH: 0 7 = DUSTSTORM OR SANDSTORM:
VSBY 1/2 MILE OR LESS
8 = SMOKE OR HAZE
[NO. OF DAYS WITH] [WEATHER - DAYS WITH] 9 = BLOWING SNOW
X = TORNADO
MAX 32 OR BELOW: 0 0.01 INCH OR MORE: 21
MAX 90 OR ABOVE: 0 0.10 INCH OR MORE: 13
MIN 32 OR BELOW: 0 0.50 INCH OR MORE: 3
MIN 0 OR BELOW: 0 1.00 INCH OR MORE: 1
[HDD (BASE 65) ]
TOTAL THIS MO. 138 CLEAR (SCALE 0-3) 0
DPTR FM NORMAL 35 PTCLDY (SCALE 4-7) 0
TOTAL FM JUL 1 6433 CLOUDY (SCALE 8-10) 30
DPTR FM NORMAL -731
[CDD (BASE 65) ]
TOTAL THIS MO. 37
DPTR FM NORMAL -24 [PRESSURE DATA]
TOTAL FM JAN 1 51 HIGHEST SLP M ON M
DPTR FM NORMAL -19 LOWEST SLP M ON M
[REMARKS]
#FINAL-06-23#