000
CXUS51 KGYX 011435
CF6GYX
PRELIMINARY LOCAL CLIMATOLOGICAL DATA (WS FORM: F-6)
STATION: GRAY ME
MONTH: APRIL
YEAR: 2023
LATITUDE: 43 53 N
LONGITUDE: 70 15 W
TEMPERATURE IN F: :PCPN: SNOW: WIND :SUNSHINE: SKY :PK WND
================================================================================
1 2 3 4 5 6A 6B 7 8 9 10 11 12 13 14 15 16 17 18
12Z AVG MX 2MIN
DY MAX MIN AVG DEP HDD CDD WTR SNW DPTH SPD SPD DIR MIN PSBL S-S WX SPD DR
================================================================================
1 43 31 37 -1 28 0 0.41 0.0 2 M M M M M M M M
2 41 27 34 -4 31 0 0.00 0.0 1 M M M M M M M M
3 45 25 35 -4 30 0 0.00 0.0 1 M M M M M M M M
4 53 37 45 6 20 0 T 0.0 1 M M M M M M M M
5 46 31 39 0 26 0 0.03 0.0 T M M M M M M M M
6 52 30 41 1 24 0 0.14 0.0 T M M M M M M 6 M M
7 54 31 43 3 22 0 0.00 0.0 T M M M M M M M M
8 45 27 36 -4 29 0 0.00 0.0 T M M M M M M M M
9 53 26 40 -1 25 0 0.00 0.0 T M M M M M M M M
10 63 32 48 7 17 0 0.00 0.0 0 M M M M M M M M
11 68 46 57 15 8 0 0.00 0.0 0 M M M M M M M M
12 64 50 57 15 8 0 0.00 0.0 0 M M M M M M M M
13 70 47 59 17 6 0 0.00 0.0 0 M M M M M M M M
14 82 47 65 22 0 0 0.00 0.0 0 M M M M M M M M
15 68 45 57 14 8 0 0.00 0.0 0 M M M M M M M M
16 69 45 57 13 8 0 0.05 0.0 0 M M M M M M 1 M M
17 49 43 46 2 19 0 0.17 0.0 0 M M M M M M 1 M M
18 55 41 48 4 17 0 0.01 0.0 0 M M M M M M 12 M M
19 50 39 45 0 20 0 0.00 0.0 0 M M M M M M M M
20 56 37 47 2 18 0 0.00 0.0 0 M M M M M M M M
21 54 35 45 -1 20 0 0.00 0.0 0 M M M M M M M M
22 52 34 43 -3 22 0 0.00 0.0 0 M M M M M M M M
23 50 40 45 -1 20 0 0.67 0.0 0 M M M M M M M M
24 43 40 42 -5 23 0 0.39 0.0 0 M M M M M M M M
25 44 40 42 -5 23 0 0.32 0.0 0 M M M M M M M M
26 47 38 43 -5 22 0 0.00 0.0 0 M M M M M M M M
27 56 35 46 -2 19 0 T 0.0 0 M M M M M M 1 M M
28 64 39 52 4 13 0 0.00 0.0 0 M M M M M M M M
29 57 40 49 0 16 0 0.03 0.0 0 M M M M M M M M
30 50 41 46 -3 19 0 2.32 0.0 0 M M M M M 0 M M
================================================================================
SM 1643 1119 561 0 4.54 0.0 M M 0
================================================================================
AV 54.8 37.3 M FASTST M M 0 MAX(MPH)
MISC ----> M M M M
================================================================================
NOTES:
# LAST OF SEVERAL OCCURRENCES
COLUMN 17 PEAK WIND IN M.P.H.
PRELIMINARY LOCAL CLIMATOLOGICAL DATA (WS FORM: F-6) , PAGE 2
STATION: GRAY ME
MONTH: APRIL
YEAR: 2023
LATITUDE: 43 53 N
LONGITUDE: 70 15 W
[TEMPERATURE DATA] [PRECIPITATION DATA] SYMBOLS USED IN COLUMN 16
AVERAGE MONTHLY: 46.0 TOTAL FOR MONTH: 4.54 1 = FOG OR MIST
DPTR FM NORMAL: 2.5 DPTR FM NORMAL: 0.14 2 = FOG REDUCING VISIBILITY
HIGHEST: 82 ON 14 GRTST 24HR 2.32 ON 30-30 TO 1/4 MILE OR LESS
LOWEST: 25 ON 3 3 = THUNDER
SNOW, ICE PELLETS, HAIL 4 = ICE PELLETS
TOTAL MONTH: 2.4 INCHES 5 = HAIL
GRTST 24HR 0.0 6 = FREEZING RAIN OR DRIZZLE
GRTST DEPTH: 2 ON 1 7 = DUSTSTORM OR SANDSTORM:
VSBY 1/2 MILE OR LESS
8 = SMOKE OR HAZE
[NO. OF DAYS WITH] [WEATHER - DAYS WITH] 9 = BLOWING SNOW
X = TORNADO
MAX 32 OR BELOW: 0 0.01 INCH OR MORE: 11
MAX 90 OR ABOVE: 0 0.10 INCH OR MORE: 7
MIN 32 OR BELOW: 9 0.50 INCH OR MORE: 2
MIN 0 OR BELOW: 0 1.00 INCH OR MORE: 1
[HDD (BASE 65) ]
TOTAL THIS MO. 561 CLEAR (SCALE 0-3) 1
DPTR FM NORMAL -86 PTCLDY (SCALE 4-7) 0
TOTAL FM JUL 1 6007 CLOUDY (SCALE 8-10) 29
DPTR FM NORMAL -708
[CDD (BASE 65) ]
TOTAL THIS MO. 0
DPTR FM NORMAL 0 [PRESSURE DATA]
TOTAL FM JAN 1 0 HIGHEST SLP M ON M
DPTR FM NORMAL 0 LOWEST SLP M ON M
[REMARKS]
#FINAL-04-23#