000
CXUS51 KGYX 011608
CF6GYX
PRELIMINARY LOCAL CLIMATOLOGICAL DATA (WS FORM: F-6)
STATION: GRAY ME
MONTH: AUGUST
YEAR: 2020
LATITUDE: 43 53 N
LONGITUDE: 70 15 W
TEMPERATURE IN F: :PCPN: SNOW: WIND :SUNSHINE: SKY :PK WND
================================================================================
1 2 3 4 5 6A 6B 7 8 9 10 11 12 13 14 15 16 17 18
12Z AVG MX 2MIN
DY MAX MIN AVG DEP HDD CDD WTR SNW DPTH SPD SPD DIR MIN PSBL S-S WX SPD DR
================================================================================
1 85 63 74 4 0 9 0.00 0.0 0 M M M M M M M M
2 82 66 74 4 0 9 0.00 0.0 0 M M M M M M M M
3 85 69 77 7 0 12 0.00 0.0 0 M M M M M M M M
4 73 65 69 -1 0 4 0.42 0.0 0 M M M M M M M M
5 85 65 75 5 0 10 0.00 0.0 0 M M M M M M M M
6 79 59 69 -1 0 4 0.00 0.0 0 M M M M M M M M
7 78 57 68 -2 0 3 0.00 0.0 0 M M M M M M M M
8 82 60 71 1 0 6 0.01 0.0 0 M M M M M M M M
9 84 62 73 3 0 8 0.00 0.0 0 M M M M M M M M
10 87 67 77 7 0 12 0.00 0.0 0 M M M M M M M M
11 87 66 77 8 0 12 0.00 0.0 0 M M M M M M M M
12 88 71 80 11 0 15 0.00 0.0 0 M M M M M M M M
13 86 68 77 8 0 12 0.00 0.0 0 M M M M M M M M
14 83 64 74 5 0 9 0.00 0.0 0 M M M M M M M M
15 75 60 68 -1 0 3 0.00 0.0 0 M M M M M M M M
16 71 59 65 -4 0 0 T 0.0 0 M M M M M M M M
17 77 58 68 -1 0 3 0.00 0.0 0 M M M M M M M M
18 81 59 70 1 0 5 0.02 0.0 0 M M M M M M M M
19 76 57 67 -2 0 2 0.30 0.0 0 M M M M M M M M
20 75 54 65 -3 0 0 0.00 0.0 0 M M M M M M M M
21 85 60 73 5 0 8 T 0.0 0 M M M M M M M M
22 76 62 69 1 0 4 0.46 0.0 0 M M M M M M M M
23 77 59 68 0 0 3 0.00 0.0 0 M M M M M M 1 M M
24 84 62 73 5 0 8 0.11 0.0 0 M M M 0 M M 123 M M
25 86 61 74 6 0 9 0.06 0.0 0 M M M M M M 1 M M
26 70 54 62 -5 3 0 0.00 0.0 0 M M M M M M M M
27 63 49 56 -11 9 0 0.00 0.0 0 M M M M M M M M
28 76 53 65 -2 0 0 0.00 0.0 0 M M M M M M M M
29 63 55 59 -8 6 0 0.86 0.0 0 M M M M M M 1 M M
30 67 53 60 -6 5 0 0.00 0.0 0 M M M M M M M M
31 71 51 61 -5 4 0 0.00 0.0 0 M M M M M M M M
================================================================================
SM 2437 1868 27 170 2.24 0.0 M 0 M
================================================================================
AV 78.6 60.3 M FASTST 0 M 0 MAX(MPH)
MISC ----> M M M M
================================================================================
NOTES:
# LAST OF SEVERAL OCCURRENCES
COLUMN 17 PEAK WIND IN M.P.H.
PRELIMINARY LOCAL CLIMATOLOGICAL DATA (WS FORM: F-6) , PAGE 2
STATION: GRAY ME
MONTH: AUGUST
YEAR: 2020
LATITUDE: 43 53 N
LONGITUDE: 70 15 W
[TEMPERATURE DATA] [PRECIPITATION DATA] SYMBOLS USED IN COLUMN 16
AVERAGE MONTHLY: 69.4 TOTAL FOR MONTH: 2.24 1 = FOG OR MIST
DPTR FM NORMAL: 0.8 DPTR FM NORMAL: -1.35 2 = FOG REDUCING VISIBILITY
HIGHEST: 88 ON 12 GRTST 24HR 0.86 ON 29-29 TO 1/4 MILE OR LESS
LOWEST: 49 ON 27 3 = THUNDER
SNOW, ICE PELLETS, HAIL 4 = ICE PELLETS
TOTAL MONTH: 0.0 INCH 5 = HAIL
GRTST 24HR 0.0 6 = FREEZING RAIN OR DRIZZLE
GRTST DEPTH: 0 7 = DUSTSTORM OR SANDSTORM:
VSBY 1/2 MILE OR LESS
8 = SMOKE OR HAZE
[NO. OF DAYS WITH] [WEATHER - DAYS WITH] 9 = BLOWING SNOW
X = TORNADO
MAX 32 OR BELOW: 0 0.01 INCH OR MORE: 8
MAX 90 OR ABOVE: 0 0.10 INCH OR MORE: 5
MIN 32 OR BELOW: 0 0.50 INCH OR MORE: 1
MIN 0 OR BELOW: 0 1.00 INCH OR MORE: 0
[HDD (BASE 65) ]
TOTAL THIS MO. 27 CLEAR (SCALE 0-3) 0
DPTR FM NORMAL 5 PTCLDY (SCALE 4-7) 0
TOTAL FM JUL 1 40 CLOUDY (SCALE 8-10) 0
DPTR FM NORMAL 4
[CDD (BASE 65) ]
TOTAL THIS MO. 170
DPTR FM NORMAL 37 [PRESSURE DATA]
TOTAL FM JAN 1 521 HIGHEST SLP M ON M
DPTR FM NORMAL 162 LOWEST SLP M ON M
[REMARKS]
#FINAL-08-20#