000
CXUS51 KGYX 010900
CF6GYX
PRELIMINARY LOCAL CLIMATOLOGICAL DATA (WS FORM: F-6)
STATION: GRAY ME
MONTH: AUGUST
YEAR: 2023
LATITUDE: 43 53 N
LONGITUDE: 70 15 W
TEMPERATURE IN F: :PCPN: SNOW: WIND :SUNSHINE: SKY :PK WND
================================================================================
1 2 3 4 5 6A 6B 7 8 9 10 11 12 13 14 15 16 17 18
12Z AVG MX 2MIN
DY MAX MIN AVG DEP HDD CDD WTR SNW DPTH SPD SPD DIR MIN PSBL S-S WX SPD DR
================================================================================
1 73 56 65 -5 0 0 0.00 0.0 0 M M M M M M M M
2 75 53 64 -6 1 0 0.00 0.0 0 M M M M M M M M
3 75 54 65 -5 0 0 T 0.0 0 M M M M M M M M
4 73 60 67 -3 0 2 0.40 0.0 0 M M M M M M 3 M M
5 77 61 69 -1 0 4 0.72 0.0 0 M M M M M M 1 M M
6 81 59 70 0 0 5 0.00 0.0 0 M M M M M M M M
7 71 60 66 -4 0 1 0.04 0.0 0 M M M M M M M M
8 69 62 66 -4 0 1 3.63 0.0 0 M M M M M M M M
9 79 64 72 3 0 7 T 0.0 0 M M M M M M M M
10 82 63 73 4 0 8 0.19 0.0 0 M M M M M M M M
11 77 61 69 0 0 4 0.06 0.0 0 M M M M M M M M
12 78 58 68 -1 0 3 0.00 0.0 0 M M M M M M 1 M M
13 77 64 71 2 0 6 0.77 0.0 0 M M M M M M 13 M M
14 80 61 71 2 0 6 0.00 0.0 0 M M M M M M M M
15 72 62 67 -2 0 2 0.13 0.0 0 M M M M M M M M
16 73 62 68 -1 0 3 0.00 0.0 0 M M M M M M M M
17 70 63 67 -2 0 2 0.01 0.0 0 M M M M M M 1 M M
18 72 62 67 -2 0 2 0.74 0.0 0 M M M M M M M M
19 71 56 64 -4 1 0 0.00 0.0 0 M M M M M M 1 M M
20 80 60 70 2 0 5 0.00 0.0 0 M M M M M M M M
21 82 62 72 4 0 7 T 0.0 0 M M M M M M M M
22 76 55 66 -2 0 1 0.00 0.0 0 M M M M M M M M
23 76 53 65 -3 0 0 0.00 0.0 0 M M M M M M M M
24 77 57 67 -1 0 2 0.05 0.0 0 M M M M M M M M
25 64 55 60 -8 5 0 0.80 0.0 0 M M M M M M 1 M M
26 80 63 72 5 0 7 0.01 0.0 0 M M M M M M 1 M M
27 76 58 67 0 0 2 0.37 0.0 0 M M M M M M 3 M M
28 74 56 65 -2 0 0 0.00 0.0 0 M M M M M M M M
29 74 62 68 1 0 3 0.02 0.0 0 M M M M M M 1 M M
30 77 61 69 3 0 4 0.64 0.0 0 M M M M M M 3 M M
31 70 54 62 -4 3 0 0.00 0.0 0 M M M M M M M M
================================================================================
SM 2331 1837 10 87 8.58 0.0 M M M
================================================================================
AV 75.2 59.3 M FASTST M M M MAX(MPH)
MISC ----> M M M M
================================================================================
NOTES:
# LAST OF SEVERAL OCCURRENCES
COLUMN 17 PEAK WIND IN M.P.H.
PRELIMINARY LOCAL CLIMATOLOGICAL DATA (WS FORM: F-6) , PAGE 2
STATION: GRAY ME
MONTH: AUGUST
YEAR: 2023
LATITUDE: 43 53 N
LONGITUDE: 70 15 W
[TEMPERATURE DATA] [PRECIPITATION DATA] SYMBOLS USED IN COLUMN 16
AVERAGE MONTHLY: 67.2 TOTAL FOR MONTH: 8.58 1 = FOG OR MIST
DPTR FM NORMAL: -1.4 DPTR FM NORMAL: 4.74 2 = FOG REDUCING VISIBILITY
HIGHEST: 82 ON 21,10 GRTST 24HR 3.63 ON 8- 8 TO 1/4 MILE OR LESS
LOWEST: 53 ON 23, 2 3 = THUNDER
SNOW, ICE PELLETS, HAIL 4 = ICE PELLETS
TOTAL MONTH: 0.0 INCH 5 = HAIL
GRTST 24HR 0.0 6 = FREEZING RAIN OR DRIZZLE
GRTST DEPTH: 0 7 = DUSTSTORM OR SANDSTORM:
VSBY 1/2 MILE OR LESS
8 = SMOKE OR HAZE
[NO. OF DAYS WITH] [WEATHER - DAYS WITH] 9 = BLOWING SNOW
X = TORNADO
MAX 32 OR BELOW: 0 0.01 INCH OR MORE: 16
MAX 90 OR ABOVE: 0 0.10 INCH OR MORE: 10
MIN 32 OR BELOW: 0 0.50 INCH OR MORE: 6
MIN 0 OR BELOW: 0 1.00 INCH OR MORE: 1
[HDD (BASE 65) ]
TOTAL THIS MO. 10 CLEAR (SCALE 0-3) 0
DPTR FM NORMAL -11 PTCLDY (SCALE 4-7) 0
TOTAL FM JUL 1 12 CLOUDY (SCALE 8-10) 31
DPTR FM NORMAL -19
[CDD (BASE 65) ]
TOTAL THIS MO. 87
DPTR FM NORMAL -44 [PRESSURE DATA]
TOTAL FM JAN 1 347 HIGHEST SLP M ON M
DPTR FM NORMAL -10 LOWEST SLP M ON M
[REMARKS]
#FINAL-08-23#