000
CXUS54 KJAN 022249
CF6HBG
PRELIMINARY LOCAL CLIMATOLOGICAL DATA (WS FORM: F-6)
STATION: HATTIESBURG
MONTH: JANUARY
YEAR: 2023
LATITUDE: 31 16 N
LONGITUDE: 89 15 W
TEMPERATURE IN F: :PCPN: SNOW: WIND :SUNSHINE: SKY :PK WND
================================================================================
1 2 3 4 5 6A 6B 7 8 9 10 11 12 13 14 15 16 17 18
12Z AVG MX 2MIN
DY MAX MIN AVG DEP HDD CDD WTR SNW DPTH SPD SPD DIR MIN PSBL S-S WX SPD DR
================================================================================
1 79 54 67 17 0 2 0.00 0.0 0 4.6 13 180 M M 7 12 17 190
2 81 69 75 26 0 10 0.01 0.0 0 9.8 17 150 M M 10 1 27 150
3 76 69 73 24 0 8 1.95 0.0 0 10.0 26 180 M M 9 13 43 170
4 73 47 60 11 5 0 0.56 0.0 0 4.3 16 210 M M 2 13 29 220
5 67 41 54 5 11 0 0.00 0.0 0 2.9 16 310 M M 0 24 270
6 67 35 51 2 14 0 0.00 0.0 0 1.0 7 130 M M 0 10 140
7 76 40 58 9 7 0 0.00 0.0 0 4.9 14 190 M M 0 21 180
8 65 51 58 9 7 0 0.31 0.0 0 5.7 15 340 M M 7 1 22 350
9 62 43 53 4 12 0 0.00 0.0 0 2.9 12 20 M M 1 1 16 10
10 67 34 51 2 14 0 0.00 0.0 0 3.5 13 190 M M 3 16 210
11 79 59 69 20 0 4 0.00 0.0 0 8.5 20 220 M M 6 1 30 230
12 75 50 63 14 2 0 0.16 0.0 0 14.0 25 290 M M 6 13 35 290
13 53 35 44 -5 21 0 0.00 0.0 0 11.6 21 340 M M 6 31 310
14 55 30 43 -6 22 0 0.00 0.0 0 3.8 12 300 M M 0 18 300
15 63 27 45 -4 20 0 0.00 0.0 0 3.5 13 170 M M 0 17 180
16 67 46 57 8 8 0 0.00 0.0 0 6.6 17 140 M M 8 21 160
17 77 58 68 19 0 3 0.01 0.0 0 7.4 17 230 M M 6 1 24 230
18 80 61 71 22 0 6 T 0.0 0 9.5 25 190 M M 8 1 36 190
19 73 44 59 10 6 0 0.35 0.0 0 6.2 25 290 M M 2 1 33 280
20 62 38 50 1 15 0 0.01 0.0 0 4.0 10 10 M M 3 14 30
21 52 47 50 1 15 0 1.35 0.0 0 5.5 21 290 M M 10 13 28 300
22 55 41 48 -1 17 0 0.01 0.0 0 4.8 13 300 M M 7 1 20 290
23 58 36 47 -2 18 0 0.00 0.0 0 5.2 15 20 M M 0 20 10
24 70 34 52 3 13 0 0.53 0.0 0 8.5 30 190 M M 6 13 41 220
25 67 40 54 5 11 0 0.01 0.0 0 11.0 21 250 M M 8 36 230
26 56 34 45 -4 20 0 0.00 0.0 0 6.6 21 290 M M 2 29 290
27 59 28 44 -5 21 0 0.00 0.0 0 1.1 9 260 M M 0 15 240
28 69 31 50 0 15 0 0.00 0.0 0 6.7 21 140 M M 0 29 140
29 62 49 56 6 9 0 1.30 0.0 0 2.4 10 110 M M 9 1 13 100
30 65 59 62 12 3 0 0.50 0.0 0 2.1 17 310 M M 10 123 24 300
31 67 50 59 9 6 0 T 0.0 0 4.1 14 330 M M 10 12 18 330
================================================================================
SM 2077 1380 312 33 7.06 0.0 182.7 M 146
================================================================================
AV 67.0 44.5 5.9 FASTST M M 5 MAX(MPH)
MISC ----> 30 190 43 170
================================================================================
NOTES:
# LAST OF SEVERAL OCCURRENCES
COLUMN 17 PEAK WIND IN M.P.H.
PRELIMINARY LOCAL CLIMATOLOGICAL DATA (WS FORM: F-6) , PAGE 2
STATION: HATTIESBURG
MONTH: JANUARY
YEAR: 2023
LATITUDE: 31 16 N
LONGITUDE: 89 15 W
[TEMPERATURE DATA] [PRECIPITATION DATA] SYMBOLS USED IN COLUMN 16
AVERAGE MONTHLY: 55.8 TOTAL FOR MONTH: 7.06 1 = FOG OR MIST
DPTR FM NORMAL: 6.7 DPTR FM NORMAL: 1.24 2 = FOG REDUCING VISIBILITY
HIGHEST: 81 ON 2 GRTST 24HR 1.95 ON 3- 3 TO 1/4 MILE OR LESS
LOWEST: 27 ON 15 3 = THUNDER
SNOW, ICE PELLETS, HAIL 4 = ICE PELLETS
TOTAL MONTH: 0.0 INCH 5 = HAIL
GRTST 24HR 0.0 6 = FREEZING RAIN OR DRIZZLE
GRTST DEPTH: 0 7 = DUSTSTORM OR SANDSTORM:
VSBY 1/2 MILE OR LESS
8 = SMOKE OR HAZE
[NO. OF DAYS WITH] [WEATHER - DAYS WITH] 9 = BLOWING SNOW
X = TORNADO
MAX 32 OR BELOW: 0 0.01 INCH OR MORE: 14
MAX 90 OR ABOVE: 0 0.10 INCH OR MORE: 9
MIN 32 OR BELOW: 4 0.50 INCH OR MORE: 6
MIN 0 OR BELOW: 0 1.00 INCH OR MORE: 3
[HDD (BASE 65) ]
TOTAL THIS MO. 312 CLEAR (SCALE 0-3) 14
DPTR FM NORMAL -190 PTCLDY (SCALE 4-7) 11
TOTAL FM JUL 1 979 CLOUDY (SCALE 8-10) 6
DPTR FM NORMAL -300
[CDD (BASE 65) ]
TOTAL THIS MO. 33
DPTR FM NORMAL 25 [PRESSURE DATA]
TOTAL FM JAN 1 33 HIGHEST SLP 30.44 ON 27
DPTR FM NORMAL 25 LOWEST SLP 29.67 ON 24
[REMARKS]
#FINAL-01-23#