000
CXUS54 KJAN 011642
CF6HBG
PRELIMINARY LOCAL CLIMATOLOGICAL DATA (WS FORM: F-6)
STATION: HATTIESBURG
MONTH: OCTOBER
YEAR: 2022
LATITUDE: 31 16 N
LONGITUDE: 89 15 W
TEMPERATURE IN F: :PCPN: SNOW: WIND :SUNSHINE: SKY :PK WND
================================================================================
1 2 3 4 5 6A 6B 7 8 9 10 11 12 13 14 15 16 17 18
12Z AVG MX 2MIN
DY MAX MIN AVG DEP HDD CDD WTR SNW DPTH SPD SPD DIR MIN PSBL S-S WX SPD DR
================================================================================
1 83 47 65 -8 0 0 0.00 0.0 0 3.0 15 350 M M 0 22 360
2 85 48 67 -6 0 2 0.00 0.0 0 3.8 14 340 M M 0 20 20
3 81 52 67 -5 0 2 0.00 0.0 0 3.0 15 30 M M 1 23 340
4 82 55 69 -3 0 4 0.00 0.0 0 1.6 9 20 M M 1 17 60
5 85 59 72 0 0 7 0.00 0.0 0 1.5 9 340 M M 3 14 290
6 86 55 71 0 0 6 0.00 0.0 0 0.9 10 350 M M 0 1 15 320
7 89 55 72 1 0 7 0.00 0.0 0 1.7 12 350 M M 0 18 300
8 84 56 70 -1 0 5 0.00 0.0 0 4.8 15 360 M M 0 21 350
9 81 49 65 -5 0 0 0.00 0.0 0 2.8 13 360 M M 0 19 60
10 82 50 66 -4 0 1 0.00 0.0 0 3.2 14 360 M M 0 21 60
11 86 48 67 -2 0 2 0.00 0.0 0 1.9 10 140 M M 0 1 14 140
12 88 64 76 7 0 11 0.12 0.0 0 5.7 21 200 M M 6 13 29 200
13 85 57 71 2 0 6 0.12 0.0 0 3.6 18 320 M M 2 13 32 330
14 85 50 68 0 0 3 0.00 0.0 0 1.6 9 40 M M 0 1 15 10
15 88 50 69 1 0 4 0.00 0.0 0 2.3 12 170 M M 0 15 190
16 88 50 69 2 0 4 0.00 0.0 0 1.3 8 160 M M 3 12 14 160
17 72 54 63 -4 2 0 T 0.0 0 5.1 12 340 M M 4 1 19 350
18 61 40 51 -15 14 0 0.00 0.0 0 8.4 18 340 M M 0 29 310
19 64 32 48 -18 17 0 0.00 0.0 0 2.7 12 330 M M 0 19 350
20 71 31 51 -15 14 0 0.00 0.0 0 1.2 9 290 M M 0 14 320
21 81 43 62 -3 3 0 0.00 0.0 0 4.4 15 190 M M 0 23 200
22 82 49 66 1 0 1 0.00 0.0 0 4.9 16 140 M M 1 21 130
23 83 50 67 3 0 2 0.00 0.0 0 4.3 15 160 M M 0 19 150
24 85 53 69 5 0 4 0.00 0.0 0 8.1 20 140 M M 4 28 160
25 82 57 70 6 0 5 0.10 0.0 0 9.3 23 180 M M 6 1 34 210
26 74 45 60 -3 5 0 0.00 0.0 0 4.4 13 360 M M 0 18 340
27 76 44 60 -3 5 0 0.00 0.0 0 1.6 9 60 M M 0 14 50
28 78 45 62 0 3 0 0.00 0.0 0 3.1 14 110 M M 2 19 130
29 77 63 70 8 0 5 4.15 0.0 0 7.8 23 140 M M 8 123 31 150
30 72 59 66 4 0 1 0.00 0.0 0 4.0 14 220 M M 8 1 17 210
31 77 55 66 5 0 1 0.00 0.0 0 1.8 13 260 M M 4 1 18 220
================================================================================
SM 2493 1565 63 83 4.49 0.0 113.8 M 53
================================================================================
AV 80.4 50.5 3.7 FASTST M M 2 MAX(MPH)
MISC ----> # 23 180 34 210
================================================================================
NOTES:
# LAST OF SEVERAL OCCURRENCES
COLUMN 17 PEAK WIND IN M.P.H.
PRELIMINARY LOCAL CLIMATOLOGICAL DATA (WS FORM: F-6) , PAGE 2
STATION: HATTIESBURG
MONTH: OCTOBER
YEAR: 2022
LATITUDE: 31 16 N
LONGITUDE: 89 15 W
[TEMPERATURE DATA] [PRECIPITATION DATA] SYMBOLS USED IN COLUMN 16
AVERAGE MONTHLY: 65.5 TOTAL FOR MONTH: 4.49 1 = FOG OR MIST
DPTR FM NORMAL: -1.8 DPTR FM NORMAL: 0.79 2 = FOG REDUCING VISIBILITY
HIGHEST: 89 ON 7 GRTST 24HR 4.15 ON 29-29 TO 1/4 MILE OR LESS
LOWEST: 31 ON 20 3 = THUNDER
SNOW, ICE PELLETS, HAIL 4 = ICE PELLETS
TOTAL MONTH: 0.0 INCH 5 = HAIL
GRTST 24HR 0.0 6 = FREEZING RAIN OR DRIZZLE
GRTST DEPTH: 0 7 = DUSTSTORM OR SANDSTORM:
VSBY 1/2 MILE OR LESS
8 = SMOKE OR HAZE
[NO. OF DAYS WITH] [WEATHER - DAYS WITH] 9 = BLOWING SNOW
X = TORNADO
MAX 32 OR BELOW: 0 0.01 INCH OR MORE: 4
MAX 90 OR ABOVE: 0 0.10 INCH OR MORE: 4
MIN 32 OR BELOW: 2 0.50 INCH OR MORE: 1
MIN 0 OR BELOW: 0 1.00 INCH OR MORE: 1
[HDD (BASE 65) ]
TOTAL THIS MO. 63 CLEAR (SCALE 0-3) 24
DPTR FM NORMAL -7 PTCLDY (SCALE 4-7) 5
TOTAL FM JUL 1 63 CLOUDY (SCALE 8-10) 2
DPTR FM NORMAL -9
[CDD (BASE 65) ]
TOTAL THIS MO. 83
DPTR FM NORMAL -58 [PRESSURE DATA]
TOTAL FM JAN 1 2651 HIGHEST SLP 30.31 ON 19
DPTR FM NORMAL 212 LOWEST SLP 29.77 ON 25
[REMARKS]
#FINAL-10-22#