000
CXUS54 KJAN 011929
CLMHBG
CLIMATE REPORT
NATIONAL WEATHER SERVICE JACKSON MS
229 PM CDT WED NOV 01 2023
...................................
...THE HATTIESBURG CLIMATE SUMMARY FOR THE MONTH OF OCTOBER 2023...
CLIMATE NORMAL PERIOD: 1991 TO 2020
CLIMATE RECORD PERIOD: 1893 TO 2023
WEATHER OBSERVED NORMAL DEPART LAST YEAR`S
VALUE DATE(S) VALUE FROM VALUE DATE(S)
NORMAL
................................................................
TEMPERATURE (F)
RECORD
HIGH 98 10/03/2019
10/02/2019
09/06/1925
LOW 23 10/30/1952
HIGHEST 92 10/05 MM MM 89 10/07
LOWEST 43 10/17 MM MM 31 10/20
AVG. MAXIMUM 80.9 79.6 1.3 80.4
AVG. MINIMUM 54.8 55.0 -0.2 50.5
MEAN 67.9 67.3 0.6 65.5
DAYS MAX >= 90 4 2.5 1.5 0
DAYS MAX <= 32 0 0.0 0.0 0
DAYS MIN <= 32 0 0.1 -0.1 2
DAYS MIN <= 0 0 0.0 0.0 0
PRECIPITATION (INCHES)
RECORD
MAXIMUM 13.74 1985
MINIMUM T 2005
TOTALS 2.06 3.70 -1.64 4.49
DAILY AVG. 0.07 0.12 -0.05 0.14
DAYS >= .01 3 6.8 -3.8 4
DAYS >= .10 2 3.7 -1.7 4
DAYS >= .50 1 1.9 -0.9 1
DAYS >= 1.00 1 1.0 0.0 1
GREATEST
24 HR. TOTAL 1.64 10/11 TO 10/12 4.15
SNOWFALL (INCHES)
TOTALS 0.0
SINCE 7/1 0.0
DAYS >= TRACE 0
DAYS >= 1.0 0
GREATEST
24 HR TOTAL MM
DEGREE DAYS
HEATING TOTAL 48 70 -22 63
SINCE 7/1 48 72 -24 MM
COOLING TOTAL 144 141 3 83
SINCE 1/1 3139 2439 700 MM
................................................................
WIND (MPH)
AVERAGE WIND SPEED 4.1
HIGHEST WIND SPEED/DIRECTION 22/080 DATE 10/11
HIGHEST GUST SPEED/DIRECTION 33/090 DATE 10/11
SKY COVER
POSSIBLE SUNSHINE (PERCENT) MM
AVERAGE SKY COVER 0.26
NUMBER OF DAYS FAIR 20
NUMBER OF DAYS PC 7
NUMBER OF DAYS CLOUDY 4
AVERAGE RH (PERCENT) 67
WEATHER CONDITIONS. NUMBER OF DAYS WITH
THUNDERSTORM 0 MIXED PRECIP 0
HEAVY RAIN 2 RAIN 3
LIGHT RAIN 6 FREEZING RAIN 0
LT FREEZING RAIN 0 HAIL 0
HEAVY SNOW 0 SNOW 0
LIGHT SNOW 0 SLEET 0
FOG 16 FOG W/VIS <= 1/4 MILE 3
HAZE 3
- INDICATES NEGATIVE NUMBERS.
R INDICATES RECORD WAS SET OR TIED.
MM INDICATES DATA IS MISSING.
T INDICATES TRACE AMOUNT.
$$