000
CXUS53 KBIS 010830
CF6HEI
PRELIMINARY LOCAL CLIMATOLOGICAL DATA (WS FORM: F-6)
STATION: HETTINGER ND
MONTH: SEPTEMBER
YEAR: 2021
LATITUDE: 46 0 N
LONGITUDE: 102 39 W
TEMPERATURE IN F: :PCPN: SNOW: WIND :SUNSHINE: SKY :PK WND
================================================================================
1 2 3 4 5 6A 6B 7 8 9 10 11 12 13 14 15 16 17 18
12Z AVG MX 2MIN
DY MAX MIN AVG DEP HDD CDD WTR SNW DPTH SPD SPD DIR MIN PSBL S-S WX SPD DR
================================================================================
1 75 63 69 5 0 4 0.00 M M 11.8 21 130 M M 3 1 29 130
2 74 47 61 -2 4 0 0.02 M M 8.8 24 40 M M 5 1 32 20
3 73 45 59 -4 6 0 0.07 M M 5.7 17 350 M M 6 21 330
4 79 42 61 -2 4 0 0.00 M M 5.9 16 280 M M 0 12 30 240
5 87 41 64 2 1 0 0.00 M M 4.0 16 260 M M 0 21 260
6 93 48 71 9 0 6 0.00 M M 10.2 28 300 M M 0 35 300
7 81 43 62 0 3 0 0.00 M M 9.3 28 330 M M 1 38 310
8 79 41 60 -1 5 0 0.00 M M 4.9 12 350 M M 0 17 350
9 91 51 71 10 0 6 0.00 M M 7.9 21 290 M M 0 26 280
10 93 49 71 11 0 6 0.00 M M 6.6 23 30 M M 1 8 30 10
11 74 50 62 2 3 0 0.00 M M 11.8 22 50 M M 0 27 60
12 82 45 64 4 1 0 0.00 M M 9.1 17 170 M M 2 26 180
13 81 46 64 5 1 0 0.04 M M 7.9 20 350 M M 2 13 27 120
14 77 40 59 0 6 0 0.00 M M 5.7 16 260 M M 2 22 230
15 89 53 71 13 0 6 0.00 M M 10.2 26 290 M M 0 35 290
16 77 51 64 6 1 0 0.00 M M 15.0 26 340 M M 3 35 330
17 74 32 53 -5 12 0 0.00 M M 10.8 23 160 M M 1 33 160
18 97 46 72 15 0 7 0.00 M M 9.1 24 230 M M 0 33 210
19 83 51 67 10 0 2 0.02 M M 12.5 39 330 M M 2 52 330
20 70 41 56 0 9 0 0.01 M M 10.7 22 280 M M 6 33 320
21 72 38 55 -1 10 0 0.00 M M 7.1 18 270 M M 1 25 240
22 86 35 61 6 4 0 0.00 M M 6.3 15 270 M M 0 22 230
23 82 39 61 6 4 0 T M M 9.4 23 340 M M 1 32 330
24 68 30 49 -5 16 0 0.00 M M 9.2 23 320 M M 1 32 320
25 89 32 61 7 4 0 0.00 M M 4.3 16 270 M M 0 25 260
26 92 45 69 16 0 4 0.00 M M 5.1 18 280 M M 0 25 280
27 96 45 71 18 0 6 0.00 M M 5.3 13 160 M M 0 20 190
28 99 46 73 21 0 8 T M M 11.5 30 160 M M 0 42 180
29 73 51 62 10 3 0 0.27 M M 13.0 25 320 M M 8 38 33 320
30 74 43 59 8 6 0 0.00 M M 7.2 16 340 M M 5 20 330
================================================================================
SM 2460 1329 103 55 0.43 M 256.3 M 50
================================================================================
AV 82.0 44.3 8.5 FASTST M M 2 MAX(MPH)
MISC ----> 39 330 52 330
================================================================================
NOTES:
# LAST OF SEVERAL OCCURRENCES
COLUMN 17 PEAK WIND IN M.P.H.
PRELIMINARY LOCAL CLIMATOLOGICAL DATA (WS FORM: F-6) , PAGE 2
STATION: HETTINGER ND
MONTH: SEPTEMBER
YEAR: 2021
LATITUDE: 46 0 N
LONGITUDE: 102 39 W
[TEMPERATURE DATA] [PRECIPITATION DATA] SYMBOLS USED IN COLUMN 16
AVERAGE MONTHLY: 63.2 TOTAL FOR MONTH: 0.43 1 = FOG OR MIST
DPTR FM NORMAL: 5.3 DPTR FM NORMAL: -0.80 2 = FOG REDUCING VISIBILITY
HIGHEST: 99 ON 28 GRTST 24HR 0.27 ON 29-29 TO 1/4 MILE OR LESS
LOWEST: 30 ON 24 3 = THUNDER
SNOW, ICE PELLETS, HAIL 4 = ICE PELLETS
TOTAL MONTH: M 5 = HAIL
GRTST 24HR M ON M 6 = FREEZING RAIN OR DRIZZLE
GRTST DEPTH: M ON M 7 = DUSTSTORM OR SANDSTORM:
VSBY 1/2 MILE OR LESS
8 = SMOKE OR HAZE
[NO. OF DAYS WITH] [WEATHER - DAYS WITH] 9 = BLOWING SNOW
X = TORNADO
MAX 32 OR BELOW: 0 0.01 INCH OR MORE: 6
MAX 90 OR ABOVE: 7 0.10 INCH OR MORE: 1
MIN 32 OR BELOW: 3 0.50 INCH OR MORE: 0
MIN 0 OR BELOW: 0 1.00 INCH OR MORE: 0
[HDD (BASE 65) ]
TOTAL THIS MO. 103 CLEAR (SCALE 0-3) 25
DPTR FM NORMAL -142 PTCLDY (SCALE 4-7) 5
TOTAL FM JUL 1 121 CLOUDY (SCALE 8-10) 0
DPTR FM NORMAL -208
[CDD (BASE 65) ]
TOTAL THIS MO. 55
DPTR FM NORMAL 23 [PRESSURE DATA]
TOTAL FM JAN 1 679 HIGHEST SLP M ON M
DPTR FM NORMAL 294 LOWEST SLP 29.53 ON 28
[REMARKS]
#FINAL-09-21#