000
CXUS54 KHGX 011510
CF6HGX
PRELIMINARY LOCAL CLIMATOLOGICAL DATA (WS FORM: F-6)
STATION: DICKINSON WFO
MONTH: FEBRUARY
YEAR: 2021
LATITUDE: 29 28 N
LONGITUDE: 95 5 W
TEMPERATURE IN F: :PCPN: SNOW: WIND :SUNSHINE: SKY :PK WND
================================================================================
1 2 3 4 5 6A 6B 7 8 9 10 11 12 13 14 15 16 17 18
12Z AVG MX 2MIN
DY MAX MIN AVG DEP HDD CDD WTR SNW DPTH SPD SPD DIR MIN PSBL S-S WX SPD DR
================================================================================
1 64 45 55 1 10 0 0.00 0.0 0 M M M M M M M M
2 63 43 53 -1 12 0 0.00 0.0 0 M M M M M M M M
3 67 46 57 3 8 0 0.00 0.0 0 M M M M M M M M
4 77 61 69 15 0 4 T 0.0 0 M M M M M M M M
5 64 46 55 1 10 0 0.05 0.0 0 M M M M M M M M
6 67 50 59 4 6 0 0.01 0.0 0 M M M M M M M M
7 60 44 52 -3 13 0 0.00 0.0 0 M M M M M M M M
8 70 39 55 0 10 0 0.00 M 0 M M M M M M M M
9 67 60 64 9 1 0 0.00 0.0 0 M M M M M M M M
10 79 51 65 10 0 0 T 0.0 0 M M M M M M M M
11 51 41 46 -9 19 0 0.76 0.0 0 M M M M M M M M
12 43 37 40 -16 25 0 0.02 0.0 0 M M M M M M M M
13 43 37 40 -16 25 0 0.02 0.0 0 M M M M M M M M
14 43 30 37 -19 28 0 0.07 T 0 M M M M M M M M
15 33 16 25 -31 40 0 0.24 0.5 T M M M M M M 46 M M
16 33 15 24 -32 41 0 0.00 0.0 0 M M M M M M M M
17 40 32 36 -20 29 0 0.15 0.0 0 M M M M M M M M
18 44 32 38 -19 27 0 0.00 0.0 0 M M M M M M M M
19 50 27 39 -18 26 0 0.00 0.0 0 M M M M M M M M
20 58 30 44 -13 21 0 0.00 0.0 0 M M M M M M 12 M M
21 70 49 60 3 5 0 0.00 0.0 0 M M M M M M M M
22 74 49 62 4 3 0 0.00 0.0 0 M M M M M M M M
23 76 43 60 2 5 0 0.00 0.0 0 M M M M M M M M
24 76 57 67 9 0 2 0.00 0.0 0 M M M M M M M M
25 71 64 68 10 0 3 0.05 0.0 0 M M M M M M 1 M M
26 78 66 72 14 0 7 0.01 0.0 0 M M M M M M 1 M M
27 75 68 72 13 0 7 T 0.0 0 M M M M M M 1 M M
28 77 68 73 14 0 8 T 0.0 0 M M M M M M 1 M M
================================================================================
SM 1713 1246 364 31 1.38 0.5 M M M
================================================================================
AV 61.2 44.5 M FASTST M M M MAX(MPH)
MISC ----> M M M M
================================================================================
NOTES:
# LAST OF SEVERAL OCCURRENCES
COLUMN 17 PEAK WIND IN M.P.H.
PRELIMINARY LOCAL CLIMATOLOGICAL DATA (WS FORM: F-6) , PAGE 2
STATION: DICKINSON WFO
MONTH: FEBRUARY
YEAR: 2021
LATITUDE: 29 28 N
LONGITUDE: 95 5 W
[TEMPERATURE DATA] [PRECIPITATION DATA] SYMBOLS USED IN COLUMN 16
AVERAGE MONTHLY: 52.8 TOTAL FOR MONTH: 1.38 1 = FOG OR MIST
DPTR FM NORMAL: -3.3 DPTR FM NORMAL: -1.53 2 = FOG REDUCING VISIBILITY
HIGHEST: 79 ON 10 GRTST 24HR 0.76 ON 11-11 TO 1/4 MILE OR LESS
LOWEST: 15 ON 16 3 = THUNDER
SNOW, ICE PELLETS, HAIL 4 = ICE PELLETS
TOTAL MONTH: 0.5 INCH 5 = HAIL
GRTST 24HR 0.5 ON 15-15 6 = FREEZING RAIN OR DRIZZLE
GRTST DEPTH: T 7 = DUSTSTORM OR SANDSTORM:
VSBY 1/2 MILE OR LESS
8 = SMOKE OR HAZE
[NO. OF DAYS WITH] [WEATHER - DAYS WITH] 9 = BLOWING SNOW
X = TORNADO
MAX 32 OR BELOW: 0 0.01 INCH OR MORE: 10
MAX 90 OR ABOVE: 0 0.10 INCH OR MORE: 3
MIN 32 OR BELOW: 7 0.50 INCH OR MORE: 1
MIN 0 OR BELOW: 0 1.00 INCH OR MORE: 0
[HDD (BASE 65) ]
TOTAL THIS MO. 364 CLEAR (SCALE 0-3) 0
DPTR FM NORMAL 99 PTCLDY (SCALE 4-7) 0
TOTAL FM JUL 1 993 CLOUDY (SCALE 8-10) 28
DPTR FM NORMAL -211
[CDD (BASE 65) ]
TOTAL THIS MO. 31
DPTR FM NORMAL 14 [PRESSURE DATA]
TOTAL FM JAN 1 50 HIGHEST SLP M ON M
DPTR FM NORMAL 21 LOWEST SLP M ON M
[REMARKS]
#FINAL-02-21#