000
CXUS53 KGLD 010800
CF6HLC
PRELIMINARY LOCAL CLIMATOLOGICAL DATA (WS FORM: F-6)
STATION: HILL CITY KS
MONTH: APRIL
YEAR: 2023
LATITUDE: 39 22 N
LONGITUDE: 99 50 W
TEMPERATURE IN F: :PCPN: SNOW: WIND :SUNSHINE: SKY :PK WND
================================================================================
1 2 3 4 5 6A 6B 7 8 9 10 11 12 13 14 15 16 17 18
12Z AVG MX 2MIN
DY MAX MIN AVG DEP HDD CDD WTR SNW DPTH SPD SPD DIR MIN PSBL S-S WX SPD DR
================================================================================
1 69 27 48 0 17 0 0.00 M M 10.8 22 220 M M 0 35 180
2 79 38 59 10 6 0 0.00 M M 8.8 20 180 M M 0 32 190
3 71 45 58 9 7 0 0.00 M M 19.0 28 70 M M 2 38 90
4 55 27 41 -8 24 0 0.00 M M 15.9 26 320 M M 0 40 330
5 51 24 38 -11 27 0 0.00 M M 14.6 28 330 M M 0 40 310
6 63 22 43 -7 22 0 0.00 M M 7.9 17 220 M M 2 31 210
7 71 35 53 3 12 0 0.00 M M 12.9 26 180 M M 0 37 190
8 80 40 60 10 5 0 0.00 M M 14.2 28 170 M M 0 41 160
9 81 44 63 13 2 0 0.00 M M 10.1 24 180 M M 1 35 180
10 80 44 62 11 3 0 0.00 M M 7.6 18 10 M M 0 25 350
11 88 38 63 12 2 0 0.00 M M 9.8 21 180 M M 0 34 170
12 92 57 75 24 0 10 0.00 M M 15.3 31 180 M M 0 8 46 180
13 92 59 76 25 0 11 0.00 M M 20.1 31 180 M M 0 48 180
14 75 59 67 15 0 2 M M M 15.0 27 350 M M 0 40 180
15 53 31 42 -10 23 0 0.05 M M 15.0 26 330 M M 6 37 330
16 65 30 48 -4 17 0 0.00 M M 11.1 25 330 M M 0 41 330
17 83 25 54 2 11 0 0.00 M M 5.2 16 210 M M 0 8 22 160
18 91 34 63 10 2 0 0.00 M M 13.6 36 170 M M 0 8 53 170
19 78 44 61 8 4 0 T M M 14.3 37 350 M M 0 3 55 340
20 63 36 50 -3 15 0 0.04 M M 15.6 33 320 M M 2 51 340
21 61 30 46 -8 19 0 0.00 M M 12.9 26 310 M M 1 42 320
22 56 25 41 -13 24 0 0.00 M M 10.4 22 360 M M 1 37 330
23 65 19 42 -12 23 0 0.00 M M 4.6 15 220 M M 6 20 270
24 66 37 52 -2 13 0 0.00 M M 13.6 24 190 M M 3 34 170
25 54 43 49 -6 16 0 T M M 9.4 16 100 M M 10 23 180
26 66 39 53 -2 12 0 0.00 M M 8.8 20 100 M M 4 29 110
27 73 31 52 -3 13 0 0.21 M M 7.5 18 170 M M 1 13 26 200
28 63 37 50 -6 15 0 0.02 M M 18.7 32 10 M M 8 1 45 350
29 79 33 56 0 9 0 0.00 M M 13.5 32 340 M M 0 45 340
30 67 35 51 -5 14 0 0.00 M M 12.0 26 350 M M 2 39 360
================================================================================
SM 2130 1088 357 23 0.32 M 368.2 M 49
================================================================================
AV 71.0 36.3 12.3 FASTST M M 2 MAX(MPH)
MISC ----> 37 350 55 340
================================================================================
NOTES:
# LAST OF SEVERAL OCCURRENCES
COLUMN 17 PEAK WIND IN M.P.H.
PRELIMINARY LOCAL CLIMATOLOGICAL DATA (WS FORM: F-6) , PAGE 2
STATION: HILL CITY KS
MONTH: APRIL
YEAR: 2023
LATITUDE: 39 22 N
LONGITUDE: 99 50 W
[TEMPERATURE DATA] [PRECIPITATION DATA] SYMBOLS USED IN COLUMN 16
AVERAGE MONTHLY: 53.6 TOTAL FOR MONTH: 0.32 1 = FOG OR MIST
DPTR FM NORMAL: 1.5 DPTR FM NORMAL: -1.65 2 = FOG REDUCING VISIBILITY
HIGHEST: 92 ON 13,12 GRTST 24HR 0.23 ON 27-28 TO 1/4 MILE OR LESS
LOWEST: 19 ON 23 3 = THUNDER
SNOW, ICE PELLETS, HAIL 4 = ICE PELLETS
TOTAL MONTH: M 5 = HAIL
GRTST 24HR M ON M 6 = FREEZING RAIN OR DRIZZLE
GRTST DEPTH: M ON M 7 = DUSTSTORM OR SANDSTORM:
VSBY 1/2 MILE OR LESS
8 = SMOKE OR HAZE
[NO. OF DAYS WITH] [WEATHER - DAYS WITH] 9 = BLOWING SNOW
X = TORNADO
MAX 32 OR BELOW: 0 0.01 INCH OR MORE: 4
MAX 90 OR ABOVE: 3 0.10 INCH OR MORE: 1
MIN 32 OR BELOW: 11 0.50 INCH OR MORE: 0
MIN 0 OR BELOW: 0 1.00 INCH OR MORE: 0
[HDD (BASE 65) ]
TOTAL THIS MO. 357 CLEAR (SCALE 0-3) 25
DPTR FM NORMAL -39 PTCLDY (SCALE 4-7) 4
TOTAL FM JUL 1 5302 CLOUDY (SCALE 8-10) 1
DPTR FM NORMAL 73
[CDD (BASE 65) ]
TOTAL THIS MO. 23
DPTR FM NORMAL 14 [PRESSURE DATA]
TOTAL FM JAN 1 23 HIGHEST SLP M ON M
DPTR FM NORMAL 13 LOWEST SLP 29.30 ON 18
[REMARKS]
#FINAL-04-23#