000
CXUS53 KGLD 010800
CF6HLC
PRELIMINARY LOCAL CLIMATOLOGICAL DATA (WS FORM: F-6)
STATION: HILL CITY KS
MONTH: JANUARY
YEAR: 2022
LATITUDE: 39 22 N
LONGITUDE: 99 50 W
TEMPERATURE IN F: :PCPN: SNOW: WIND :SUNSHINE: SKY :PK WND
================================================================================
1 2 3 4 5 6A 6B 7 8 9 10 11 12 13 14 15 16 17 18
12Z AVG MX 2MIN
DY MAX MIN AVG DEP HDD CDD WTR SNW DPTH SPD SPD DIR MIN PSBL S-S WX SPD DR
================================================================================
1 11 2 7 -23 58 0 0.37 M M 15.4 26 350 M M 10 18 35 10
2 34 -10 12 -18 53 0 0.00 M M 6.4 13 300 M M 0 16 290
3 43 9 26 -4 39 0 0.00 M M 6.0 15 210 M M 0 21 200
4 56 19 38 8 27 0 0.00 M M 11.3 28 350 M M 2 40 300
5 25 7 16 -14 49 0 0.01 M M 10.1 23 350 M M 5 1 33 340
6 9 2 6 -24 59 0 0.08 M M 10.6 22 340 M M 8 1 30 360
7 27 2 15 -15 50 0 0.00 M M 9.4 20 190 M M 1 27 170
8 42 9 26 -4 39 0 0.00 M M 10.1 23 10 M M 1 34 360
9 34 10 22 -8 43 0 0.00 M M 8.0 24 10 M M 0 32 20
10 52 21 37 7 28 0 0.00 M M 6.9 12 280 M M 0 18 260
11 55 26 41 11 24 0 0.00 M M 8.5 20 340 M M 0 8 27 330
12 59 25 42 12 23 0 0.00 M M 7.7 17 320 M M 0 23 320
13 63 34 49 19 16 0 0.00 M M 6.6 18 320 M M 0 27 330
14 49 23 36 6 29 0 T M M 18.7 40 340 M M 5 54 340
15 34 16 25 -5 40 0 T M M 14.8 37 340 M M 3 50 340
16 57 20 39 9 26 0 0.00 M M 10.3 21 330 M M 0 31 310
17 64 20 42 12 23 0 0.00 M M 7.6 20 230 M M 0 29 240
18 68 27 48 18 17 0 0.00 M M 9.2 23 30 M M 0 31 40
19 37 9 23 -7 42 0 T M M 14.5 26 20 M M 5 8 35 20
20 20 2 11 -19 54 0 0.00 M M 5.3 10 190 M M 4 15 180
21 35 9 22 -8 43 0 0.00 M M 7.7 17 190 M M 4 23 190
22 51 19 35 5 30 0 0.00 M M 8.0 18 230 M M 0 28 200
23 62 32 47 17 18 0 0.00 M M 11.5 20 320 M M 1 28 330
24 54 26 40 10 25 0 0.00 M M 12.0 24 350 M M 2 37 350
25 26 17 22 -8 43 0 0.08 M M 5.4 15 70 M M 10 18 19 70
26 30 11 21 -9 44 0 0.00 M M 9.9 20 210 M M 3 26 210
27 41 14 28 -2 37 0 0.00 M M 8.0 17 340 M M 3 23 350
28 46 19 33 3 32 0 0.00 M M 8.7 15 270 M M 1 20 270
29 63 27 45 15 20 0 0.00 M M 10.3 20 320 M M 0 27 300
30 54 19 37 7 28 0 0.00 M M 6.4 16 210 M M 0 22 200
31 61 20 41 11 24 0 0.00 M M 7.7 18 200 M M 0 25 210
================================================================================
SM 1362 486 1083 0 0.54 M 293.0 M 68
================================================================================
AV 43.9 15.7 9.5 FASTST M M 2 MAX(MPH)
MISC ----> 40 340 54 340
================================================================================
NOTES:
# LAST OF SEVERAL OCCURRENCES
COLUMN 17 PEAK WIND IN M.P.H.
PRELIMINARY LOCAL CLIMATOLOGICAL DATA (WS FORM: F-6) , PAGE 2
STATION: HILL CITY KS
MONTH: JANUARY
YEAR: 2022
LATITUDE: 39 22 N
LONGITUDE: 99 50 W
[TEMPERATURE DATA] [PRECIPITATION DATA] SYMBOLS USED IN COLUMN 16
AVERAGE MONTHLY: 29.8 TOTAL FOR MONTH: 0.54 1 = FOG OR MIST
DPTR FM NORMAL: -0.2 DPTR FM NORMAL: 0.21 2 = FOG REDUCING VISIBILITY
HIGHEST: 68 ON 18 GRTST 24HR 0.37 ON 1- 1 TO 1/4 MILE OR LESS
LOWEST: -10 ON 2 3 = THUNDER
SNOW, ICE PELLETS, HAIL 4 = ICE PELLETS
TOTAL MONTH: M 5 = HAIL
GRTST 24HR M ON M 6 = FREEZING RAIN OR DRIZZLE
GRTST DEPTH: M ON M 7 = DUSTSTORM OR SANDSTORM:
VSBY 1/2 MILE OR LESS
8 = SMOKE OR HAZE
[NO. OF DAYS WITH] [WEATHER - DAYS WITH] 9 = BLOWING SNOW
X = TORNADO
MAX 32 OR BELOW: 7 0.01 INCH OR MORE: 4
MAX 90 OR ABOVE: 0 0.10 INCH OR MORE: 1
MIN 32 OR BELOW: 30 0.50 INCH OR MORE: 0
MIN 0 OR BELOW: 1 1.00 INCH OR MORE: 0
[HDD (BASE 65) ]
TOTAL THIS MO. 1083 CLEAR (SCALE 0-3) 23
DPTR FM NORMAL -3 PTCLDY (SCALE 4-7) 6
TOTAL FM JUL 1 2735 CLOUDY (SCALE 8-10) 2
DPTR FM NORMAL -521
[CDD (BASE 65) ]
TOTAL THIS MO. 0
DPTR FM NORMAL 0 [PRESSURE DATA]
TOTAL FM JAN 1 0 HIGHEST SLP M ON M
DPTR FM NORMAL 0 LOWEST SLP 29.64 ON 4
[REMARKS]
#FINAL-01-22#