000
CXUS53 KFSD 011443
CF6HON
PRELIMINARY LOCAL CLIMATOLOGICAL DATA (WS FORM: F-6)
STATION: HURON
MONTH: OCTOBER
YEAR: 2022
LATITUDE: 44 22 N
LONGITUDE: 98 13 W
TEMPERATURE IN F: :PCPN: SNOW: WIND :SUNSHINE: SKY :PK WND
================================================================================
1 2 3 4 5 6A 6B 7 8 9 10 11 12 13 14 15 16 17 18
12Z AVG MX 2MIN
DY MAX MIN AVG DEP HDD CDD WTR SNW DPTH SPD SPD DIR MIN PSBL S-S WX SPD DR
================================================================================
1 83 58 71 15 0 6 0.00 0.0 0 12.3 21 160 M M 0 28 160
2 83 58 71 16 0 6 0.04 0.0 0 13.6 20 160 M M 4 29 140
3 79 57 68 13 0 3 0.08 0.0 0 10.0 18 160 M M 4 1 27 150
4 69 50 60 6 5 0 0.02 0.0 0 4.0 16 320 M M 5 1 20 310
5 77 51 64 10 1 0 0.01 0.0 0 6.8 16 340 M M 4 1 21 300
6 59 26 43 -10 22 0 0.00 0.0 0 14.6 25 360 M M 1 37 20
7 52 20 36 -16 29 0 0.00 0.0 0 5.5 12 300 M M 0 8 16 320
8 70 25 48 -4 17 0 0.00 0.0 0 6.9 16 290 M M 0 25 260
9 75 35 55 4 10 0 0.00 0.0 0 5.5 20 360 M M 0 27 350
10 81 33 57 6 8 0 0.00 0.0 0 10.4 21 150 M M 0 33 150
11 85 42 64 14 1 0 T 0.0 0 14.1 36 330 M M 1 8 47 330
12 60 39 50 0 15 0 T 0.0 0 16.6 39 320 M M 4 54 340
13 55 34 45 -4 20 0 0.00 0.0 0 17.1 36 330 M M 2 51 330
14 50 28 39 -10 26 0 0.00 0.0 0 15.0 31 340 M M 2 42 330
15 64 31 48 0 17 0 0.00 0.0 0 12.6 29 320 M M 4 36 310
16 50 23 37 -11 28 0 0.00 0.0 0 12.7 23 330 M M 3 33 360
17 42 14 28 -19 37 0 0.00 0.0 0 10.4 20 360 M M 3 27 350
18 45 9 27 -20 38 0 0.00 0.0 0 3.7 12 340 M M 0 8 16 350
19 67 20 44 -2 21 0 0.00 0.0 0 4.3 13 320 M M 0 17 320
20 76 33 55 9 10 0 0.00 0.0 0 6.6 17 190 M M 0 1 26 190
21 67 42 55 10 10 0 0.00 0.0 0 7.5 15 360 M M 0 19 310
22 68 40 54 9 11 0 0.00 0.0 0 7.0 14 140 M M 0 8 22 140
23 84 40 62 18 3 0 T 0.0 0 14.4 28 150 M M 0 3 40 160
24 51 38 45 1 20 0 T 0.0 0 18.4 30 280 M M 9 39 290
25 61 25 43 0 22 0 0.00 0.0 0 9.0 25 300 M M 1 33 290
26 64 23 44 1 21 0 0.08 0.0 0 6.5 21 200 M M 2 1 30 190
27 52 41 47 5 18 0 0.06 0.0 0 13.3 24 160 M M 7 1 37 160
28 65 35 50 8 15 0 0.00 0.0 0 10.4 18 160 M M 1 12 26 170
29 68 33 51 10 14 0 0.00 0.0 0 8.8 16 190 M M 0 21 170
30 65 28 47 6 18 0 0.00 0.0 0 3.5 8 350 M M 0 11 350
31 71 31 51 11 14 0 0.00 0.0 0 4.8 10 190 M M 0 14 180
================================================================================
SM 2038 1062 471 15 0.29 0.0 306.3 M 57
================================================================================
AV 65.7 34.3 9.9 FASTST M M 2 MAX(MPH)
MISC ----> 39 320 54 340
================================================================================
NOTES:
# LAST OF SEVERAL OCCURRENCES
-COLUMN 17 PEAK WIND IN M.P.H.
-PRECIPITATION AMOUNTS IN COLUMNS 7,8 AND 9 ARE THE OFFICIAL
PRECIPITATION AMOUNTS FOR HURON SD.
-SNOW DEPTH IN COLUMN 9 IS RECORDED AT 6 AM CST (12Z).
PRELIMINARY LOCAL CLIMATOLOGICAL DATA (WS FORM: F-6) , PAGE 2
STATION: HURON
MONTH: OCTOBER
YEAR: 2022
LATITUDE: 44 22 N
LONGITUDE: 98 13 W
[TEMPERATURE DATA] [PRECIPITATION DATA] SYMBOLS USED IN COLUMN 16
AVERAGE MONTHLY: 50.0 TOTAL FOR MONTH: 0.29 1 = FOG OR MIST
DPTR FM NORMAL: 2.1 DPTR FM NORMAL: -1.66 2 = FOG REDUCING VISIBILITY
HIGHEST: 85 ON 11 GRTST 24HR 0.14 ON 26-27 TO 1/4 MILE OR LESS
LOWEST: 9 ON 18 3 = THUNDER
SNOW, ICE PELLETS, HAIL 4 = ICE PELLETS
TOTAL MONTH: 0.0 INCH 5 = HAIL
GRTST 24HR 0.0 6 = FREEZING RAIN OR DRIZZLE
GRTST DEPTH: 0 7 = DUSTSTORM OR SANDSTORM:
VSBY 1/2 MILE OR LESS
8 = SMOKE OR HAZE
[NO. OF DAYS WITH] [WEATHER - DAYS WITH] 9 = BLOWING SNOW
X = TORNADO
MAX 32 OR BELOW: 0 0.01 INCH OR MORE: 6
MAX 90 OR ABOVE: 0 0.10 INCH OR MORE: 0
MIN 32 OR BELOW: 13 0.50 INCH OR MORE: 0
MIN 0 OR BELOW: 0 1.00 INCH OR MORE: 0
[HDD (BASE 65) ]
TOTAL THIS MO. 471 CLEAR (SCALE 0-3) 23
DPTR FM NORMAL -65 PTCLDY (SCALE 4-7) 7
TOTAL FM JUL 1 556 CLOUDY (SCALE 8-10) 1
DPTR FM NORMAL -155
[CDD (BASE 65) ]
TOTAL THIS MO. 15
DPTR FM NORMAL 10 [PRESSURE DATA]
TOTAL FM JAN 1 957 HIGHEST SLP 30.67 ON 7
DPTR FM NORMAL 205 LOWEST SLP 29.10 ON 23
[REMARKS]
RECORD LOW DAILY MINIMUM TEMPERATURE WAS ESTABLISHED ON THE 17TH
WITH 14 DEGREES. THE PREVIOUS RECORD WAS 15 DEGREES IN 1948.
RECORD LOW DAILY MINIMUM TEMPERATURE WAS ESTABLISHED ON THE 18TH
WITH 9 DEGREES. THE PREVIOUS RECORD WAS 15 DEGREES IN 1989.
RECORD WARM DAILY MAXIMUM TEMPERATURE WAS ESTABLISHED ON THE 23RD
WITH 84 DEGREES. THE PREVIOUS RECORD WAS 83 DEGREES IN 1927.
#FINAL-10-22#