000
CXUS54 KHGX 011410
CF6HOU
PRELIMINARY LOCAL CLIMATOLOGICAL DATA (WS FORM: F-6)
STATION: HOUSTON/HOBBY AIRPORT
MONTH: APRIL
YEAR: 2021
LATITUDE: 29 38 N
LONGITUDE: 95 17 W
TEMPERATURE IN F: :PCPN: SNOW: WIND :SUNSHINE: SKY :PK WND
================================================================================
1 2 3 4 5 6A 6B 7 8 9 10 11 12 13 14 15 16 17 18
12Z AVG MX 2MIN
DY MAX MIN AVG DEP HDD CDD WTR SNW DPTH SPD SPD DIR MIN PSBL S-S WX SPD DR
================================================================================
1 72 53 63 -4 2 0 0.00 0.0 0 13.6 25 40 M M 3 32 40
2 67 52 60 -7 5 0 0.00 0.0 0 10.6 22 120 M M 6 26 100
3 69 52 61 -6 4 0 T 0.0 0 8.2 22 110 M M 8 25 120
4 75 56 66 -1 0 1 0.00 0.0 0 9.0 17 110 M M 6 22 100
5 80 61 71 3 0 6 T 0.0 0 10.3 21 160 M M 5 1 25 130
6 82 69 76 8 0 11 T 0.0 0 14.6 25 160 M M 9 31 180
7 83 65 74 6 0 9 0.14 0.0 0 12.9 23 170 M M 9 29 170
8 88 60 74 6 0 9 0.00 0.0 0 7.0 17 160 M M 2 1 20 160
9 83 73 78 10 0 13 0.00 0.0 0 12.3 24 170 M M 9 8 30 180
10 86 65 76 8 0 11 0.00 0.0 0 10.4 25 350 M M 5 18 31 10
11 86 59 73 4 0 8 0.00 0.0 0 7.2 14 170 M M 2 20 70
12 84 59 72 3 0 7 0.00 0.0 0 9.0 18 90 M M 4 1 22 110
13 87 72 80 11 0 15 0.03 0.0 0 10.2 29 120 M M 9 18 37 120
14 79 69 74 5 0 9 0.67 0.0 0 9.5 20 50 M M 10 138 26 360
15 73 65 69 -1 0 4 T 0.0 0 11.7 20 80 M M 10 1 24 50
16 73 64 69 -1 0 4 0.16 0.0 0 10.3 18 20 M M 10 1 23 20
17 66 56 61 -9 4 0 0.09 0.0 0 15.5 28 360 M M 9 1 35 10
18 69 53 61 -9 4 0 0.00 0.0 0 9.6 18 10 M M 7 23 360
19 74 51 63 -8 2 0 T 0.0 0 5.6 14 160 M M 7 20 110
20 83 55 69 -2 0 4 0.00 0.0 0 5.8 16 350 M M 3 22 350
21 71 49 60 -11 5 0 0.00 0.0 0 11.2 22 20 M M 1 8 26 360
22 75 55 65 -6 0 0 0.02 0.0 0 12.9 23 100 M M 7 1 27 100
23 77 68 73 1 0 8 0.10 0.0 0 12.4 32 140 M M 10 13 39 150
24 89 69 79 7 0 14 0.00 0.0 0 11.5 21 330 M M 4 18 29 330
25 81 63 72 0 0 7 0.00 0.0 0 10.4 20 90 M M 2 8 23 80
26 83 64 74 2 0 9 0.00 0.0 0 10.2 20 160 M M 7 1 25 140
27 82 74 78 5 0 13 T 0.0 0 11.9 30 110 M M 10 35 110
28 86 76 81 8 0 16 0.00 0.0 0 16.9 28 170 M M 9 35 170
29 84 75 80 7 0 15 0.04 0.0 0 9.2 18 120 M M 10 18 24 110
30 78 71 75 2 0 10 0.76 0.0 0 10.7 21 60 M M 10 13 26 80
================================================================================
SM 2365 1873 26 203 2.01 0.0 320.6 M 203
================================================================================
AV 78.8 62.4 10.7 FASTST M M 7 MAX(MPH)
MISC ----> 32 140 39 150
================================================================================
NOTES:
# LAST OF SEVERAL OCCURRENCES
COLUMN 17 PEAK WIND IN M.P.H.
PRELIMINARY LOCAL CLIMATOLOGICAL DATA (WS FORM: F-6) , PAGE 2
STATION: HOUSTON/HOBBY AIRPORT
MONTH: APRIL
YEAR: 2021
LATITUDE: 29 38 N
LONGITUDE: 95 17 W
[TEMPERATURE DATA] [PRECIPITATION DATA] SYMBOLS USED IN COLUMN 16
AVERAGE MONTHLY: 70.6 TOTAL FOR MONTH: 2.01 1 = FOG OR MIST
DPTR FM NORMAL: 0.8 DPTR FM NORMAL: -1.24 2 = FOG REDUCING VISIBILITY
HIGHEST: 89 ON 24 GRTST 24HR 0.79 ON 29-30 TO 1/4 MILE OR LESS
LOWEST: 49 ON 21 3 = THUNDER
SNOW, ICE PELLETS, HAIL 4 = ICE PELLETS
TOTAL MONTH: 0.0 INCH 5 = HAIL
GRTST 24HR 0.0 6 = FREEZING RAIN OR DRIZZLE
GRTST DEPTH: 0 7 = DUSTSTORM OR SANDSTORM:
VSBY 1/2 MILE OR LESS
8 = SMOKE OR HAZE
[NO. OF DAYS WITH] [WEATHER - DAYS WITH] 9 = BLOWING SNOW
X = TORNADO
MAX 32 OR BELOW: 0 0.01 INCH OR MORE: 9
MAX 90 OR ABOVE: 0 0.10 INCH OR MORE: 5
MIN 32 OR BELOW: 0 0.50 INCH OR MORE: 2
MIN 0 OR BELOW: 0 1.00 INCH OR MORE: 0
[HDD (BASE 65) ]
TOTAL THIS MO. 26 CLEAR (SCALE 0-3) 6
DPTR FM NORMAL -2 PTCLDY (SCALE 4-7) 11
TOTAL FM JUL 1 1024 CLOUDY (SCALE 8-10) 13
DPTR FM NORMAL -194
[CDD (BASE 65) ]
TOTAL THIS MO. 203
DPTR FM NORMAL 30 [PRESSURE DATA]
TOTAL FM JAN 1 396 HIGHEST SLP 30.52 ON 1
DPTR FM NORMAL 116 LOWEST SLP 29.62 ON 9
[REMARKS]
#FINAL-04-21#