000
CXUS54 KLZK 011130
CF6HRO
PRELIMINARY LOCAL CLIMATOLOGICAL DATA (WS FORM: F-6)
STATION: HARRISON
MONTH: MAY
YEAR: 2022
LATITUDE: 36 15 N
LONGITUDE: 93 9 W
TEMPERATURE IN F: :PCPN: SNOW: WIND :SUNSHINE: SKY :PK WND
================================================================================
1 2 3 4 5 6A 6B 7 8 9 10 11 12 13 14 15 16 17 18
12Z AVG MX 2MIN
DY MAX MIN AVG DEP HDD CDD WTR SNW DPTH SPD SPD DIR MIN PSBL S-S WX SPD DR
================================================================================
1 76 49 63 1 2 0 0.00 0.0 0 4.6 13 310 M M 0 21 280
2 64 49 57 -5 8 0 1.98 0.0 0 8.8 18 310 M M 7 13 28 300
3 62 46 54 -9 11 0 0.04 0.0 0 7.3 23 140 M M 8 13 30 140
4 54 45 50 -13 15 0 0.15 0.0 0 8.7 18 140 M M 9 123 23 140
5 68 54 61 -2 4 0 2.30 0.0 0 8.4 21 250 M M 9 123 26 250
6 65 54 60 -4 5 0 0.08 0.0 0 8.6 17 300 M M 8 13 27 290
7 75 50 63 -1 2 0 0.00 0.0 0 6.2 17 140 M M 0 1 22 140
8 78 56 67 3 0 2 0.00 0.0 0 15.4 28 160 M M 4 37 160
9 85 66 76 12 0 11 0.00 0.0 0 11.7 23 170 M M 3 32 170
10 89 71 80 16 0 15 0.00 0.0 0 9.0 17 170 M M 1 22 160
11 90 67 79 14 0 14 0.00 0.0 0 5.7 17 170 M M 0 21 160
12 91 60 76 11 0 11 0.00 0.0 0 5.1 13 140 M M 0 12 16 130
13 89 64 77 12 0 12 0.00 0.0 0 5.3 18 110 M M 0 1 26 120
14 86 63 75 9 0 10 0.05 0.0 0 5.6 17 160 M M 2 3 23 120
15 81 62 72 6 0 7 0.31 0.0 0 4.5 23 320 M M 4 13 32 310
16 79 57 68 2 0 3 0.00 0.0 0 3.1 10 80 M M 2 12 13 50
17 79 55 67 1 0 2 0.00 0.0 0 8.8 18 150 M M 1 24 140
18 89 63 76 9 0 11 0.04 0.0 0 6.2 17 150 M M 2 13 25 10
19 85 67 76 9 0 11 0.00 0.0 0 8.4 22 160 M M 1 27 180
20 85 73 79 12 0 14 0.00 0.0 0 11.9 22 170 M M 3 35 190
21 77 53 65 -3 0 0 0.11 0.0 0 7.4 22 310 M M 9 13 32 290
22 59 50 55 -13 10 0 0.00 0.0 0 6.2 14 30 M M 9 18 30
23 60 50 55 -13 10 0 0.17 0.0 0 5.9 13 100 M M 10 13 16 130
24 63 56 60 -8 5 0 1.07 0.0 0 8.0 15 120 M M 10 123 19 130
25 75 54 65 -4 0 0 0.10 0.0 0 9.9 21 170 M M 8 1 28 120
26 61 53 57 -12 8 0 0.24 0.0 0 8.4 16 260 M M 10 1 24 270
27 77 52 65 -4 0 0 0.00 0.0 0 9.1 18 300 M M 3 28 300
28 81 51 66 -4 0 1 0.00 0.0 0 9.4 20 150 M M 0 25 150
29 85 63 74 4 0 9 0.00 0.0 0 13.8 22 150 M M 0 33 150
30 83 67 75 5 0 10 0.00 0.0 0 12.2 24 160 M M 1 32 170
31 86 68 77 7 0 12 0.00 0.0 0 9.2 18 180 M M 3 25 160
================================================================================
SM 2377 1788 80 155 6.64 0.0 252.8 M 127
================================================================================
AV 76.7 57.7 8.2 FASTST M M 4 MAX(MPH)
MISC ----> 28 160 37 160
================================================================================
NOTES:
# LAST OF SEVERAL OCCURRENCES
COLUMN 17 PEAK WIND IN M.P.H.
PRELIMINARY LOCAL CLIMATOLOGICAL DATA (WS FORM: F-6) , PAGE 2
STATION: HARRISON
MONTH: MAY
YEAR: 2022
LATITUDE: 36 15 N
LONGITUDE: 93 9 W
[TEMPERATURE DATA] [PRECIPITATION DATA] SYMBOLS USED IN COLUMN 16
AVERAGE MONTHLY: 67.2 TOTAL FOR MONTH: 6.64 1 = FOG OR MIST
DPTR FM NORMAL: 1.0 DPTR FM NORMAL: 1.83 2 = FOG REDUCING VISIBILITY
HIGHEST: 91 ON 12 GRTST 24HR 2.30 ON 4- 5 TO 1/4 MILE OR LESS
LOWEST: 45 ON 4 3 = THUNDER
SNOW, ICE PELLETS, HAIL 4 = ICE PELLETS
TOTAL MONTH: 0.0 INCH 5 = HAIL
GRTST 24HR 0.0 6 = FREEZING RAIN OR DRIZZLE
GRTST DEPTH: 0 7 = DUSTSTORM OR SANDSTORM:
VSBY 1/2 MILE OR LESS
8 = SMOKE OR HAZE
[NO. OF DAYS WITH] [WEATHER - DAYS WITH] 9 = BLOWING SNOW
X = TORNADO
MAX 32 OR BELOW: 0 0.01 INCH OR MORE: 13
MAX 90 OR ABOVE: 2 0.10 INCH OR MORE: 9
MIN 32 OR BELOW: 0 0.50 INCH OR MORE: 3
MIN 0 OR BELOW: 0 1.00 INCH OR MORE: 3
[HDD (BASE 65) ]
TOTAL THIS MO. 80 CLEAR (SCALE 0-3) 17
DPTR FM NORMAL 5 PTCLDY (SCALE 4-7) 7
TOTAL FM JUL 1 3473 CLOUDY (SCALE 8-10) 7
DPTR FM NORMAL -408
[CDD (BASE 65) ]
TOTAL THIS MO. 155
DPTR FM NORMAL 43 [PRESSURE DATA]
TOTAL FM JAN 1 189 HIGHEST SLP 30.34 ON 22
DPTR FM NORMAL 37 LOWEST SLP 29.44 ON 20
[REMARKS]
#FINAL-05-22#