000
CXUS52 KMHX 092120
CF6HSE
PRELIMINARY LOCAL CLIMATOLOGICAL DATA (WS FORM: F-6)
STATION: CAPE HATTERAS NC
MONTH: NOVEMBER
YEAR: 2021
LATITUDE: 35 13 N
LONGITUDE: 75 37 W
TEMPERATURE IN F: :PCPN: SNOW: WIND :SUNSHINE: SKY :PK WND
================================================================================
1 2 3 4 5 6A 6B 7 8 9 10 11 12 13 14 15 16 17 18
12Z AVG MX 2MIN
DY MAX MIN AVG DEP HDD CDD WTR SNW DPTH SPD SPD DIR MIN PSBL S-S WX SPD DR
================================================================================
1 71 59 65 2 0 0 0.00 0.0 0 5.7 12 30 M M 0 17 30
2 70 59 65 3 0 0 0.00 0.0 0 6.1 15 10 M M 5 26 360
3 62 54 58 -4 7 0 0.00 0.0 0 10.4 15 30 M M 6 28 10
4 62 52 57 -5 8 0 0.17 0.0 0 10.0 16 30 M M 10 1 28 30
5 60 52 56 -6 9 0 0.00 0.0 0 10.0 16 20 M M 2 30 10
6 67 58 63 2 2 0 0.02 0.0 0 13.4 21 60 M M 6 1 35 60
7 66 56 61 0 4 0 0.19 0.0 0 16.1 22 10 M M 10 1 41 360
8 63 55 59 -2 6 0 T 0.0 0 9.3 16 10 M M 2 32 10
9 69 50 60 0 5 0 0.00 0.0 0 3.6 8 320 M M 0 1 11 290
10 70 48 59 -1 6 0 0.00 0.0 0 4.6 12 240 M M 0 1 16 250
11 74 44 59 -1 6 0 0.00 0.0 0 4.9 16 160 M M 0 12 21 160
12 71 58 65 6 0 0 4.18 0.0 0 7.8 25 210 M M 3 1238 38 220
13 70 53 62 3 3 0 0.00 0.0 0 6.5 13 240 M M 1 18 22 360
14 64 52 58 -1 7 0 0.00 0.0 0 5.8 14 270 M M 1 25 270
15 59 51 55 -4 10 0 0.00 0.0 0 9.7 16 300 M M 0 25 300
16 61 43 52 -6 13 0 0.00 0.0 0 3.2 8 330 M M 0 14 330
17 71 46 59 1 6 0 0.00 0.0 0 4.6 12 230 M M 0 17 220
18 74 65 70 12 0 5 0.01 0.0 0 8.9 18 220 M M 3 1 27 220
19 70 49 60 2 5 0 0.00 0.0 0 10.1 16 10 M M 2 29 20
20 61 51 56 -1 9 0 0.00 0.0 0 8.2 14 40 M M 0 23 20
21 73 57 65 8 0 0 0.00 0.0 0 5.9 13 190 M M 2 18 190
22 69 52 61 4 4 0 0.21 0.0 0 7.7 20 220 M M 7 1 32 20
23 52 42 47 -10 18 0 0.00 0.0 0 10.3 17 10 M M 3 32 320
24 51 33 42 -14 23 0 0.00 0.0 0 5.8 13 330 M M 0 22 330
25 58 35 47 -9 18 0 0.00 0.0 0 7.8 16 240 M M 0 24 240
26 59 45 52 -4 13 0 0.06 0.0 0 10.4 18 250 M M 2 1 31 260
27 47 35 41 -15 24 0 0.00 0.0 0 6.4 14 320 M M 0 22 330
28 64 38 51 -5 14 0 0.00 0.0 0 8.4 17 240 M M 0 26 230
29 53 38 46 -9 19 0 0.00 0.0 0 6.7 15 340 M M 0 27 340
30 56 33 45 -10 20 0 0.00 0.0 0 7.6 16 240 M M 0 25 240
================================================================================
SM 1917 1463 259 5 4.84 0.0 235.9 M 65
================================================================================
AV 63.9 48.8 7.9 FASTST M M 2 MAX(MPH)
MISC ----> 25 210 41 360
================================================================================
NOTES:
# LAST OF SEVERAL OCCURRENCES
COLUMN 17 PEAK WIND IN M.P.H.
PRELIMINARY LOCAL CLIMATOLOGICAL DATA (WS FORM: F-6) , PAGE 2
STATION: CAPE HATTERAS NC
MONTH: NOVEMBER
YEAR: 2021
LATITUDE: 35 13 N
LONGITUDE: 75 37 W
[TEMPERATURE DATA] [PRECIPITATION DATA] SYMBOLS USED IN COLUMN 16
AVERAGE MONTHLY: 56.3 TOTAL FOR MONTH: 4.84 1 = FOG OR MIST
DPTR FM NORMAL: -2.4 DPTR FM NORMAL: 0.08 2 = FOG REDUCING VISIBILITY
HIGHEST: 74 ON 18,11 GRTST 24HR 4.18 ON 12-12 TO 1/4 MILE OR LESS
LOWEST: 33 ON 30,24 3 = THUNDER
SNOW, ICE PELLETS, HAIL 4 = ICE PELLETS
TOTAL MONTH: 0.0 INCH 5 = HAIL
GRTST 24HR 0.0 6 = FREEZING RAIN OR DRIZZLE
GRTST DEPTH: 0 7 = DUSTSTORM OR SANDSTORM:
VSBY 1/2 MILE OR LESS
8 = SMOKE OR HAZE
[NO. OF DAYS WITH] [WEATHER - DAYS WITH] 9 = BLOWING SNOW
X = TORNADO
MAX 32 OR BELOW: 0 0.01 INCH OR MORE: 7
MAX 90 OR ABOVE: 0 0.10 INCH OR MORE: 4
MIN 32 OR BELOW: 0 0.50 INCH OR MORE: 1
MIN 0 OR BELOW: 0 1.00 INCH OR MORE: 1
[HDD (BASE 65) ]
TOTAL THIS MO. 259 CLEAR (SCALE 0-3) 23
DPTR FM NORMAL 43 PTCLDY (SCALE 4-7) 5
TOTAL FM JUL 1 266 CLOUDY (SCALE 8-10) 2
DPTR FM NORMAL 4
[CDD (BASE 65) ]
TOTAL THIS MO. 5
DPTR FM NORMAL -21 [PRESSURE DATA]
TOTAL FM JAN 1 2159 HIGHEST SLP 30.48 ON 20
DPTR FM NORMAL 38 LOWEST SLP 29.78 ON 26
[REMARKS]
#FINAL-11-21#