000
CXUS53 KAPX 011755
CF6HTL
PRELIMINARY LOCAL CLIMATOLOGICAL DATA (WS FORM: F-6)
STATION: HOUGHTON LAKE MI
MONTH: NOVEMBER
YEAR: 2022
LATITUDE: 44 22 N
LONGITUDE: 84 41 W
TEMPERATURE IN F: :PCPN: SNOW: WIND :SUNSHINE: SKY :PK WND
================================================================================
1 2 3 4 5 6A 6B 7 8 9 10 11 12 13 14 15 16 17 18
12Z AVG MX 2MIN
DY MAX MIN AVG DEP HDD CDD WTR SNW DPTH SPD SPD DIR MIN PSBL S-S WX SPD DR
================================================================================
1 66 29 48 7 17 0 0.00 0.0 0 3.1 10 250 M M 1 12 16 240
2 67 29 48 8 17 0 0.00 0.0 0 4.8 13 170 M M 0 M M
3 69 46 58 18 7 0 0.00 0.0 0 8.5 18 210 M M 0 1 27 170
4 64 53 59 19 6 0 0.77 0.0 0 8.6 17 190 M M 6 1 26 210
5 62 48 55 16 10 0 0.29 0.0 0 16.1 36 210 M M 9 1 57 220
6 56 42 49 10 16 0 0.00 0.0 0 12.9 24 240 M M 2 36 240
7 50 32 41 2 24 0 0.00 0.0 0 12.2 24 270 M M 3 37 290
8 48 25 37 -1 28 0 0.00 0.0 0 6.7 15 100 M M 0 23 120
9 58 33 46 8 19 0 0.00 0.0 0 8.3 15 160 M M 7 26 170
10 71 49 60 22 5 0 0.00 0.0 0 9.9 17 210 M M 1 28 190
11 60 35 48 11 17 0 0.00 0.0 0 9.0 20 290 M M 6 1 28 300
12 35 29 32 -5 33 0 0.03 T 0 9.7 17 320 M M 9 18 26 310
13 32 24 28 -8 37 0 0.01 T 0 8.1 16 310 M M 9 1 23 300
14 35 20 28 -8 37 0 T T 0 2.7 9 240 M M 6 12 250
15 32 18 25 -11 40 0 0.21 2.2 0 3.1 9 60 M M 7 1 M M
16 34 23 29 -6 36 0 0.10 0.3 3 6.1 12 40 M M M 18 60
17 31 23 27 -8 38 0 0.06 1.7 2 9.7 20 250 M M M 27 250
18 30 22 26 -9 39 0 0.13 2.4 3 M M M M M M M M
19 24 17 21 -13 44 0 0.12 3.2 4 M M M M M M 12 M M
20 23 15 19 -15 46 0 0.01 0.1 T M M M M M M M M
21 37 20 29 -5 36 0 0.00 0.0 5 M M M M M M M M
22 36 25 31 -2 34 0 0.00 0.0 3 M M M M M M M M
23 44 17 31 -2 34 0 0.00 0.0 3 M M M M M M M M
24 50 23 37 5 28 0 T 0.0 3 M M M M M M M M
25 44 35 40 8 25 0 0.00 0.0 T M M M M M M M M
26 53 31 42 10 23 0 0.00 0.0 T M M M M M M M M
27 44 32 38 7 27 0 0.06 0.0 0 6.6 16 360 M M M 24 10
28 39 30 35 4 30 0 0.00 0.0 0 M M M M M M M M
29 48 33 41 10 24 0 0.05 0.0 0 M M M M M M M M
30 49 23 36 6 29 0 0.05 T T M M M M M M M M
================================================================================
SM 1391 881 806 0 1.89 9.9 146.1 M 66
================================================================================
AV 46.4 29.4 8.1 FASTST M M 4 MAX(MPH)
MISC ----> 36 210 57 220
================================================================================
NOTES:
# LAST OF SEVERAL OCCURRENCES
COLUMN 17 PEAK WIND IN M.P.H.
PRELIMINARY LOCAL CLIMATOLOGICAL DATA (WS FORM: F-6) , PAGE 2
STATION: HOUGHTON LAKE MI
MONTH: NOVEMBER
YEAR: 2022
LATITUDE: 44 22 N
LONGITUDE: 84 41 W
[TEMPERATURE DATA] [PRECIPITATION DATA] SYMBOLS USED IN COLUMN 16
AVERAGE MONTHLY: 37.9 TOTAL FOR MONTH: 1.89 1 = FOG OR MIST
DPTR FM NORMAL: 2.4 DPTR FM NORMAL: -0.31 2 = FOG REDUCING VISIBILITY
HIGHEST: 71 ON 10 GRTST 24HR 0.95 ON 4- 5 TO 1/4 MILE OR LESS
LOWEST: 15 ON 20 3 = THUNDER
SNOW, ICE PELLETS, HAIL 4 = ICE PELLETS
TOTAL MONTH: 9.9 INCHES 5 = HAIL
GRTST 24HR 3.2 ON 19-19 6 = FREEZING RAIN OR DRIZZLE
GRTST DEPTH: 5 ON 21 7 = DUSTSTORM OR SANDSTORM:
VSBY 1/2 MILE OR LESS
8 = SMOKE OR HAZE
[NO. OF DAYS WITH] [WEATHER - DAYS WITH] 9 = BLOWING SNOW
X = TORNADO
MAX 32 OR BELOW: 6 0.01 INCH OR MORE: 13
MAX 90 OR ABOVE: 0 0.10 INCH OR MORE: 6
MIN 32 OR BELOW: 21 0.50 INCH OR MORE: 1
MIN 0 OR BELOW: 0 1.00 INCH OR MORE: 0
[HDD (BASE 65) ]
TOTAL THIS MO. 806 CLEAR (SCALE 0-3) 6
DPTR FM NORMAL -79 PTCLDY (SCALE 4-7) 6
TOTAL FM JUL 1 1575 CLOUDY (SCALE 8-10) 18
DPTR FM NORMAL -212
[CDD (BASE 65) ]
TOTAL THIS MO. 0
DPTR FM NORMAL 0 [PRESSURE DATA]
TOTAL FM JAN 1 373 HIGHEST SLP M ON M
DPTR FM NORMAL 36 LOWEST SLP 29.39 ON 5
[REMARKS]
#FINAL-11-22#