000
CXUS53 KIND 010700
CF6HUF
PRELIMINARY LOCAL CLIMATOLOGICAL DATA (WS FORM: F-6)
STATION: TERRE HAUTE IN
MONTH: NOVEMBER
YEAR: 2020
LATITUDE: 39 27 N
LONGITUDE: 87 18 W
TEMPERATURE IN F: :PCPN: SNOW: WIND :SUNSHINE: SKY :PK WND
================================================================================
1 2 3 4 5 6A 6B 7 8 9 10 11 12 13 14 15 16 17 18
12Z AVG MX 2MIN
DY MAX MIN AVG DEP HDD CDD WTR SNW DPTH SPD SPD DIR MIN PSBL S-S WX SPD DR
================================================================================
1 54 32 43 -6 22 0 0.00 M M 14.3 26 290 M M 2 41 300
2 51 23 37 -12 28 0 0.00 M M 6.9 15 250 M M 0 26 250
3 67 31 49 1 16 0 0.00 M M 7.3 14 180 M M 0 18 180
4 73 42 58 10 7 0 0.00 M M 9.3 18 180 M M 0 24 180
5 70 43 57 9 8 0 0.00 M M 7.7 16 180 M M 0 20 180
6 72 40 56 9 9 0 0.00 M M 5.0 14 190 M M 0 19 180
7 73 39 56 9 9 0 0.00 M M 3.7 13 240 M M 0 17 190
8 80 47 64 17 1 0 0.00 M M 6.6 20 180 M M 4 26 180
9 78 52 65 19 0 0 0.00 M M 8.5 28 190 M M 5 37 170
10 76 55 66 20 0 1 0.03 M M 14.2 26 280 M M 9 38 210
11 57 30 44 -1 21 0 0.04 M M 7.7 16 300 M M 5 1 25 300
12 56 29 43 -2 22 0 T M M 4.2 13 110 M M 1 1 17 110
13 48 25 37 -8 28 0 T M M 5.3 17 300 M M 3 23 290
14 58 22 40 -4 25 0 0.45 M M 9.0 23 150 M M 6 1 33 150
15 63 40 52 8 13 0 0.53 M M 16.0 33 270 M M 7 13 48 260
16 57 31 44 1 21 0 0.00 M M 9.4 23 300 M M 1 36 300
17 49 31 40 -3 25 0 0.00 M M 9.1 22 320 M M 1 34 330
18 51 25 38 -4 27 0 0.00 M M 9.4 20 170 M M 0 33 170
19 66 43 55 13 10 0 0.00 M M 17.9 31 200 M M 0 43 180
20 67 53 60 18 5 0 T M M 9.1 16 240 M M 8 24 220
21 56 43 50 9 15 0 0.25 M M 9.0 15 40 M M 10 1 20 30
22 43 38 41 0 24 0 1.46 M M 9.9 20 70 M M 10 1 27 40
23 49 30 40 0 25 0 0.00 M M 2.8 10 250 M M 2 12 14 270
24 52 41 47 7 18 0 0.05 M M 7.8 17 160 M M 6 22 160
25 58 45 52 13 13 0 1.06 M M 11.1 22 250 M M 10 1 30 210
26 50 46 48 9 17 0 T M M 7.7 13 280 M M 10 21 290
27 52 35 44 6 21 0 0.00 M M 4.6 13 340 M M 7 19 340
28 49 26 38 0 27 0 0.00 M M 2.2 8 200 M M 0 1 10 210
29 53 25 39 2 26 0 0.00 M M 2.9 17 310 M M 1 23 310
30 42 30 36 -1 29 0 0.02 M M 14.8 23 330 M M 10 1 34 320
================================================================================
SM 1770 1092 512 1 3.89 M 253.4 M 118
================================================================================
AV 59.0 36.4 8.4 FASTST M M 4 MAX(MPH)
MISC ----> 33 270 48 260
================================================================================
NOTES:
# LAST OF SEVERAL OCCURRENCES
COLUMN 17 PEAK WIND IN M.P.H.
PRELIMINARY LOCAL CLIMATOLOGICAL DATA (WS FORM: F-6) , PAGE 2
STATION: TERRE HAUTE IN
MONTH: NOVEMBER
YEAR: 2020
LATITUDE: 39 27 N
LONGITUDE: 87 18 W
[TEMPERATURE DATA] [PRECIPITATION DATA] SYMBOLS USED IN COLUMN 16
AVERAGE MONTHLY: 47.7 TOTAL FOR MONTH: 3.89 1 = FOG OR MIST
DPTR FM NORMAL: 4.4 DPTR FM NORMAL: 0.05 2 = FOG REDUCING VISIBILITY
HIGHEST: 80 ON 8 GRTST 24HR 1.56 ON 21-22 TO 1/4 MILE OR LESS
LOWEST: 22 ON 14 3 = THUNDER
SNOW, ICE PELLETS, HAIL 4 = ICE PELLETS
TOTAL MONTH: M 5 = HAIL
GRTST 24HR M ON M 6 = FREEZING RAIN OR DRIZZLE
GRTST DEPTH: M ON M 7 = DUSTSTORM OR SANDSTORM:
VSBY 1/2 MILE OR LESS
8 = SMOKE OR HAZE
[NO. OF DAYS WITH] [WEATHER - DAYS WITH] 9 = BLOWING SNOW
X = TORNADO
MAX 32 OR BELOW: 0 0.01 INCH OR MORE: 9
MAX 90 OR ABOVE: 0 0.10 INCH OR MORE: 5
MIN 32 OR BELOW: 14 0.50 INCH OR MORE: 3
MIN 0 OR BELOW: 0 1.00 INCH OR MORE: 2
[HDD (BASE 65) ]
TOTAL THIS MO. 512 CLEAR (SCALE 0-3) 16
DPTR FM NORMAL -139 PTCLDY (SCALE 4-7) 8
TOTAL FM JUL 1 897 CLOUDY (SCALE 8-10) 6
DPTR FM NORMAL -181
[CDD (BASE 65) ]
TOTAL THIS MO. 1
DPTR FM NORMAL 1 [PRESSURE DATA]
TOTAL FM JAN 1 1190 HIGHEST SLP M ON M
DPTR FM NORMAL 197 LOWEST SLP 29.48 ON 15
[REMARKS]
#FINAL-11-20#