000
CXUS56 KTFX 011110
CF6HVR
PRELIMINARY LOCAL CLIMATOLOGICAL DATA (WS FORM: F-6)
STATION: HAVRE MT
MONTH: JULY
YEAR: 2023
LATITUDE: 48 32 N
LONGITUDE: 109 46 W
TEMPERATURE IN F: :PCPN: SNOW: WIND :SUNSHINE: SKY :PK WND
================================================================================
1 2 3 4 5 6A 6B 7 8 9 10 11 12 13 14 15 16 17 18
12Z AVG MX 2MIN
DY MAX MIN AVG DEP HDD CDD WTR SNW DPTH SPD SPD DIR MIN PSBL S-S WX SPD DR
================================================================================
1 96 60 78 12 0 13 0.00 0.0 0 13.0 26 220 M M M 35 250
2 81 56 69 3 0 4 0.00 0.0 0 9.7 18 20 M M 3 3 26 360
3 76 53 65 -1 0 0 T 0.0 0 7.8 21 360 M M 5 38 29 350
4 71 51 61 -6 4 0 0.00 0.0 0 5.8 21 20 M M 7 26 20
5 79 44 62 -5 3 0 0.00 0.0 0 4.0 12 170 M M 1 16 190
6 86 46 66 -1 0 1 0.00 0.0 0 4.1 17 20 M M 1 24 20
7 83 55 69 1 0 4 0.00 0.0 0 7.6 18 170 M M 1 26 160
8 87 49 68 0 0 3 0.00 0.0 0 3.9 12 180 M M 0 15 330
9 94 52 73 5 0 8 0.00 0.0 0 7.0 21 300 M M 0 26 300
10 92 54 73 4 0 8 T 0.0 0 8.2 25 100 M M 1 3 35 100
11 81 56 69 0 0 4 0.03 0.0 0 7.7 30 300 M M 3 3 38 290
12 86 54 70 1 0 5 0.05 0.0 0 7.7 29 200 M M 3 3 39 200
13 86 55 71 1 0 6 0.02 0.0 0 10.7 36 250 M M 0 38 45 250
14 82 57 70 0 0 5 0.00 0.0 0 10.8 23 300 M M 2 8 30 290
15 85 57 71 1 0 6 0.02 0.0 0 4.2 15 300 M M 2 8 20 300
16 86 59 73 3 0 8 T 0.0 0 8.6 17 80 M M 2 8 22 70
17 94 57 76 5 0 11 0.02 0.0 0 12.6 35 240 M M 1 38 45 240
18 83 49 66 -5 0 1 0.00 0.0 0 11.0 25 300 M M 0 35 290
19 82 47 65 -6 0 0 0.00 0.0 0 7.8 18 330 M M 1 24 340
20 88 53 71 0 0 6 0.00 0.0 0 7.7 16 80 M M 0 22 50
21 95 57 76 5 0 11 0.00 0.0 0 5.8 26 10 M M 0 3 35 360
22 101 65 83 11 0 18 0.00 0.0 0 7.9 22 290 M M 0 34 270
23 100 57 79 7 0 14 0.00 0.0 0 8.2 20 250 M M 0 27 260
24 104 55 80 8 0 15 0.00 0.0 0 6.6 25 220 M M 0 36 220
25 95 64 80 8 0 15 0.00 0.0 0 15.3 31 270 M M 0 43 260
26 88 50 69 -3 0 4 0.00 0.0 0 12.2 33 270 M M 0 42 280
27 85 48 67 -5 0 2 0.00 0.0 0 7.7 18 40 M M 0 24 40
28 81 55 68 -4 0 3 0.00 0.0 0 14.1 22 60 M M 3 32 60
29 91 60 76 4 0 11 0.00 0.0 0 14.5 40 320 M M 1 3 51 310
30 94 62 78 6 0 13 0.03 0.0 0 13.1 35 320 M M 0 3 47 330
31 98 55 77 5 0 12 0.00 0.0 0 9.4 17 230 M M 0 3 22 230
================================================================================
SM 2730 1692 7 211 0.17 0.0 274.7 M 37
================================================================================
AV 88.1 54.6 8.9 FASTST M M 1 MAX(MPH)
MISC ----> 40 320 51 310
================================================================================
NOTES:
# LAST OF SEVERAL OCCURRENCES
COLUMN 17 PEAK WIND IN M.P.H.
PRELIMINARY LOCAL CLIMATOLOGICAL DATA (WS FORM: F-6) , PAGE 2
STATION: HAVRE MT
MONTH: JULY
YEAR: 2023
LATITUDE: 48 32 N
LONGITUDE: 109 46 W
[TEMPERATURE DATA] [PRECIPITATION DATA] SYMBOLS USED IN COLUMN 16
AVERAGE MONTHLY: 71.3 TOTAL FOR MONTH: 0.17 1 = FOG OR MIST
DPTR FM NORMAL: 1.5 DPTR FM NORMAL: -1.36 2 = FOG REDUCING VISIBILITY
HIGHEST: 104 ON 24 GRTST 24HR 0.07 ON 12-13 TO 1/4 MILE OR LESS
LOWEST: 44 ON 5 3 = THUNDER
SNOW, ICE PELLETS, HAIL 4 = ICE PELLETS
TOTAL MONTH: 0.0 INCH 5 = HAIL
GRTST 24HR 0.0 6 = FREEZING RAIN OR DRIZZLE
GRTST DEPTH: 0 7 = DUSTSTORM OR SANDSTORM:
VSBY 1/2 MILE OR LESS
8 = SMOKE OR HAZE
[NO. OF DAYS WITH] [WEATHER - DAYS WITH] 9 = BLOWING SNOW
X = TORNADO
MAX 32 OR BELOW: 0 0.01 INCH OR MORE: 6
MAX 90 OR ABOVE: 12 0.10 INCH OR MORE: 0
MIN 32 OR BELOW: 0 0.50 INCH OR MORE: 0
MIN 0 OR BELOW: 0 1.00 INCH OR MORE: 0
[HDD (BASE 65) ]
TOTAL THIS MO. 7 CLEAR (SCALE 0-3) 28
DPTR FM NORMAL -19 PTCLDY (SCALE 4-7) 2
TOTAL FM JUL 1 7 CLOUDY (SCALE 8-10) 1
DPTR FM NORMAL -16
[CDD (BASE 65) ]
TOTAL THIS MO. 211
DPTR FM NORMAL 35 [PRESSURE DATA]
TOTAL FM JAN 1 287 HIGHEST SLP 30.25 ON 4
DPTR FM NORMAL 61 LOWEST SLP 29.59 ON 17
[REMARKS]
#FINAL-07-23#