000
CXUS53 KICT 041745
CF6ICT
PRELIMINARY LOCAL CLIMATOLOGICAL DATA (WS FORM: F-6)
STATION: WICHITA EISENHOWER NATIONAL
MONTH: OCTOBER
YEAR: 2021
LATITUDE: 37 39 N
LONGITUDE: 97 25 W
TEMPERATURE IN F: :PCPN: SNOW: WIND :SUNSHINE: SKY :PK WND
================================================================================
1 2 3 4 5 6A 6B 7 8 9 10 11 12 13 14 15 16 17 18
12Z AVG MX 2MIN
DY MAX MIN AVG DEP HDD CDD WTR SNW DPTH SPD SPD DIR MIN PSBL S-S WX SPD DR
================================================================================
1 74 57 66 0 0 1 0.00 0.0 0 3.3 9 130 M M 6 12 350
2 71 57 64 -1 1 0 0.16 0.0 0 5.6 17 340 M M 7 1 23 340
3 80 54 67 2 0 2 0.00 0.0 0 6.7 15 340 M M 0 18 21 320
4 84 48 66 2 0 1 0.00 0.0 0 3.2 9 290 M M 1 13 110
5 82 51 67 3 0 2 0.00 0.0 0 4.0 14 60 M M 0 18 17 60
6 78 55 67 4 0 2 0.00 0.0 0 4.5 14 80 M M 3 18 17 50
7 86 54 70 7 0 5 0.00 0.0 0 9.0 20 160 M M 2 1 27 210
8 89 60 75 13 0 10 0.00 0.0 0 7.1 13 210 M M 2 17 140
9 96 65 81 19 0 16 T 0.0 0 16.6 31 190 M M 4 42 190
10 77 56 67 5 0 2 1.14 0.0 0 13.8 31 50 M M 8 138 39 60
11 76 54 65 4 0 0 0.79 0.0 0 10.1 23 350 M M 4 13 31 340
12 74 53 64 3 1 0 0.02 0.0 0 12.4 23 170 M M 6 3 33 170
13 73 58 66 6 0 1 0.93 0.0 0 8.9 38 250 M M 7 138 57 250
14 73 50 62 2 3 0 0.00 0.0 0 8.9 17 360 M M 5 24 360
15 66 42 54 -5 11 0 T 0.0 0 12.4 23 20 M M 4 33 30
16 70 36 53 -6 12 0 0.00 0.0 0 5.8 14 240 M M 0 19 220
17 76 42 59 0 6 0 0.00 0.0 0 7.0 16 190 M M 0 27 170
18 72 43 58 0 7 0 0.00 0.0 0 14.6 26 170 M M 3 37 200
19 78 53 66 8 0 1 0.00 0.0 0 18.3 28 180 M M 3 38 160
20 68 47 58 1 7 0 0.00 0.0 0 11.7 22 310 M M 2 29 310
21 68 41 55 -2 10 0 0.00 0.0 0 5.7 15 310 M M 3 21 10
22 77 42 60 4 5 0 T 0.0 0 8.0 21 190 M M 3 3 26 190
23 83 57 70 14 0 5 0.12 0.0 0 11.6 22 160 M M 4 13 29 150
24 72 52 62 6 3 0 0.08 0.0 0 14.6 32 190 M M 5 3 46 190
25 59 46 53 -2 12 0 0.00 0.0 0 8.8 16 30 M M 6 24 30
26 77 48 63 8 2 0 0.05 0.0 0 16.1 29 140 M M 8 13 39 160
27 64 50 57 3 8 0 1.70 0.0 0 18.1 35 340 M M 10 13 46 350
28 64 49 57 3 8 0 T 0.0 0 27.3 43 330 M M 6 61 360
29 64 40 52 -1 13 0 0.00 0.0 0 17.5 30 340 M M 0 43 350
30 69 33 51 -2 14 0 0.00 0.0 0 6.0 16 360 M M 0 8 23 360
31 60 43 52 0 13 0 0.00 0.0 0 15.4 23 40 M M 4 33 30
================================================================================
SM 2300 1536 136 48 4.99 0.0 333.0 M 116
================================================================================
AV 74.2 49.5 10.7 FASTST M M 4 MAX(MPH)
MISC ----> 43 330 61 360
================================================================================
NOTES:
# LAST OF SEVERAL OCCURRENCES
COLUMN 17 PEAK WIND IN M.P.H.
PRELIMINARY LOCAL CLIMATOLOGICAL DATA (WS FORM: F-6) , PAGE 2
STATION: WICHITA EISENHOWER NATIONAL
MONTH: OCTOBER
YEAR: 2021
LATITUDE: 37 39 N
LONGITUDE: 97 25 W
[TEMPERATURE DATA] [PRECIPITATION DATA] SYMBOLS USED IN COLUMN 16
AVERAGE MONTHLY: 61.9 TOTAL FOR MONTH: 4.99 1 = FOG OR MIST
DPTR FM NORMAL: 2.9 DPTR FM NORMAL: 2.14 2 = FOG REDUCING VISIBILITY
HIGHEST: 96 ON 9 GRTST 24HR 1.93 ON 10-11 TO 1/4 MILE OR LESS
LOWEST: 33 ON 30 3 = THUNDER
SNOW, ICE PELLETS, HAIL 4 = ICE PELLETS
TOTAL MONTH: 0.0 INCH 5 = HAIL
GRTST 24HR 0.0 6 = FREEZING RAIN OR DRIZZLE
GRTST DEPTH: 0 7 = DUSTSTORM OR SANDSTORM:
VSBY 1/2 MILE OR LESS
8 = SMOKE OR HAZE
[NO. OF DAYS WITH] [WEATHER - DAYS WITH] 9 = BLOWING SNOW
X = TORNADO
MAX 32 OR BELOW: 0 0.01 INCH OR MORE: 9
MAX 90 OR ABOVE: 1 0.10 INCH OR MORE: 6
MIN 32 OR BELOW: 0 0.50 INCH OR MORE: 4
MIN 0 OR BELOW: 0 1.00 INCH OR MORE: 2
[HDD (BASE 65) ]
TOTAL THIS MO. 136 CLEAR (SCALE 0-3) 15
DPTR FM NORMAL -95 PTCLDY (SCALE 4-7) 15
TOTAL FM JUL 1 138 CLOUDY (SCALE 8-10) 1
DPTR FM NORMAL -124
[CDD (BASE 65) ]
TOTAL THIS MO. 48
DPTR FM NORMAL 3 [PRESSURE DATA]
TOTAL FM JAN 1 1805 HIGHEST SLP 30.38 ON 16
DPTR FM NORMAL 34 LOWEST SLP 29.40 ON 27
[REMARKS]
#FINAL-10-21#