000
CDUS43 KICT 180629
CLIICT


CLIMATE REPORT
NATIONAL WEATHER SERVICE WICHITA KS
129 AM CDT FRI AUG 18 2017


...................................

...THE WICHITA EISENHOWER NATIONAL CLIMATE SUMMARY FOR AUGUST 17 2017...

CLIMATE NORMAL PERIOD 1981 TO 2010
CLIMATE RECORD PERIOD 1888 TO 2017


WEATHER ITEM   OBSERVED TIME   RECORD YEAR NORMAL DEPARTURE LAST
                VALUE   (LST)  VALUE       VALUE  FROM      YEAR
                                                  NORMAL
..................................................................
TEMPERATURE (F)
 YESTERDAY
  MAXIMUM         90    533 PM 106    1956  91     -1       92
                                      1909
  MINIMUM         65    623 AM  57    1992  69     -4       66
  AVERAGE         78                        80     -2       79

PRECIPITATION (IN)
  YESTERDAY        0.00          1.57 1946   0.13  -0.13     0.00
  MONTH TO DATE    1.91                      1.98  -0.07     6.99
  SINCE JUN 1      8.22                     10.50  -2.28    19.49
  SINCE JAN 1     27.06                     22.36   4.70    35.05

SNOWFALL (IN)
  YESTERDAY        0.0           0.0  2007   0.0    0.0      0.0
  MONTH TO DATE    0.0                       0.0    0.0      0.0
  SINCE JUN 1      0.0                       0.0    0.0      0.0
  SINCE JUL 1      0.0                       0.0    0.0      0.0
  SNOW DEPTH       0

DEGREE DAYS
 HEATING
  YESTERDAY        0                         0      0        0
  MONTH TO DATE    0                         0      0        0
  SINCE JUN 1      0                         6     -6        0
  SINCE JUL 1      0                         0      0        0

 COOLING
  YESTERDAY       13                        15     -2       14
  MONTH TO DATE  194                       269    -75      287
  SINCE JUN 1   1114                      1095     19     1361
  SINCE JAN 1   1270                      1231     39     1491
..................................................................


WIND (MPH)
  HIGHEST WIND SPEED    12   HIGHEST WIND DIRECTION    NE (40)
  HIGHEST GUST SPEED    16   HIGHEST GUST DIRECTION    NE (40)
  AVERAGE WIND SPEED     5.7


SKY COVER
  POSSIBLE SUNSHINE  MM
  AVERAGE SKY COVER 0.4


WEATHER CONDITIONS
 THE FOLLOWING WEATHER WAS RECORDED YESTERDAY.
  NO SIGNIFICANT WEATHER WAS OBSERVED.


RELATIVE HUMIDITY (PERCENT)
 HIGHEST   100           100 AM
 LOWEST     29           500 PM
 AVERAGE    65

..........................................................


THE WICHITA EISENHOWER NATIONAL CLIMATE NORMALS FOR TODAY
                         NORMAL    RECORD    YEAR
 MAXIMUM TEMPERATURE (F)   91       106      1970
 MINIMUM TEMPERATURE (F)   69        54      1943


SUNRISE AND SUNSET
AUGUST 18 2017........SUNRISE   648 AM CDT   SUNSET   818 PM CDT
AUGUST 19 2017........SUNRISE   649 AM CDT   SUNSET   817 PM CDT


-  INDICATES NEGATIVE NUMBERS.
R  INDICATES RECORD WAS SET OR TIED.
MM INDICATES DATA IS MISSING.
T  INDICATES TRACE AMOUNT.




$$
