000
CDUS43 KICT 110634
CLIICT

CLIMATE REPORT
NATIONAL WEATHER SERVICE WICHITA KS
1232 AM CST THU FEB 11 2016

...................................

...THE WICHITA EISENHOWER NATIONAL CLIMATE SUMMARY FOR FEBRUARY 10 2016...

CLIMATE NORMAL PERIOD 1981 TO 2010
CLIMATE RECORD PERIOD 1888 TO 2016


WEATHER ITEM   OBSERVED TIME   RECORD YEAR NORMAL DEPARTURE LAST
                VALUE   (LST)  VALUE       VALUE  FROM      YEAR
                                                  NORMAL
..................................................................
TEMPERATURE (F)
 YESTERDAY
  MAXIMUM         71    456 PM  76    1922  47     24       60
  MINIMUM         24    745 AM -17    2011  25     -1       30
  AVERAGE         48                        36     12       45

PRECIPITATION (IN)
  YESTERDAY        0.00          1.45 1898   0.05  -0.05     0.00
  MONTH TO DATE    0.55                      0.37   0.18     0.03
  SINCE DEC 1      2.96                      2.40   0.56     2.43
  SINCE JAN 1      0.74                      1.20  -0.46     1.14

SNOWFALL (IN)
  YESTERDAY        0.0           4.2  2014   0.1   -0.1      0.0
  MONTH TO DATE    0.0                       1.4   -1.4      0.1
  SINCE DEC 1      0.5                       9.2   -8.7      8.3
  SINCE JUL 1      0.8                      10.6   -9.8     10.1
  SNOW DEPTH       0

DEGREE DAYS
 HEATING
  YESTERDAY       17                        29    -12       20
  MONTH TO DATE  256                       303    -47      274
  SINCE DEC 1   1938                      2287   -349     2048
  SINCE JUL 1   2507                      3163   -656     2928

 COOLING
  YESTERDAY        0                         0      0        0
  MONTH TO DATE    0                         0      0        0
  SINCE DEC 1      0                         0      0        0
  SINCE JAN 1      0                         0      0        0
..................................................................


WIND (MPH)
  HIGHEST WIND SPEED    18   HIGHEST WIND DIRECTION     S (180)
  HIGHEST GUST SPEED    22   HIGHEST GUST DIRECTION     S (200)
  AVERAGE WIND SPEED    10.4


SKY COVER
  POSSIBLE SUNSHINE  MM
  AVERAGE SKY COVER 0.2


WEATHER CONDITIONS
 THE FOLLOWING WEATHER WAS RECORDED YESTERDAY.
  NO SIGNIFICANT WEATHER WAS OBSERVED.


RELATIVE HUMIDITY (PERCENT)
 HIGHEST    68           500 AM
 LOWEST     24           500 PM
 AVERAGE    46

..........................................................


THE WICHITA EISENHOWER NATIONAL CLIMATE NORMALS FOR TODAY
                         NORMAL    RECORD    YEAR
 MAXIMUM TEMPERATURE (F)   47        77      1951
 MINIMUM TEMPERATURE (F)   25       -17      1899


SUNRISE AND SUNSET
FEBRUARY 11 2016......SUNRISE   724 AM CST   SUNSET   604 PM CST
FEBRUARY 12 2016......SUNRISE   723 AM CST   SUNSET   605 PM CST


-  INDICATES NEGATIVE NUMBERS.
R  INDICATES RECORD WAS SET OR TIED.
MM INDICATES DATA IS MISSING.
T  INDICATES TRACE AMOUNT.

$$
