000
CDUS43 KICT 020630
CLIICT


CLIMATE REPORT
NATIONAL WEATHER SERVICE WICHITA KS
129 AM CDT MON MAY 2 2016


...................................

...THE WICHITA EISENHOWER NATIONAL CLIMATE SUMMARY FOR MAY 1 2016...

CLIMATE NORMAL PERIOD 1981 TO 2010
CLIMATE RECORD PERIOD 1888 TO 2016


WEATHER ITEM   OBSERVED TIME   RECORD YEAR NORMAL DEPARTURE LAST
                VALUE   (LST)  VALUE       VALUE  FROM      YEAR
                                                  NORMAL
..................................................................
TEMPERATURE (F)
 YESTERDAY
  MAXIMUM         56    137 PM  91    1968  72    -16       80
  MINIMUM         42    433 AM  27    1909  50     -8       51
  AVERAGE         49                        61    -12       66

PRECIPITATION (IN)
  YESTERDAY        T             2.56 1910   0.12  -0.12     0.00
  MONTH TO DATE    T                         0.12  -0.12     0.00
  SINCE MAR 1      7.76                      5.40   2.36     2.90
  SINCE JAN 1      8.50                      7.41   1.09     4.67

SNOWFALL (IN)
  YESTERDAY        0.0           T    2008   0.0    0.0      0.0
  MONTH TO DATE    0.0                       0.0    0.0      0.0
  SINCE MAR 1      3.5                       2.5    1.0      1.1
  SINCE JUL 1      4.3                      14.9  -10.6     18.0
  SNOW DEPTH       0

DEGREE DAYS
 HEATING
  YESTERDAY       16                         5     11        0
  MONTH TO DATE   16                         5     11        0
  SINCE MAR 1    579                       873   -294      637
  SINCE JUL 1   3429                      4513  -1084     4202

 COOLING
  YESTERDAY        0                         1     -1        1
  MONTH TO DATE    0                         1     -1        1
  SINCE MAR 1     37                        27     10       29
  SINCE JAN 1     37                        27     10       29
..................................................................


WIND (MPH)
  HIGHEST WIND SPEED    23   HIGHEST WIND DIRECTION     N (350)
  HIGHEST GUST SPEED    27   HIGHEST GUST DIRECTION     N (340)
  AVERAGE WIND SPEED    13.5


SKY COVER
  POSSIBLE SUNSHINE  MM
  AVERAGE SKY COVER 0.8


WEATHER CONDITIONS
 THE FOLLOWING WEATHER WAS RECORDED YESTERDAY.
  LIGHT RAIN


RELATIVE HUMIDITY (PERCENT)
 HIGHEST    89           400 AM
 LOWEST     61          1200 PM
 AVERAGE    75

..........................................................


THE WICHITA EISENHOWER NATIONAL CLIMATE NORMALS FOR TODAY
                         NORMAL    RECORD    YEAR
 MAXIMUM TEMPERATURE (F)   73        92      1968
                                             1955
 MINIMUM TEMPERATURE (F)   50        33      2005


SUNRISE AND SUNSET
MAY  2 2016...........SUNRISE   632 AM CDT   SUNSET   821 PM CDT
MAY  3 2016...........SUNRISE   631 AM CDT   SUNSET   822 PM CDT


-  INDICATES NEGATIVE NUMBERS.
R  INDICATES RECORD WAS SET OR TIED.
MM INDICATES DATA IS MISSING.
T  INDICATES TRACE AMOUNT.




$$
